{"id":724937,"date":"2025-08-27T19:41:55","date_gmt":"2025-08-27T16:41:55","guid":{"rendered":"https:\/\/roveyayinevi.com.tr\/index.php\/urun\/arisin-yolculugu\/"},"modified":"2026-04-16T02:32:48","modified_gmt":"2026-04-15T23:32:48","slug":"arisin-yolculugu","status":"publish","type":"product","link":"https:\/\/roveyayinevi.com.tr\/index.php\/urun\/arisin-yolculugu\/","title":{"rendered":"Aris&#8217;in Yolculu\u011fu"},"content":{"rendered":"<p>Aris Dadu gezegeninde ya\u015f\u0131yor. K\u0131\u015f mevsimini ve Mia\u2019y\u0131 \u00e7ok seviyor ama onun en b\u00fcy\u00fck tutkusu D\u00fcnya. D\u00fcnya\u2019ya bir yolculuk yap\u0131p bu ilgin\u00e7 gezegeni ke\u015ffetmek i\u00e7in sab\u0131rs\u0131zlan\u0131yor. Ama \u00f6nce a\u015fmas\u0131 gereken engeller var: Babas\u0131n\u0131 ve Bilgeler Meclisi\u2019ni ikna etmeli. \u00dcstelik bu yolculukta onu b\u00fcy\u00fck tehlikeler bekliyor: Korkun\u00e7 varl\u0131klar, sinsi yarat\u0131klar, kara delikler ve en b\u00fcy\u00fck d\u00fc\u015fman\u0131 olan \u00f6n yarg\u0131lar\u2026 Evet, \u00f6n yarg\u0131lar Aris\u2019in en b\u00fcy\u00fck d\u00fc\u015fman\u0131\u2026 Ve gitmek istedi\u011fi yer, D\u00fcnya, \u00f6n yarg\u0131larla dolu bir yer. Ama yine de\u2026 &#8220;&#8230;birazc\u0131k umut olmas\u0131 bile, umutsuz olmaktan iyidir!\u201d<\/p>\n","protected":false},"excerpt":{"rendered":"<p>Aris Dadu gezegeninde ya\u015f\u0131yor. K\u0131\u015f mevsimini ve Mia\u2019y\u0131 \u00e7ok seviyor ama onun en b\u00fcy\u00fck tutkusu D\u00fcnya. D\u00fcnya\u2019ya bir yolculuk yap\u0131p bu ilgin\u00e7 gezegeni ke\u015ffetmek i\u00e7in sab\u0131rs\u0131zlan\u0131yor.<span class=\"excerpt-hellip\"> [\u2026]<\/span><\/p>\n","protected":false},"featured_media":0,"template":"","meta":{"_monsterinsights_skip_tracking":false,"_monsterinsights_sitenote_active":false,"_monsterinsights_sitenote_note":"","_monsterinsights_sitenote_category":0},"product_brand":[],"product_cat":[12275,12274],"product_tag":[],"class_list":{"0":"post-724937","1":"product","2":"type-product","3":"status-publish","5":"product_cat-6-12-yas-kitaplari","6":"product_cat-cocuk-ve-genclik-kitaplari","7":"pa_cilt-ciltsiz","8":"pa_tur-kitap","9":"pa_yayinevi-dogan-egmont-yayincilik","10":"pa_yazar-acerakis","12":"first","13":"instock","14":"sale","15":"shipping-taxable","16":"purchasable","17":"product-type-simple"},"_links":{"self":[{"href":"https:\/\/roveyayinevi.com.tr\/index.php\/wp-json\/wp\/v2\/product\/724937","targetHints":{"allow":["GET"]}}],"collection":[{"href":"https:\/\/roveyayinevi.com.tr\/index.php\/wp-json\/wp\/v2\/product"}],"about":[{"href":"https:\/\/roveyayinevi.com.tr\/index.php\/wp-json\/wp\/v2\/types\/product"}],"wp:attachment":[{"href":"https:\/\/roveyayinevi.com.tr\/index.php\/wp-json\/wp\/v2\/media?parent=724937"}],"wp:term":[{"taxonomy":"product_brand","embeddable":true,"href":"https:\/\/roveyayinevi.com.tr\/index.php\/wp-json\/wp\/v2\/product_brand?post=724937"},{"taxonomy":"product_cat","embeddable":true,"href":"https:\/\/roveyayinevi.com.tr\/index.php\/wp-json\/wp\/v2\/product_cat?post=724937"},{"taxonomy":"product_tag","embeddable":true,"href":"https:\/\/roveyayinevi.com.tr\/index.php\/wp-json\/wp\/v2\/product_tag?post=724937"}],"curies":[{"name":"wp","href":"https:\/\/api.w.org\/{rel}","templated":true}]}}