{"id":724932,"date":"2025-08-27T19:41:50","date_gmt":"2025-08-27T16:41:50","guid":{"rendered":"https:\/\/roveyayinevi.com.tr\/index.php\/urun\/sahte-bellek\/"},"modified":"2025-08-31T16:38:43","modified_gmt":"2025-08-31T13:38:43","slug":"sahte-bellek","status":"publish","type":"product","link":"https:\/\/roveyayinevi.com.tr\/index.php\/urun\/sahte-bellek\/","title":{"rendered":"Sahte Bellek"},"content":{"rendered":"<p>\u0130lk ba\u015fta bir hastal\u0131k gibi g\u00f6r\u00fcn\u00fcyor\u2026 Nas\u0131l yay\u0131ld\u0131\u011f\u0131 bilinmiyor\u2026 Kurbanlar\u0131n\u0131 hi\u00e7 ya\u015famad\u0131klar\u0131 bir hayat\u0131n an\u0131lar\u0131yla \u00e7\u0131ld\u0131rtan gizemli bir hastal\u0131k\u2026 Sahte An\u0131 Sendromu\u2026New York Polis Te\u015fkilat\u0131\u2019ndan Barry Sutton, bir kad\u0131n\u0131n intihar\u0131n\u0131n ard\u0131ndan \u00f6\u011frendi\u011fi bu hastal\u0131\u011f\u0131 ara\u015ft\u0131rd\u0131k\u00e7a kendisi de benzer sorunlar ya\u015famaya ba\u015flar. Y\u0131llar \u00f6nce trafik kazas\u0131nda kaybetti\u011fi k\u0131z\u0131n\u0131n \u00f6lmedi\u011fi, kar\u0131s\u0131ndan bo\u015fanmad\u0131\u011f\u0131 bir hayat\u0131n i\u00e7inde bulur kendini\u2026 O da art\u0131k Sahte An\u0131 Sendromu\u2019ndan mustariptir, sahte ve ger\u00e7ek hayat\u0131 i\u00e7 i\u00e7edir\u2026N\u00f6rolog Helena Smith ise kendini Alzheimer hastas\u0131 olan annesinin haf\u0131zas\u0131ndan geri kalan\u0131 korumak i\u00e7in bir cihaz geli\u015ftirmeye adam\u0131\u015ft\u0131r. Ancak yapmaya \u00e7al\u0131\u015ft\u0131\u011f\u0131 \u015feyin, yanl\u0131\u015f ellerde d\u00fcnyay\u0131 mahvedecek bir silaha d\u00f6n\u00fc\u015ft\u00fc\u011f\u00fcn\u00fc fark etti\u011finde art\u0131k \u00e7ok ge\u00e7tir\u2026Yollar\u0131 kesi\u015fen Barry ile Helena, d\u00fcnya s\u00fcrekli b\u00fcy\u00fcyen bir kaos d\u00f6ng\u00fcs\u00fcne hapsolmadan \u00f6nce her \u015feyi eski haline getirmek i\u00e7in g\u00fc\u00e7lerini birle\u015ftirirler\u2026<\/p>\n","protected":false},"excerpt":{"rendered":"<p>\u0130lk ba\u015fta bir hastal\u0131k gibi g\u00f6r\u00fcn\u00fcyor\u2026 Nas\u0131l yay\u0131ld\u0131\u011f\u0131 bilinmiyor\u2026 Kurbanlar\u0131n\u0131 hi\u00e7 ya\u015famad\u0131klar\u0131 bir hayat\u0131n an\u0131lar\u0131yla \u00e7\u0131ld\u0131rtan gizemli bir hastal\u0131k\u2026 Sahte An\u0131 Sendromu\u2026New York Polis Te\u015fkilat\u0131\u2019ndan Barry<span class=\"excerpt-hellip\"> [\u2026]<\/span><\/p>\n","protected":false},"featured_media":0,"template":"","meta":{"_monsterinsights_skip_tracking":false,"_monsterinsights_sitenote_active":false,"_monsterinsights_sitenote_note":"","_monsterinsights_sitenote_category":0},"product_brand":[],"product_cat":[12291,17033],"product_tag":[],"class_list":{"0":"post-724932","1":"product","2":"type-product","3":"status-publish","5":"product_cat-edebiyat","6":"product_cat-korku-gerilim","7":"pa_cilt-ciltsiz","8":"pa_tur-kitap","9":"pa_yayinevi-dogan-kitap","10":"pa_yazar-blake-crouch","12":"first","13":"instock","14":"sale","15":"shipping-taxable","16":"purchasable","17":"product-type-simple"},"_links":{"self":[{"href":"https:\/\/roveyayinevi.com.tr\/index.php\/wp-json\/wp\/v2\/product\/724932","targetHints":{"allow":["GET"]}}],"collection":[{"href":"https:\/\/roveyayinevi.com.tr\/index.php\/wp-json\/wp\/v2\/product"}],"about":[{"href":"https:\/\/roveyayinevi.com.tr\/index.php\/wp-json\/wp\/v2\/types\/product"}],"wp:attachment":[{"href":"https:\/\/roveyayinevi.com.tr\/index.php\/wp-json\/wp\/v2\/media?parent=724932"}],"wp:term":[{"taxonomy":"product_brand","embeddable":true,"href":"https:\/\/roveyayinevi.com.tr\/index.php\/wp-json\/wp\/v2\/product_brand?post=724932"},{"taxonomy":"product_cat","embeddable":true,"href":"https:\/\/roveyayinevi.com.tr\/index.php\/wp-json\/wp\/v2\/product_cat?post=724932"},{"taxonomy":"product_tag","embeddable":true,"href":"https:\/\/roveyayinevi.com.tr\/index.php\/wp-json\/wp\/v2\/product_tag?post=724932"}],"curies":[{"name":"wp","href":"https:\/\/api.w.org\/{rel}","templated":true}]}}