{"id":724915,"date":"2025-08-27T19:41:35","date_gmt":"2025-08-27T16:41:35","guid":{"rendered":"https:\/\/roveyayinevi.com.tr\/index.php\/urun\/yalnizlik-kahvesi\/"},"modified":"2026-04-16T02:32:47","modified_gmt":"2026-04-15T23:32:47","slug":"yalnizlik-kahvesi","status":"publish","type":"product","link":"https:\/\/roveyayinevi.com.tr\/index.php\/urun\/yalnizlik-kahvesi\/","title":{"rendered":"Yaln\u0131zl\u0131k Kahvesi"},"content":{"rendered":"<p>Do\u011fan H\u0131zlan\u2019\u0131n sanat\u0131n bug\u00fcn\u00fcne sahip \u00e7\u0131kmaya ve ge\u00e7mi\u015fini hat\u0131rlamaya \u00e7a\u011f\u0131ran yaz\u0131lar\u0131n\u0131 derledi\u011fi Yaln\u0131zl\u0131k Kahvesi, gelece\u011fe dair bir sorumluluk duygusu da i\u00e7eriyor. \u00d6zellikle edebiyat alan\u0131ndan, T\u00fcrkiye ve d\u00fcnyadan se\u00e7kin \u00f6rnekler sunan bu kitap bir t\u00fcr bellek ar\u015fivi niteli\u011finde. \u201cKi\u015fisel haf\u0131zam\u0131z\u0131n g\u00fc\u00e7l\u00fc oldu\u011funa inansak bile toplumsal belle\u011fin ne kadar zay\u0131f olabildi\u011fi ortada. Ya\u015fam\u0131m\u0131z\u0131 alt \u00fcst eden pek \u00e7ok olay bile \u00fc\u00e7 be\u015f sene sonra hi\u00e7 olmam\u0131\u015f gibi kar\u015f\u0131lanabiliyor. Hele k\u00fclt\u00fcr s\u00f6z konusuysa, tam bir bal\u0131k haf\u0131zas\u0131na sahibiz. Kitaba neden Yaln\u0131zl\u0131k Kahvesi ad\u0131n\u0131 verdi\u011fime gelince\u2026 Ben hep \u00e7\u0131lg\u0131n kalabal\u0131klardan uzakta ya\u015fad\u0131m. Okur-yazar olman\u0131n getirdi\u011fi bir ya\u015fam tarz\u0131 belki de bu. Ben yaln\u0131zl\u0131k k\u00f6\u015femde oturmaktan memnunum. Ve tek ba\u015f\u0131ma i\u00e7ti\u011fim yaln\u0131zl\u0131k kahvemi sizinle payla\u015fmak istedim.\u201d Do\u011fan H\u0131zlan\u2019dan Kitaplar Kitab\u0131, Sakl\u0131 Su, G\u00fcncelin \u00c7a\u011fr\u0131s\u0131, Mavi Bereli, \u015eiir \u00c7ilingiri ve D\u00fczyaz\u0131 Ayrac\u0131\u2019ndan sonra Yaln\u0131zl\u0131k Kahvesi\u2026<\/p>\n","protected":false},"excerpt":{"rendered":"<p>Do\u011fan H\u0131zlan\u2019\u0131n sanat\u0131n bug\u00fcn\u00fcne sahip \u00e7\u0131kmaya ve ge\u00e7mi\u015fini hat\u0131rlamaya \u00e7a\u011f\u0131ran yaz\u0131lar\u0131n\u0131 derledi\u011fi Yaln\u0131zl\u0131k Kahvesi, gelece\u011fe dair bir sorumluluk duygusu da i\u00e7eriyor. \u00d6zellikle edebiyat alan\u0131ndan, T\u00fcrkiye ve<span class=\"excerpt-hellip\"> [\u2026]<\/span><\/p>\n","protected":false},"featured_media":0,"template":"","meta":{"_monsterinsights_skip_tracking":false,"_monsterinsights_sitenote_active":false,"_monsterinsights_sitenote_note":"","_monsterinsights_sitenote_category":0},"product_brand":[],"product_cat":[13072,12291],"product_tag":[],"class_list":{"0":"post-724915","1":"product","2":"type-product","3":"status-publish","5":"product_cat-arastirma-inceleme-referans","6":"product_cat-edebiyat","7":"pa_cilt-ciltsiz","8":"pa_tur-kitap","9":"pa_yayinevi-yapi-kredi-yayinlari","10":"pa_yazar-dogan-hizlan","12":"first","13":"instock","14":"sale","15":"shipping-taxable","16":"purchasable","17":"product-type-simple"},"_links":{"self":[{"href":"https:\/\/roveyayinevi.com.tr\/index.php\/wp-json\/wp\/v2\/product\/724915","targetHints":{"allow":["GET"]}}],"collection":[{"href":"https:\/\/roveyayinevi.com.tr\/index.php\/wp-json\/wp\/v2\/product"}],"about":[{"href":"https:\/\/roveyayinevi.com.tr\/index.php\/wp-json\/wp\/v2\/types\/product"}],"wp:attachment":[{"href":"https:\/\/roveyayinevi.com.tr\/index.php\/wp-json\/wp\/v2\/media?parent=724915"}],"wp:term":[{"taxonomy":"product_brand","embeddable":true,"href":"https:\/\/roveyayinevi.com.tr\/index.php\/wp-json\/wp\/v2\/product_brand?post=724915"},{"taxonomy":"product_cat","embeddable":true,"href":"https:\/\/roveyayinevi.com.tr\/index.php\/wp-json\/wp\/v2\/product_cat?post=724915"},{"taxonomy":"product_tag","embeddable":true,"href":"https:\/\/roveyayinevi.com.tr\/index.php\/wp-json\/wp\/v2\/product_tag?post=724915"}],"curies":[{"name":"wp","href":"https:\/\/api.w.org\/{rel}","templated":true}]}}