{"id":724907,"date":"2025-08-27T19:41:28","date_gmt":"2025-08-27T16:41:28","guid":{"rendered":"https:\/\/roveyayinevi.com.tr\/index.php\/urun\/yargi-orgutu-ve-tebligat-hukuku\/"},"modified":"2026-04-06T12:55:48","modified_gmt":"2026-04-06T09:55:48","slug":"yargi-orgutu-ve-tebligat-hukuku","status":"publish","type":"product","link":"https:\/\/roveyayinevi.com.tr\/index.php\/urun\/yargi-orgutu-ve-tebligat-hukuku\/","title":{"rendered":"Yarg\u0131 \u00d6rg\u00fct\u00fc ve Tebligat Hukuku"},"content":{"rendered":"<p>B\u0130R\u0130NC\u0130 K\u0130TAP  YARGI \u00d6RG\u00dcT\u00dc 1.Yarg\u0131 \u00d6rg\u00fct\u00fc1.1.Yarg\u0131 \u00d6rg\u00fct\u00fc Hukukunun Tan\u0131m\u0131 ve Kaynaklar\u01311.2.Mahkeme, Hakim ve Hakem Kavramlar\u01311.3.Mahkemelerin Kurulu\u015fu, Mahkemelerin Ba\u011f\u0131ms\u0131zl\u0131\u011f\u0131 ve Hakimlik Teminat\u01311.4.Mahkemelerin Tasnifi 2.Anayasa Yarg\u0131s\u01312.1.Genel Olarak Anayasa Yarg\u0131s\u01312.2.Anayasa Mahkemesi 3.Adli Yarg\u0131 \u0130lk Derece Hukuk Mahkemeleri3.1.Genel Mahkemeler3.2.\u00d6zel Mahkemeler 4.Adli Yarg\u0131 \u0130lk Derece Ceza Mahkemeleri, Adli Yarg\u0131 \u0130kinci Derece Mahkemeleri ve Yarg\u0131tay 4.1.Adli Yarg\u0131 \u0130lk Derece Ceza Mahkemeleri4.2.Genel Mahkemeler4.3.\u00d6zel Mahkemeler 4.4.Adli Yarg\u0131 \u0130kinci Derece Mahkemeleri4.5.Yarg\u0131tay5.\u0130dari Yarg\u01315.1.\u0130dari Yarg\u0131 \u0130lk Derece Mahkemeleri5.2.B\u00f6lge \u0130dare Mahkemeleri5.3.Dan\u0131\u015ftay 6.Uyu\u015fmazl\u0131k Yarg\u0131s\u0131 Ve Uyu\u015fmazl\u0131k Mahkemesi 6.1.Uyu\u015fmazl\u0131k Yarg\u0131s\u0131 ve Uyu\u015fmazl\u0131k Mahkemesi 6.2.Uyu\u015fmazl\u0131k Mahkemesinin Kurulu\u015fu ve Yap\u0131s\u01316.3.Uyu\u015fmazl\u0131k Mahkemesinin G\u00f6revleri6.4.Uyu\u015fmazl\u0131k Mahkemesi G\u00f6r\u00fc\u015fmeleri ve Kararlar\u01317.Hesap Yarg\u0131s\u0131 ve Se\u00e7im Yarg\u0131s\u0131 7.1.Genel Olarak 7.2.Se\u00e7im Yarg\u0131s\u0131   \u0130K\u0130NC\u0130 K\u0130TAP  TEBL\u0130GAT HUKUKU\u2019NA G\u0130R\u0130\u015e1.Tebligat Hukuku\u2019na Giri\u015f1.1.Tebligat Kavram\u0131 ve Kanunu1.2.Tebli\u011f Tutana\u011f\u0131n\u0131n Nitele\u011fi 2.Tebligat Yollar\u01312.1.Vas\u0131tal\u0131 Tebligat2.2.Vas\u0131tas\u0131z Tebligat 2.3.Elektronik Tebligat 2.4.Ger\u00e7ek Ki\u015fi, T\u00fczel Ki\u015fi ve \u015eirketlere Tebligat 2.5.T\u00fczel Ki\u015filere Tebligat 2.6.\u015eirketlere Tebligat  3.Tebligat Su\u00e7lar\u0131 3.1.Genel Olarak 3.2.Cezay\u0131 Gerektiren Fiiller  4.Tebligat \u0130\u015fleminde Muhatap Kavram\u0131 Ve Tebli\u011fin Yap\u0131labilece\u011fi Ki\u015filer 4.1.Tebli\u011f Muhatab\u01314.2.Muhatap Ad\u0131na Tebli\u011fi Kabule Yetkili Ki\u015filer 4.3.Tebell\u00fc\u011f Edecek \u015eahs\u0131n Has\u0131m Olmas\u0131 4.4.Vekile ve Kanuni M\u00fcmessile Tebligat 4.5.Ayn\u0131 Konutta Oturan Ki\u015filere veya Hizmet\u00e7iye Tebligat 4.6.Belli Bir Yerde Veya Evde Meslek Ve Sanat \u0130cra Edenlere Tebligat 4.7.Askeri \u015eah\u0131slara Tebligat 4.8.Otel. Hastane, Fabrika ve Mektep gibi Yerlerde Tebligat 4.9.Mevkuf ve Mahkumlara Tebligat 5.Muhatab\u0131n Ge\u00e7ici Olarak Ba\u015fka Yere Gitmesi, Tebli\u011f \u0130mkans\u0131zl\u0131\u011f\u0131 Ve Tebell\u00fc\u011fden \u0130mtina5.1.Muhatab\u0131n Ge\u00e7ici Olarak Ba\u015fka Bir Yere Gitmesi5.2.Tebli\u011f \u0130mkans\u0131zl\u0131\u011f\u0131 ve Tebell\u00fc\u011f  \u0130mtina  6.Elektronik Tebligat 6.1.Genel Olarak6.2.Elektronik Tebligat\u0131n \u015eekli 6.3.Muhatab\u0131n Bilgileri ve Muhatab\u0131n Elektronik Adresine  Eri\u015fimi6.4.Elektronik Tebligat Adresinin Kullan\u0131ma Kapat\u0131lmas\u01316.5.Elektronik Tebligatta Ptt ve Adres Sahibinin Y\u00fck\u00fcml\u00fcl\u00fckleriYARGI \u00d6RG\u00dcT\u00dc VE TEBL\u0130GAT HUKUKU \u0130LE \u0130LG\u0130L\u0130 SORULARYarg\u0131 \u00d6rg\u00fct\u00fc ve Tebligat Hukuku\u0130DAR\u0130 YARGI \u00c7IKMI\u015e SORULAR\u0130dari Yarg\u0131<\/p>\n","protected":false},"excerpt":{"rendered":"<p>B\u0130R\u0130NC\u0130 K\u0130TAP YARGI \u00d6RG\u00dcT\u00dc 1.Yarg\u0131 \u00d6rg\u00fct\u00fc1.1.Yarg\u0131 \u00d6rg\u00fct\u00fc Hukukunun Tan\u0131m\u0131 ve Kaynaklar\u01311.2.Mahkeme, Hakim ve Hakem Kavramlar\u01311.3.Mahkemelerin Kurulu\u015fu, Mahkemelerin Ba\u011f\u0131ms\u0131zl\u0131\u011f\u0131 ve Hakimlik Teminat\u01311.4.Mahkemelerin Tasnifi 2.Anayasa Yarg\u0131s\u01312.1.Genel Olarak Anayasa<span class=\"excerpt-hellip\"> [\u2026]<\/span><\/p>\n","protected":false},"featured_media":0,"template":"","meta":{"_monsterinsights_skip_tracking":false,"_monsterinsights_sitenote_active":false,"_monsterinsights_sitenote_note":"","_monsterinsights_sitenote_category":0},"product_brand":[],"product_cat":[12566,13473],"product_tag":[],"class_list":{"0":"post-724907","1":"product","2":"type-product","3":"status-publish","5":"product_cat-egitim","6":"product_cat-sinavlara-hazirlik-okula-yardimci-kaynaklar","7":"pa_cilt-ciltsiz","8":"pa_tur-kitap","9":"pa_yayinevi-gazi-kitabevi-sinav-kitaplari","10":"pa_yazar-kolektif","12":"first","13":"instock","14":"sale","15":"shipping-taxable","16":"purchasable","17":"product-type-simple"},"_links":{"self":[{"href":"https:\/\/roveyayinevi.com.tr\/index.php\/wp-json\/wp\/v2\/product\/724907","targetHints":{"allow":["GET"]}}],"collection":[{"href":"https:\/\/roveyayinevi.com.tr\/index.php\/wp-json\/wp\/v2\/product"}],"about":[{"href":"https:\/\/roveyayinevi.com.tr\/index.php\/wp-json\/wp\/v2\/types\/product"}],"wp:attachment":[{"href":"https:\/\/roveyayinevi.com.tr\/index.php\/wp-json\/wp\/v2\/media?parent=724907"}],"wp:term":[{"taxonomy":"product_brand","embeddable":true,"href":"https:\/\/roveyayinevi.com.tr\/index.php\/wp-json\/wp\/v2\/product_brand?post=724907"},{"taxonomy":"product_cat","embeddable":true,"href":"https:\/\/roveyayinevi.com.tr\/index.php\/wp-json\/wp\/v2\/product_cat?post=724907"},{"taxonomy":"product_tag","embeddable":true,"href":"https:\/\/roveyayinevi.com.tr\/index.php\/wp-json\/wp\/v2\/product_tag?post=724907"}],"curies":[{"name":"wp","href":"https:\/\/api.w.org\/{rel}","templated":true}]}}