{"id":724894,"date":"2025-08-27T19:41:18","date_gmt":"2025-08-27T16:41:18","guid":{"rendered":"https:\/\/roveyayinevi.com.tr\/index.php\/urun\/yakaza-adamlar\/"},"modified":"2026-04-16T02:32:47","modified_gmt":"2026-04-15T23:32:47","slug":"yakaza-adamlar","status":"publish","type":"product","link":"https:\/\/roveyayinevi.com.tr\/index.php\/urun\/yakaza-adamlar\/","title":{"rendered":"Yakaza Adamlar"},"content":{"rendered":"<p>\u201cYakaza Adamlar\u0131\u201d; metafizik ve stratejik sahalarda, okura yo\u011funluklu bir veri aktar\u0131m\u0131 yapmas\u0131na al\u0131\u015fk\u0131n oldu\u011fumuz Hakan Y\u0131lmaz \u00c7ebi\u2019nin kendi \u015fahs\u00ee deneyimlerini ta\u015f\u0131mas\u0131 bak\u0131m\u0131ndan bir ilk ve ondan beklenmeyen bir tarz!Askerlik y\u0131llar\u0131na ait i\u00e7 burkan hat\u0131ralar, \u015fehitler, tuhaf vedalarla Hakk\u2019ka u\u011furlanan dostlar, \u00e7ocukluk ve gen\u00e7lik d\u00f6nemlerine ait \u00e7ok samimi ve do\u011fal payla\u015f\u0131mlar, ilgin\u00e7 deneyimler ve r\u00fcyalar, \u00fcniversite y\u0131llar\u0131nda ya\u015fanan gen\u00e7lik imtihanlar\u0131, rahmetli validesiyle ya\u015fanan \u00f6zel an\u0131lar\u2026O n\u00fcktedan bak\u0131\u015f\u0131 ve esprili diliyle anlatt\u0131\u011f\u0131 t\u00fcrl\u00fc maceralar, metafizik istihbarat alan\u0131ndaki toparlay\u0131c\u0131 r\u00f6portajlar ve kendi manev\u00ee seyrine dair \u00f6nemli ipu\u00e7lar\u0131 veren \u201c\u00fcveysilik\u201d damar\u0131\u2026Hakan Y\u0131lmaz \u00c7ebi\u2019yi, teknik ve \u00fcst d\u00fczey veriler aktaran bir bilgi havuzu olarak tan\u0131yan okurlar\u0131m\u0131z; burada kendi hikmet yolculu\u011funa \u00e7\u0131kan \u00e7ok farkl\u0131 bir Hakan Y\u0131lmaz \u00c7ebi g\u00f6recek. Okuyucular\u0131m\u0131z, hem yazar\u0131n \u015fahs\u00ee seyrine hem de onun do\u011fal aynas\u0131ndan kendi i\u00e7 alemimize yans\u0131yan bir \u2018okuma\u2019 yapacak.\u201cBilgi ge\u00e7mi\u015ftir, hikmet istikbal!\u201d diyen ve hanesine ald\u0131\u011f\u0131 g\u00f6zleri, hikmet dairesinde do\u011fal bir gezintiye \u00e7\u0131karan; olduk\u00e7a \u2018Biz\u2019den bir i\u00e7erik&#8230;<\/p>\n","protected":false},"excerpt":{"rendered":"<p>\u201cYakaza Adamlar\u0131\u201d; metafizik ve stratejik sahalarda, okura yo\u011funluklu bir veri aktar\u0131m\u0131 yapmas\u0131na al\u0131\u015fk\u0131n oldu\u011fumuz Hakan Y\u0131lmaz \u00c7ebi\u2019nin kendi \u015fahs\u00ee deneyimlerini ta\u015f\u0131mas\u0131 bak\u0131m\u0131ndan bir ilk ve ondan<span class=\"excerpt-hellip\"> [\u2026]<\/span><\/p>\n","protected":false},"featured_media":0,"template":"","meta":{"_monsterinsights_skip_tracking":false,"_monsterinsights_sitenote_active":false,"_monsterinsights_sitenote_note":"","_monsterinsights_sitenote_category":0},"product_brand":[],"product_cat":[13072,12291],"product_tag":[],"class_list":{"0":"post-724894","1":"product","2":"type-product","3":"status-publish","5":"product_cat-arastirma-inceleme-referans","6":"product_cat-edebiyat","7":"pa_cilt-ciltsiz","8":"pa_tur-kitap","9":"pa_yayinevi-cinaralti-yayinlari","10":"pa_yazar-hakan-yilmaz-cebi","12":"first","13":"instock","14":"sale","15":"shipping-taxable","16":"purchasable","17":"product-type-simple"},"_links":{"self":[{"href":"https:\/\/roveyayinevi.com.tr\/index.php\/wp-json\/wp\/v2\/product\/724894","targetHints":{"allow":["GET"]}}],"collection":[{"href":"https:\/\/roveyayinevi.com.tr\/index.php\/wp-json\/wp\/v2\/product"}],"about":[{"href":"https:\/\/roveyayinevi.com.tr\/index.php\/wp-json\/wp\/v2\/types\/product"}],"wp:attachment":[{"href":"https:\/\/roveyayinevi.com.tr\/index.php\/wp-json\/wp\/v2\/media?parent=724894"}],"wp:term":[{"taxonomy":"product_brand","embeddable":true,"href":"https:\/\/roveyayinevi.com.tr\/index.php\/wp-json\/wp\/v2\/product_brand?post=724894"},{"taxonomy":"product_cat","embeddable":true,"href":"https:\/\/roveyayinevi.com.tr\/index.php\/wp-json\/wp\/v2\/product_cat?post=724894"},{"taxonomy":"product_tag","embeddable":true,"href":"https:\/\/roveyayinevi.com.tr\/index.php\/wp-json\/wp\/v2\/product_tag?post=724894"}],"curies":[{"name":"wp","href":"https:\/\/api.w.org\/{rel}","templated":true}]}}