{"id":724876,"date":"2025-08-27T19:41:06","date_gmt":"2025-08-27T16:41:06","guid":{"rendered":"https:\/\/roveyayinevi.com.tr\/index.php\/urun\/turkiyede-finansal-icerme-herkes-icin-finansman\/"},"modified":"2026-04-16T02:32:46","modified_gmt":"2026-04-15T23:32:46","slug":"turkiyede-finansal-icerme-herkes-icin-finansman","status":"publish","type":"product","link":"https:\/\/roveyayinevi.com.tr\/index.php\/urun\/turkiyede-finansal-icerme-herkes-icin-finansman\/","title":{"rendered":"T\u00fcrkiye&#8217;de Finansal \u0130\u00e7erme Herkes \u0130\u00e7in Finansman"},"content":{"rendered":"<p>1.B\u00f6l\u00fcm  Finansal \u0130\u00e7erme Kavram\u0131 Ve \u00d6l\u00e7\u00fclmesi1.1.Finansal \u0130\u00e7erme Kavram\u01311.2.Finansal \u0130\u00e7ermenin \u00d6l\u00e7\u00fclmesi1.3.Finansal \u0130\u00e7erme Boyutlar\u0131 ve G\u00f6stergeleri 2.B\u00f6l\u00fcm   T\u00fcrkiye\u2019de B\u00f6lgeler D\u00fczeyinde Finansal \u0130\u00e7erme 2.1.Finansal \u0130\u00e7ermenin \u00d6l\u00e7\u00fclmesi: Literat\u00fcr Taramas\u01312.2.Veri2.3.Y\u00f6ntem2.4.B\u00f6lgelere G\u00f6re Finansal \u0130\u00e7erme Endeksi2.5.Finansal \u0130\u00e7erme ve Ekonomik B\u00fcy\u00fcme2.6.De\u011ferlendirme 3.B\u00f6l\u00fcm   Bireyler Baz\u0131nda Finansal \u0130\u00e7erme T\u00fcrkiye ve D\u00fcnya Kar\u015f\u0131la\u015ft\u0131rmas\u01313.1.Banka Hesab\u0131 Sahiplik D\u00fczeyi3.2.Tasarruf D\u00fczeyi3.3.Bor\u00e7lanma D\u00fczeyi3.4.Kredi Kart\u0131na Sahip Olma D\u00fczeyi3.5.Mobil Para Kullan\u0131m\u01313.6.De\u011ferlendirme  4.B\u00f6l\u00fcm   Firmalar Baz\u0131nda Finansal \u0130\u00e7erme 4.1.T\u00fcrkiye\u2019de Firmalar\u0131n Finansmana Eri\u015fimi ve Firmalar\u0131n \u00d6zelliklerine G\u00f6re Finansal Eri\u015fim4.2.T\u00fcrkiye\u2019de Finansmana Eri\u015fim ve Firma Performans\u0131 Aras\u0131ndaki \u0130li\u015fki 4.3.Sonu\u00e7 ve De\u011ferlendirme <\/p>\n","protected":false},"excerpt":{"rendered":"<p>1.B\u00f6l\u00fcm Finansal \u0130\u00e7erme Kavram\u0131 Ve \u00d6l\u00e7\u00fclmesi1.1.Finansal \u0130\u00e7erme Kavram\u01311.2.Finansal \u0130\u00e7ermenin \u00d6l\u00e7\u00fclmesi1.3.Finansal \u0130\u00e7erme Boyutlar\u0131 ve G\u00f6stergeleri 2.B\u00f6l\u00fcm T\u00fcrkiye\u2019de B\u00f6lgeler D\u00fczeyinde Finansal \u0130\u00e7erme 2.1.Finansal \u0130\u00e7ermenin \u00d6l\u00e7\u00fclmesi: Literat\u00fcr Taramas\u01312.2.Veri2.3.Y\u00f6ntem2.4.B\u00f6lgelere G\u00f6re<span class=\"excerpt-hellip\"> [\u2026]<\/span><\/p>\n","protected":false},"featured_media":0,"template":"","meta":{"_monsterinsights_skip_tracking":false,"_monsterinsights_sitenote_active":false,"_monsterinsights_sitenote_note":"","_monsterinsights_sitenote_category":0},"product_brand":[],"product_cat":[20333,13043],"product_tag":[],"class_list":{"0":"post-724876","1":"product","2":"type-product","3":"status-publish","5":"product_cat-diger-ekonomi","6":"product_cat-ekonomi","7":"pa_cilt-ciltsiz","8":"pa_tur-kitap","9":"pa_yayinevi-gazi-kitabevi","10":"pa_yazar-ekin-ayse-ozsuca","12":"first","13":"instock","14":"sale","15":"shipping-taxable","16":"purchasable","17":"product-type-simple"},"_links":{"self":[{"href":"https:\/\/roveyayinevi.com.tr\/index.php\/wp-json\/wp\/v2\/product\/724876","targetHints":{"allow":["GET"]}}],"collection":[{"href":"https:\/\/roveyayinevi.com.tr\/index.php\/wp-json\/wp\/v2\/product"}],"about":[{"href":"https:\/\/roveyayinevi.com.tr\/index.php\/wp-json\/wp\/v2\/types\/product"}],"wp:attachment":[{"href":"https:\/\/roveyayinevi.com.tr\/index.php\/wp-json\/wp\/v2\/media?parent=724876"}],"wp:term":[{"taxonomy":"product_brand","embeddable":true,"href":"https:\/\/roveyayinevi.com.tr\/index.php\/wp-json\/wp\/v2\/product_brand?post=724876"},{"taxonomy":"product_cat","embeddable":true,"href":"https:\/\/roveyayinevi.com.tr\/index.php\/wp-json\/wp\/v2\/product_cat?post=724876"},{"taxonomy":"product_tag","embeddable":true,"href":"https:\/\/roveyayinevi.com.tr\/index.php\/wp-json\/wp\/v2\/product_tag?post=724876"}],"curies":[{"name":"wp","href":"https:\/\/api.w.org\/{rel}","templated":true}]}}