{"id":724873,"date":"2025-08-27T19:41:04","date_gmt":"2025-08-27T16:41:04","guid":{"rendered":"https:\/\/roveyayinevi.com.tr\/index.php\/urun\/covid-19-kuresel-pandeminin-ekonomik-ve-mali-etkileri\/"},"modified":"2026-04-16T02:32:46","modified_gmt":"2026-04-15T23:32:46","slug":"covid-19-kuresel-pandeminin-ekonomik-ve-mali-etkileri","status":"publish","type":"product","link":"https:\/\/roveyayinevi.com.tr\/index.php\/urun\/covid-19-kuresel-pandeminin-ekonomik-ve-mali-etkileri\/","title":{"rendered":"Covid-19 K\u00fcresel Pandeminin Ekonomik ve Mali Etkileri"},"content":{"rendered":"<p>Covid-19 \u00dczerineHarun K\u0131l\u0131\u00e7arslanCovid-19 Salg\u0131n\u0131na Kar\u015f\u0131 Para Politikas\u0131 \u00c7er\u00e7evesinde Al\u0131nan \u00d6nlemlerCengizhan Y\u0131ld\u0131r\u0131mCovid-19\u2019un K\u00fcresel Para Politikalar\u0131na Etkisi \u00dczerine Bir De\u011ferlendirmeErdal Haruno\u011fullar\u0131T\u00fcrkiye\u2019de Ekonomik G\u00fcven Ve \u0130stihdam \u0130li\u015fkisi : Covid-19 Salg\u0131n\u0131n Sonras\u0131 Normalle\u015fme Ad\u0131mlar\u0131na \u00d6nerilerMusa \u00d6zt\u00fcrkK\u00fcresel Salg\u0131na Y\u00f6nelik Al\u0131nan Mali \u00d6nlemlerin B\u00fct\u00e7e Ve Bor\u00e7lanma \u00dczerine EtkileriGonca G\u00fcng\u00f6r G\u00f6ksuCovid-19 Pandemisinin T\u00fcrkiye\u2019de Borlar\u0131n S\u00fcrd\u00fcr\u00fclebilirli\u011fine EtkileriMehmet CuralCovid-19 Salg\u0131n\u0131n\u0131n Cari Transfer Harcamalar\u0131na EtkisiCahit \u015eanverVergi \u0130darelerinin Covid-19 Pandemisi \u0130le \u0130mtihan\u0131 : T\u00fcrk Ve D\u00fcnya Vergi \u0130darelerinin Pandemi Politikalar\u0131n\u0131n De\u011ferlendirilmesi Recep Y\u00fccedo\u011fruCovid-19 Pandemisi Ve Neoliberal Refah Devleti Krizi : Post-Refah DevletiGereklili\u011fiSercan Yavan<\/p>\n","protected":false},"excerpt":{"rendered":"<p>Covid-19 \u00dczerineHarun K\u0131l\u0131\u00e7arslanCovid-19 Salg\u0131n\u0131na Kar\u015f\u0131 Para Politikas\u0131 \u00c7er\u00e7evesinde Al\u0131nan \u00d6nlemlerCengizhan Y\u0131ld\u0131r\u0131mCovid-19\u2019un K\u00fcresel Para Politikalar\u0131na Etkisi \u00dczerine Bir De\u011ferlendirmeErdal Haruno\u011fullar\u0131T\u00fcrkiye\u2019de Ekonomik G\u00fcven Ve \u0130stihdam \u0130li\u015fkisi : Covid-19<span class=\"excerpt-hellip\"> [\u2026]<\/span><\/p>\n","protected":false},"featured_media":0,"template":"","meta":{"_monsterinsights_skip_tracking":false,"_monsterinsights_sitenote_active":false,"_monsterinsights_sitenote_note":"","_monsterinsights_sitenote_category":0},"product_brand":[],"product_cat":[13043,14381],"product_tag":[],"class_list":{"0":"post-724873","1":"product","2":"type-product","3":"status-publish","5":"product_cat-ekonomi","6":"product_cat-isletme-muhasebe-maliye","7":"pa_cilt-ciltsiz","8":"pa_tur-kitap","9":"pa_yayinevi-gazi-kitabevi","10":"pa_yazar-harun-kilicaslan","12":"first","13":"instock","14":"sale","15":"shipping-taxable","16":"purchasable","17":"product-type-simple"},"_links":{"self":[{"href":"https:\/\/roveyayinevi.com.tr\/index.php\/wp-json\/wp\/v2\/product\/724873","targetHints":{"allow":["GET"]}}],"collection":[{"href":"https:\/\/roveyayinevi.com.tr\/index.php\/wp-json\/wp\/v2\/product"}],"about":[{"href":"https:\/\/roveyayinevi.com.tr\/index.php\/wp-json\/wp\/v2\/types\/product"}],"wp:attachment":[{"href":"https:\/\/roveyayinevi.com.tr\/index.php\/wp-json\/wp\/v2\/media?parent=724873"}],"wp:term":[{"taxonomy":"product_brand","embeddable":true,"href":"https:\/\/roveyayinevi.com.tr\/index.php\/wp-json\/wp\/v2\/product_brand?post=724873"},{"taxonomy":"product_cat","embeddable":true,"href":"https:\/\/roveyayinevi.com.tr\/index.php\/wp-json\/wp\/v2\/product_cat?post=724873"},{"taxonomy":"product_tag","embeddable":true,"href":"https:\/\/roveyayinevi.com.tr\/index.php\/wp-json\/wp\/v2\/product_tag?post=724873"}],"curies":[{"name":"wp","href":"https:\/\/api.w.org\/{rel}","templated":true}]}}

Covid-19 Küresel Pandeminin Ekonomik ve Mali Etkileri

<p>Covid-19 ÜzerineHarun KılıçarslanCovid-19 Salgınına Karşı Para Politikası Çerçevesinde Alınan ÖnlemlerCengizhan YıldırımCovid-19’un Küresel Para Politikalarına Etkisi Üzerine Bir DeğerlendirmeErdal HarunoğullarıTürkiye’de Ekonomik Güven Ve İstihdam İlişkisi : Covid-19 Salgının Sonrası Normalleşme Adımlarına ÖnerilerMusa ÖztürkKüresel Salgına Yönelik Alınan Mali Önlemlerin Bütçe Ve Borçlanma Üzerine EtkileriGonca Güngör GöksuCovid-19 Pandemisinin Türkiye’de Borların Sürdürülebilirliğine EtkileriMehmet CuralCovid-19 Salgınının Cari Transfer Harcamalarına EtkisiCahit ŞanverVergi İdarelerinin Covid-19 Pandemisi İle İmtihanı : Türk Ve Dünya Vergi İdarelerinin Pandemi Politikalarının Değerlendirilmesi Recep YücedoğruCovid-19 Pandemisi Ve Neoliberal Refah Devleti Krizi : Post-Refah DevletiGerekliliğiSercan Yavan</p>

<p>Covid-19 ÜzerineHarun KılıçarslanCovid-19 Salgınına Karşı Para Politikası Çerçevesinde Alınan ÖnlemlerCengizhan YıldırımCovid-19’un Küresel Para Politikalarına Etkisi Üzerine Bir DeğerlendirmeErdal HarunoğullarıTürkiye’de Ekonomik Güven Ve İstihdam İlişkisi : Covid-19<span class="excerpt-hellip"> […]</span></p>
