{"id":724871,"date":"2025-08-27T19:41:02","date_gmt":"2025-08-27T16:41:02","guid":{"rendered":"https:\/\/roveyayinevi.com.tr\/index.php\/urun\/uzayin-kesfi-efsanesi\/"},"modified":"2026-04-16T02:32:46","modified_gmt":"2026-04-15T23:32:46","slug":"uzayin-kesfi-efsanesi","status":"publish","type":"product","link":"https:\/\/roveyayinevi.com.tr\/index.php\/urun\/uzayin-kesfi-efsanesi\/","title":{"rendered":"Uzay\u0131n Ke\u015ffi Efsanesi"},"content":{"rendered":"<p>&#8220;Hepsini anlataca\u011f\u0131m Osman Bey padi\u015fah\u0131m. Fakat mevzu epeyce uzun ve karma\u015f\u0131k. Bir dal sigara i\u00e7meme m\u00fcsaaden var m\u0131d\u0131r? Benim ait oldu\u011fum \u00e7a\u011fda, kapal\u0131 alanlarda sigara yasa\u011f\u0131 oldu\u011fu i\u00e7in epeyce m\u00fc\u015fk\u00fclat ya\u015f\u0131yoruz,&#8221; dedi Zeycenhan. Osman Bey&#8217;in \u015fa\u015fk\u0131nca bakmas\u0131n\u0131 onay mahiyetinde alg\u0131lad\u0131. G\u00f6mle\u011finin \u00fcst cebinden \u00e7\u0131kard\u0131\u011f\u0131 uzun Tekel 2000 paketinden, bir sigaray\u0131 dudaklar\u0131n\u0131n aras\u0131na yerle\u015ftirdi. Mavi Tokai \u00e7akmakla yakt\u0131. \u0130lk nefesi derince \u00e7ekerek duman\u0131 havaya \u00fcfledi.<\/p>\n","protected":false},"excerpt":{"rendered":"<p>&#8220;Hepsini anlataca\u011f\u0131m Osman Bey padi\u015fah\u0131m. Fakat mevzu epeyce uzun ve karma\u015f\u0131k. Bir dal sigara i\u00e7meme m\u00fcsaaden var m\u0131d\u0131r? Benim ait oldu\u011fum \u00e7a\u011fda, kapal\u0131 alanlarda sigara yasa\u011f\u0131<span class=\"excerpt-hellip\"> [\u2026]<\/span><\/p>\n","protected":false},"featured_media":0,"template":"","meta":{"_monsterinsights_skip_tracking":false,"_monsterinsights_sitenote_active":false,"_monsterinsights_sitenote_note":"","_monsterinsights_sitenote_category":0},"product_brand":[],"product_cat":[12540,12291],"product_tag":[],"class_list":{"0":"post-724871","1":"product","2":"type-product","3":"status-publish","5":"product_cat-bilim-kurgu","6":"product_cat-edebiyat","7":"pa_cilt-ciltsiz","8":"pa_tur-kitap","9":"pa_yayinevi-perseus","10":"pa_yazar-polat-onat","12":"first","13":"instock","14":"sale","15":"shipping-taxable","16":"purchasable","17":"product-type-simple"},"_links":{"self":[{"href":"https:\/\/roveyayinevi.com.tr\/index.php\/wp-json\/wp\/v2\/product\/724871","targetHints":{"allow":["GET"]}}],"collection":[{"href":"https:\/\/roveyayinevi.com.tr\/index.php\/wp-json\/wp\/v2\/product"}],"about":[{"href":"https:\/\/roveyayinevi.com.tr\/index.php\/wp-json\/wp\/v2\/types\/product"}],"wp:attachment":[{"href":"https:\/\/roveyayinevi.com.tr\/index.php\/wp-json\/wp\/v2\/media?parent=724871"}],"wp:term":[{"taxonomy":"product_brand","embeddable":true,"href":"https:\/\/roveyayinevi.com.tr\/index.php\/wp-json\/wp\/v2\/product_brand?post=724871"},{"taxonomy":"product_cat","embeddable":true,"href":"https:\/\/roveyayinevi.com.tr\/index.php\/wp-json\/wp\/v2\/product_cat?post=724871"},{"taxonomy":"product_tag","embeddable":true,"href":"https:\/\/roveyayinevi.com.tr\/index.php\/wp-json\/wp\/v2\/product_tag?post=724871"}],"curies":[{"name":"wp","href":"https:\/\/api.w.org\/{rel}","templated":true}]}}