{"id":724865,"date":"2025-08-27T19:40:58","date_gmt":"2025-08-27T16:40:58","guid":{"rendered":"https:\/\/roveyayinevi.com.tr\/index.php\/urun\/ben-cocukken-van-bambaska-bir-yerdi\/"},"modified":"2026-04-12T02:38:57","modified_gmt":"2026-04-11T23:38:57","slug":"ben-cocukken-van-bambaska-bir-yerdi","status":"publish","type":"product","link":"https:\/\/roveyayinevi.com.tr\/index.php\/urun\/ben-cocukken-van-bambaska-bir-yerdi\/","title":{"rendered":"Ben \u00c7ocukken Van Bamba\u015fka Bir Yerdi"},"content":{"rendered":"<p>\u201cBen \u00c7ocukken Van Bamba\u015fka Bir Yerdi,\u201d \u015eahbettin Ali\u2019nin \u00fc\u00e7\u00fcnc\u00fc \u015fiir kitab\u0131d\u0131r. Bu kitapta \u015fairin ba\u011f\u0131ms\u0131z bir kitap yapma d\u00fc\u015f\u00fcncesiyle ilk iki kitab\u0131na almad\u0131\u011f\u0131 memleket \u015fiirleri ile o kitaplarda yer almayan \u00f6teki \u015fiirleri bulunmaktad\u0131r.\u015eair, kitaba ad\u0131n\u0131 veren ve ilk sayfalarda yer alan  \u201cBen \u00c7ocukken Van Bamba\u015fka Bir Yerdi\u201d \u015fiirini \u0130ranl\u0131 tan\u0131nm\u0131\u015f \u015fair \u015eehriyar\u2019\u0131n \u201cHaydar Baba\u2019ya Selam\u201d adl\u0131 eserinden esinlenerek ba\u011f\u0131ms\u0131z bir kitap yapma amac\u0131yla kaleme alm\u0131\u015ft\u0131r. Bu \u015fiirinde ya\u015fad\u0131\u011f\u0131 \u015fehir olan Van\u2019da kendi ya\u015fam s\u00fcresi i\u00e7inde meydana gelmi\u015f olan de\u011fi\u015fmeleri, g\u00f6r\u00fcp i\u015fittiklerinin \u0131\u015f\u0131\u011f\u0131nda dizelere d\u00f6km\u00fc\u015f; \u015fiir tad\u0131nda yeni ku\u015faklara ula\u015fmas\u0131n\u0131 ama\u00e7lam\u0131\u015ft\u0131r. Bu kitab\u0131nda \u00f6nceki kitaplar\u0131ndan farkl\u0131 olarak hece vezni ile yaz\u0131lm\u0131\u015f \u015fiirlerin yan\u0131nda serbest vezinle yazm\u0131\u015f oldu\u011fu \u015fiirlere de yer vermi\u015ftir.*Ben \u00e7ocukken Van bamba\u015fka bir yerdi.Leylak a\u011fa\u00e7lar\u0131 vard\u0131 ba\u011flarda. \u00c7ember \u00e7evirirdik, bilye oynard\u0131k.K\u0131\u015f\u0131n k\u0131zak kayard\u0131k sokaklarda.<\/p>\n","protected":false},"excerpt":{"rendered":"<p>\u201cBen \u00c7ocukken Van Bamba\u015fka Bir Yerdi,\u201d \u015eahbettin Ali\u2019nin \u00fc\u00e7\u00fcnc\u00fc \u015fiir kitab\u0131d\u0131r. Bu kitapta \u015fairin ba\u011f\u0131ms\u0131z bir kitap yapma d\u00fc\u015f\u00fcncesiyle ilk iki kitab\u0131na almad\u0131\u011f\u0131 memleket \u015fiirleri ile<span class=\"excerpt-hellip\"> [\u2026]<\/span><\/p>\n","protected":false},"featured_media":0,"template":"","meta":{"_monsterinsights_skip_tracking":false,"_monsterinsights_sitenote_active":false,"_monsterinsights_sitenote_note":"","_monsterinsights_sitenote_category":0},"product_brand":[],"product_cat":[12291,12509],"product_tag":[],"class_list":{"0":"post-724865","1":"product","2":"type-product","3":"status-publish","5":"product_cat-edebiyat","6":"product_cat-siir","7":"pa_cilt-ciltli","8":"pa_tur-kitap","9":"pa_yayinevi-gulnar-yayinlari","10":"pa_yazar-sahbettin-ali","12":"first","13":"instock","14":"sale","15":"shipping-taxable","16":"purchasable","17":"product-type-simple"},"_links":{"self":[{"href":"https:\/\/roveyayinevi.com.tr\/index.php\/wp-json\/wp\/v2\/product\/724865","targetHints":{"allow":["GET"]}}],"collection":[{"href":"https:\/\/roveyayinevi.com.tr\/index.php\/wp-json\/wp\/v2\/product"}],"about":[{"href":"https:\/\/roveyayinevi.com.tr\/index.php\/wp-json\/wp\/v2\/types\/product"}],"wp:attachment":[{"href":"https:\/\/roveyayinevi.com.tr\/index.php\/wp-json\/wp\/v2\/media?parent=724865"}],"wp:term":[{"taxonomy":"product_brand","embeddable":true,"href":"https:\/\/roveyayinevi.com.tr\/index.php\/wp-json\/wp\/v2\/product_brand?post=724865"},{"taxonomy":"product_cat","embeddable":true,"href":"https:\/\/roveyayinevi.com.tr\/index.php\/wp-json\/wp\/v2\/product_cat?post=724865"},{"taxonomy":"product_tag","embeddable":true,"href":"https:\/\/roveyayinevi.com.tr\/index.php\/wp-json\/wp\/v2\/product_tag?post=724865"}],"curies":[{"name":"wp","href":"https:\/\/api.w.org\/{rel}","templated":true}]}}