{"id":724863,"date":"2025-08-27T19:40:56","date_gmt":"2025-08-27T16:40:56","guid":{"rendered":"https:\/\/roveyayinevi.com.tr\/index.php\/urun\/hic-kimse-gormek-istemeyen-biri-kadar-kor-olamaz-ibni-sina\/"},"modified":"2026-04-13T02:39:53","modified_gmt":"2026-04-12T23:39:53","slug":"hic-kimse-gormek-istemeyen-biri-kadar-kor-olamaz-ibni-sina","status":"publish","type":"product","link":"https:\/\/roveyayinevi.com.tr\/index.php\/urun\/hic-kimse-gormek-istemeyen-biri-kadar-kor-olamaz-ibni-sina\/","title":{"rendered":"Hi\u00e7 Kimse G\u00f6rmek \u0130stemeyen Biri Kadar K\u00f6r Olamaz \/ \u0130bni Sina"},"content":{"rendered":"<p>\u0130bni Sina ya da d\u00fcnyan\u0131n tan\u0131d\u0131\u011f\u0131 isimle Avicenna&#8230;11. y\u00fczy\u0131lda insanl\u0131\u011f\u0131n cevap arad\u0131\u011f\u0131 sorulara pozitif bilimci yakla\u015f\u0131mla kar\u015f\u0131l\u0131k vermi\u015f bir felsefeci, e\u015fsiz bir hekim, astronom, matematik\u00e7i ve fizik\u00e7i.Hayat\u0131 boyunca sorular sormu\u015f, \u201cneden\u201dlerin pe\u015finden gitmi\u015f, \u00e7ok okumu\u015f, \u00e7ok ara\u015ft\u0131rm\u0131\u015f, \u00e7ok incelemeler yapm\u0131\u015f bir insanl\u0131k incisidir \u0130bni Sina.\u0130nsanl\u0131\u011f\u0131n emekleme d\u00f6neminde, taassubun karanl\u0131\u011f\u0131na d\u00fc\u015fmeden, ak\u0131l ile bilimin \u0131\u015f\u0131\u011f\u0131nda y\u00fcr\u00fcyen tarihin bu en b\u00fcy\u00fck hekimi, ba\u015fta M\u00fcsl\u00fcman ve Avrupal\u0131 felsefeciler olmak \u00fczere, Da Vinci\u2019den Aziz Thomas\u2019a kadar bir\u00e7ok d\u00fc\u015f\u00fcn\u00fcr\u00fc ve sanat\u00e7\u0131y\u0131 da etkilemi\u015ftir.Onun portresi, bug\u00fcn d\u00fcnyan\u0131n en sayg\u0131n okullar\u0131n\u0131n duvarlar\u0131n\u0131, d\u00fc\u015f\u00fcnceleri ise en ayd\u0131nl\u0131k beyinleri s\u00fcsl\u00fcyor.<\/p>\n","protected":false},"excerpt":{"rendered":"<p>\u0130bni Sina ya da d\u00fcnyan\u0131n tan\u0131d\u0131\u011f\u0131 isimle Avicenna&#8230;11. y\u00fczy\u0131lda insanl\u0131\u011f\u0131n cevap arad\u0131\u011f\u0131 sorulara pozitif bilimci yakla\u015f\u0131mla kar\u015f\u0131l\u0131k vermi\u015f bir felsefeci, e\u015fsiz bir hekim, astronom, matematik\u00e7i ve<span class=\"excerpt-hellip\"> [\u2026]<\/span><\/p>\n","protected":false},"featured_media":0,"template":"","meta":{"_monsterinsights_skip_tracking":false,"_monsterinsights_sitenote_active":false,"_monsterinsights_sitenote_note":"","_monsterinsights_sitenote_category":0},"product_brand":[],"product_cat":[12389,12388],"product_tag":[],"class_list":{"0":"post-724863","1":"product","2":"type-product","3":"status-publish","5":"product_cat-diger-felsefe","6":"product_cat-felsefe","7":"pa_cilt-ciltsiz","8":"pa_tur-kitap","9":"pa_yayinevi-destek-yayinlari","10":"pa_yazar-hikmet-anil-oztekin","12":"first","13":"instock","14":"sale","15":"shipping-taxable","16":"purchasable","17":"product-type-simple"},"_links":{"self":[{"href":"https:\/\/roveyayinevi.com.tr\/index.php\/wp-json\/wp\/v2\/product\/724863","targetHints":{"allow":["GET"]}}],"collection":[{"href":"https:\/\/roveyayinevi.com.tr\/index.php\/wp-json\/wp\/v2\/product"}],"about":[{"href":"https:\/\/roveyayinevi.com.tr\/index.php\/wp-json\/wp\/v2\/types\/product"}],"wp:attachment":[{"href":"https:\/\/roveyayinevi.com.tr\/index.php\/wp-json\/wp\/v2\/media?parent=724863"}],"wp:term":[{"taxonomy":"product_brand","embeddable":true,"href":"https:\/\/roveyayinevi.com.tr\/index.php\/wp-json\/wp\/v2\/product_brand?post=724863"},{"taxonomy":"product_cat","embeddable":true,"href":"https:\/\/roveyayinevi.com.tr\/index.php\/wp-json\/wp\/v2\/product_cat?post=724863"},{"taxonomy":"product_tag","embeddable":true,"href":"https:\/\/roveyayinevi.com.tr\/index.php\/wp-json\/wp\/v2\/product_tag?post=724863"}],"curies":[{"name":"wp","href":"https:\/\/api.w.org\/{rel}","templated":true}]}}