{"id":724862,"date":"2025-08-27T19:40:55","date_gmt":"2025-08-27T16:40:55","guid":{"rendered":"https:\/\/roveyayinevi.com.tr\/index.php\/urun\/dort-kuleli-sovalye-kalesi\/"},"modified":"2026-04-16T02:32:46","modified_gmt":"2026-04-15T23:32:46","slug":"dort-kuleli-sovalye-kalesi","status":"publish","type":"product","link":"https:\/\/roveyayinevi.com.tr\/index.php\/urun\/dort-kuleli-sovalye-kalesi\/","title":{"rendered":"D\u00f6rt Kuleli \u015e\u00f6valye Kalesi"},"content":{"rendered":"<p>Bir adada olduklar\u0131 i\u00e7in g\u00f6r\u00fclmesi en muhtemel hayvanlar ke\u00e7ilerdi. Bu k\u00fc\u00e7\u00fck ayakl\u0131 hayvanlar\u0131n izlerini ve zeytin \u00e7ekirde\u011fine benzeyen d\u0131\u015fk\u0131lar\u0131n\u0131 takip etmeye karar verdiler. B\u00f6ylece onlar\u0131n su i\u00e7tikleri yerleri bulacaklard\u0131. Sa\u011f taraflar\u0131nda a\u011fa\u00e7lar\u0131n yo\u011fun oldu\u011fu b\u00f6lgeye do\u011fru y\u00fcr\u00fcd\u00fcler, bir s\u00fcre sonra ger\u00e7ekten de ke\u00e7ilerin izleri gittik\u00e7e belirginle\u015fmeye ba\u015flad\u0131. \u00dc\u00e7\u00fc birden bulacaklar\u0131 suyun bir akarsu, \u00e7ay gibi hareketli bir su olmas\u0131 i\u00e7in dua ediyordu. \u00c7\u00fcnk\u00fc durgun sular genelde i\u00e7ilmeyecek kadar pis, akan sular ise temiz ve kokusuz olurdu. E\u011fer su kayna\u011f\u0131 bulamazlarsa ak\u0131llar\u0131na tek gelen, gece kurduklar\u0131 tentenin \u00fczerinde birikecek ya\u011fmur sular\u0131n\u0131 kullanmakt\u0131. Bunu sene ba\u015f\u0131nda yapt\u0131klar\u0131 do\u011fada kalma e\u011fitimi s\u0131ras\u0131nda \u00f6\u011frenmi\u015flerdi. Ancak ya\u011fmur ya\u011fmas\u0131 gerekiyordu.***(\u2026) \u00d6\u011fretmenimiz y\u00f6nleri anlat\u0131rken \u015f\u00f6yle demi\u015fti; \u201cE\u011fer do\u011fadaysan\u0131z ve nerede oldu\u011funuzu bilmiyorsan\u0131z bakaca\u011f\u0131n\u0131z birka\u00e7 yer var. \u00d6ncelikle a\u011fa\u00e7lar\u0131n yosun tutmu\u015f taraflar\u0131n\u0131 bulmal\u0131s\u0131n\u0131z, bu bize kuzeyi g\u00f6sterecektir. Sonra da kar\u0131nca yuvalar\u0131n\u0131n giri\u015flerindeki toprak y\u0131\u011f\u0131nt\u0131s\u0131n\u0131n oldu\u011fu y\u00f6ne bak\u0131n, bu da kuzeyi i\u015faret eder\u201d. Hadi \u015fimdi hep birlikte bakal\u0131m ve emin olal\u0131m.Hepsi birden \u00e7evrelerindeki a\u011fa\u00e7lar\u0131n g\u00f6vdelerine bakmaya ba\u015flad\u0131lar. Biraz sonra sesler duyuldu. \u201cBuldum, buldum.\u201d Bu sefer Cem elinde bir bayrak sall\u0131yordu. Bayrak, bir a\u011fac\u0131n tamamen yosun tutmu\u015f taraf\u0131ndaki minik kovu\u011funa konmu\u015ftu. \u00dczerinde, \u201c2\u201d Buldum hemen y\u00f6n\u00fcm\u00fc, \u00e7izdim sonra yolumu, yaz\u0131yordu. Hemen onu da torbaya yerle\u015ftirdiler.***Midas\u2019\u0131n Geveze Berberi ve Prenses Ada\u2019n\u0131n Tuhaf Ayaklar\u0131 adl\u0131 kitaplar\u0131yla tarih, mitoloji, arkeoloji ve antropolojiyi yak\u0131n\u0131m\u0131za getiren \u0130pek Arman, bu kez y\u00f6n bulma ve do\u011fay\u0131 incelikle okuma konular\u0131 \u00fczerine e\u011filiyor. Hayatlar\u0131 aniden gizemli bir maceran\u0131n sosuna bulanan, bu s\u0131rada hem do\u011fay\u0131 hem de birbirlerini yeniden ke\u015ffeden \u00f6\u011frenci grubunun hik\u00e2yesi, \u015fimdi sizin sular\u0131n\u0131za demir atmaya haz\u0131rlan\u0131yor. \u0130yi okumalar.***Y\u00fczer okul Dafne\u2019de \u00f6\u011frenim g\u00f6ren Yakamoz grubu, kendilerini \u0131ss\u0131z bir adada bulur. Hi\u00e7 anla\u015famayan bu yedi \u00f6\u011frenci, hi\u00e7 bilmedikleri adada koca be\u015f g\u00fcn ge\u00e7irecektir. \u00dcstelik ke\u015fifler yapacak, \u015fifreler \u00e7\u00f6zecek, yiyecek bulacak ve bir hedefe ula\u015fmaya \u00e7al\u0131\u015facaklard\u0131r. Ama \u00f6nce tak\u0131m olmay\u0131 ba\u015farmalar\u0131 gerekmektedir.Y\u00f6n bulman\u0131n incelikleri nelerdir? Yiyeceklerimiz k\u0131s\u0131tl\u0131yken do\u011fada nas\u0131l beslenilir, enerji veren besinler hangileridir? Temiz su kaynaklar\u0131na nas\u0131l ula\u015f\u0131l\u0131r? Yosunlar ve kar\u0131nca yuvalar\u0131 bize neler f\u0131s\u0131ldar? Kutup Y\u0131ld\u0131z\u0131 nas\u0131l bir yol arkada\u015f\u0131d\u0131r? G\u00f6lgeler bize hangi konuda yard\u0131m edebilir? Hepsi ve fazlas\u0131, Yakamoz grubunun ke\u015fiflerinde sakl\u0131.<\/p>\n","protected":false},"excerpt":{"rendered":"<p>Bir adada olduklar\u0131 i\u00e7in g\u00f6r\u00fclmesi en muhtemel hayvanlar ke\u00e7ilerdi. Bu k\u00fc\u00e7\u00fck ayakl\u0131 hayvanlar\u0131n izlerini ve zeytin \u00e7ekirde\u011fine benzeyen d\u0131\u015fk\u0131lar\u0131n\u0131 takip etmeye karar verdiler. B\u00f6ylece onlar\u0131n su<span class=\"excerpt-hellip\"> [\u2026]<\/span><\/p>\n","protected":false},"featured_media":0,"template":"","meta":{"_monsterinsights_skip_tracking":false,"_monsterinsights_sitenote_active":false,"_monsterinsights_sitenote_note":"","_monsterinsights_sitenote_category":0},"product_brand":[],"product_cat":[12274,12284],"product_tag":[],"class_list":{"0":"post-724862","1":"product","2":"type-product","3":"status-publish","5":"product_cat-cocuk-ve-genclik-kitaplari","6":"product_cat-hikayeler","7":"pa_cilt-ciltsiz","8":"pa_tur-kitap","9":"pa_yayinevi-elma-cocuk","10":"pa_yazar-ipek-arman","12":"first","13":"instock","14":"sale","15":"shipping-taxable","16":"purchasable","17":"product-type-simple"},"_links":{"self":[{"href":"https:\/\/roveyayinevi.com.tr\/index.php\/wp-json\/wp\/v2\/product\/724862","targetHints":{"allow":["GET"]}}],"collection":[{"href":"https:\/\/roveyayinevi.com.tr\/index.php\/wp-json\/wp\/v2\/product"}],"about":[{"href":"https:\/\/roveyayinevi.com.tr\/index.php\/wp-json\/wp\/v2\/types\/product"}],"wp:attachment":[{"href":"https:\/\/roveyayinevi.com.tr\/index.php\/wp-json\/wp\/v2\/media?parent=724862"}],"wp:term":[{"taxonomy":"product_brand","embeddable":true,"href":"https:\/\/roveyayinevi.com.tr\/index.php\/wp-json\/wp\/v2\/product_brand?post=724862"},{"taxonomy":"product_cat","embeddable":true,"href":"https:\/\/roveyayinevi.com.tr\/index.php\/wp-json\/wp\/v2\/product_cat?post=724862"},{"taxonomy":"product_tag","embeddable":true,"href":"https:\/\/roveyayinevi.com.tr\/index.php\/wp-json\/wp\/v2\/product_tag?post=724862"}],"curies":[{"name":"wp","href":"https:\/\/api.w.org\/{rel}","templated":true}]}}