{"id":724856,"date":"2025-08-27T19:40:51","date_gmt":"2025-08-27T16:40:51","guid":{"rendered":"https:\/\/roveyayinevi.com.tr\/index.php\/urun\/dogal-yasamda-safari\/"},"modified":"2026-04-16T02:32:46","modified_gmt":"2026-04-15T23:32:46","slug":"dogal-yasamda-safari","status":"publish","type":"product","link":"https:\/\/roveyayinevi.com.tr\/index.php\/urun\/dogal-yasamda-safari\/","title":{"rendered":"Do\u011fal Ya\u015famda Safari"},"content":{"rendered":"<p>Do\u011fal Ya\u015famda SafariDo\u011fal ya\u015famda safari yapmaya ne dersiniz?Bu kitapta birbirinden farkl\u0131 hayvanlar\u0131 tan\u0131rken e\u011flenceli ve \u00f6\u011fretici aktiviteler sizleri bekliyor.\u015eekil tamamlama, gizli olan\u0131 bulma ve soru-cevap aktiviteleriyle do\u011fal ya\u015fam\u0131 tan\u0131rken \u00e7ocu\u011funuzda dikkat ve odaklanma, dil becerisi, g\u00f6rsel alg\u0131, ince motor  becerilerinde geli\u015fmeler sa\u011flar.<\/p>\n","protected":false},"excerpt":{"rendered":"<p>Do\u011fal Ya\u015famda SafariDo\u011fal ya\u015famda safari yapmaya ne dersiniz?Bu kitapta birbirinden farkl\u0131 hayvanlar\u0131 tan\u0131rken e\u011flenceli ve \u00f6\u011fretici aktiviteler sizleri bekliyor.\u015eekil tamamlama, gizli olan\u0131 bulma ve soru-cevap aktiviteleriyle<span class=\"excerpt-hellip\"> [\u2026]<\/span><\/p>\n","protected":false},"featured_media":0,"template":"","meta":{"_monsterinsights_skip_tracking":false,"_monsterinsights_sitenote_active":false,"_monsterinsights_sitenote_note":"","_monsterinsights_sitenote_category":0},"product_brand":[],"product_cat":[12913,12274],"product_tag":[],"class_list":{"0":"post-724856","1":"product","2":"type-product","3":"status-publish","5":"product_cat-3-6-yas-kitaplari","6":"product_cat-cocuk-ve-genclik-kitaplari","7":"pa_cilt-ciltsiz","8":"pa_tur-kitap","9":"pa_yayinevi-dikkat-atolyesi-yayinlari","10":"pa_yazar-kolektif","12":"first","13":"instock","14":"sale","15":"shipping-taxable","16":"purchasable","17":"product-type-simple"},"_links":{"self":[{"href":"https:\/\/roveyayinevi.com.tr\/index.php\/wp-json\/wp\/v2\/product\/724856","targetHints":{"allow":["GET"]}}],"collection":[{"href":"https:\/\/roveyayinevi.com.tr\/index.php\/wp-json\/wp\/v2\/product"}],"about":[{"href":"https:\/\/roveyayinevi.com.tr\/index.php\/wp-json\/wp\/v2\/types\/product"}],"wp:attachment":[{"href":"https:\/\/roveyayinevi.com.tr\/index.php\/wp-json\/wp\/v2\/media?parent=724856"}],"wp:term":[{"taxonomy":"product_brand","embeddable":true,"href":"https:\/\/roveyayinevi.com.tr\/index.php\/wp-json\/wp\/v2\/product_brand?post=724856"},{"taxonomy":"product_cat","embeddable":true,"href":"https:\/\/roveyayinevi.com.tr\/index.php\/wp-json\/wp\/v2\/product_cat?post=724856"},{"taxonomy":"product_tag","embeddable":true,"href":"https:\/\/roveyayinevi.com.tr\/index.php\/wp-json\/wp\/v2\/product_tag?post=724856"}],"curies":[{"name":"wp","href":"https:\/\/api.w.org\/{rel}","templated":true}]}}