{"id":724850,"date":"2025-08-27T19:40:46","date_gmt":"2025-08-27T16:40:46","guid":{"rendered":"https:\/\/roveyayinevi.com.tr\/index.php\/urun\/nicin-kiskancim-hikayelerle-duygular-serisi\/"},"modified":"2026-04-16T02:32:46","modified_gmt":"2026-04-15T23:32:46","slug":"nicin-kiskancim-hikayelerle-duygular-serisi","status":"publish","type":"product","link":"https:\/\/roveyayinevi.com.tr\/index.php\/urun\/nicin-kiskancim-hikayelerle-duygular-serisi\/","title":{"rendered":"Ni\u00e7in K\u0131skanc\u0131m ? &#8211; Hikayelerle Duygular Serisi"},"content":{"rendered":"<p>Duygusal zeka,Empati Kurma,Nezaket Kurallar\u0131n\u0131 \u00d6\u011frenme gibi geli\u015fmeler sa\u011flaycakt\u0131r.Duygularla hikayeler serisinin bu kitab\u0131nda k\u0131skan\u00e7l\u0131k temas\u0131 ele al\u0131nm\u0131\u015ft\u0131r. Hikayeler hayvanlar\u0131n ba\u015f\u0131ndan ge\u00e7en olaylarla birle\u015ftirilerek daha anla\u015f\u0131l\u0131r hale getirilmi\u015ftir. Hikayeler Duygular Serisi \u00e7ocuklar\u0131n birbiriyle ili\u015fkilerini, birbirlerini anlamalar\u0131n\u0131 ve birbirlerine nas\u0131l davranmas\u0131 gerekti\u011fini \u00f6\u011fretiyor. <\/p>\n","protected":false},"excerpt":{"rendered":"<p>Duygusal zeka,Empati Kurma,Nezaket Kurallar\u0131n\u0131 \u00d6\u011frenme gibi geli\u015fmeler sa\u011flaycakt\u0131r.Duygularla hikayeler serisinin bu kitab\u0131nda k\u0131skan\u00e7l\u0131k temas\u0131 ele al\u0131nm\u0131\u015ft\u0131r. Hikayeler hayvanlar\u0131n ba\u015f\u0131ndan ge\u00e7en olaylarla birle\u015ftirilerek daha anla\u015f\u0131l\u0131r hale getirilmi\u015ftir.<span class=\"excerpt-hellip\"> [\u2026]<\/span><\/p>\n","protected":false},"featured_media":0,"template":"","meta":{"_monsterinsights_skip_tracking":false,"_monsterinsights_sitenote_active":false,"_monsterinsights_sitenote_note":"","_monsterinsights_sitenote_category":0},"product_brand":[],"product_cat":[12913,12274],"product_tag":[],"class_list":{"0":"post-724850","1":"product","2":"type-product","3":"status-publish","5":"product_cat-3-6-yas-kitaplari","6":"product_cat-cocuk-ve-genclik-kitaplari","7":"pa_cilt-ciltsiz","8":"pa_tur-kitap","9":"pa_yayinevi-dikkat-atolyesi-yayinlari","10":"pa_yazar-elena-ulyeva","12":"first","13":"instock","14":"sale","15":"shipping-taxable","16":"purchasable","17":"product-type-simple"},"_links":{"self":[{"href":"https:\/\/roveyayinevi.com.tr\/index.php\/wp-json\/wp\/v2\/product\/724850","targetHints":{"allow":["GET"]}}],"collection":[{"href":"https:\/\/roveyayinevi.com.tr\/index.php\/wp-json\/wp\/v2\/product"}],"about":[{"href":"https:\/\/roveyayinevi.com.tr\/index.php\/wp-json\/wp\/v2\/types\/product"}],"wp:attachment":[{"href":"https:\/\/roveyayinevi.com.tr\/index.php\/wp-json\/wp\/v2\/media?parent=724850"}],"wp:term":[{"taxonomy":"product_brand","embeddable":true,"href":"https:\/\/roveyayinevi.com.tr\/index.php\/wp-json\/wp\/v2\/product_brand?post=724850"},{"taxonomy":"product_cat","embeddable":true,"href":"https:\/\/roveyayinevi.com.tr\/index.php\/wp-json\/wp\/v2\/product_cat?post=724850"},{"taxonomy":"product_tag","embeddable":true,"href":"https:\/\/roveyayinevi.com.tr\/index.php\/wp-json\/wp\/v2\/product_tag?post=724850"}],"curies":[{"name":"wp","href":"https:\/\/api.w.org\/{rel}","templated":true}]}}