{"id":724834,"date":"2025-08-27T19:40:33","date_gmt":"2025-08-27T16:40:33","guid":{"rendered":"https:\/\/roveyayinevi.com.tr\/index.php\/urun\/virus-uc-aylik-kultur-sanat-ve-edebiyat-ortak-kitabi-sayi-4-temmuz-agustos-eylul-2020\/"},"modified":"2026-04-16T02:32:45","modified_gmt":"2026-04-15T23:32:45","slug":"virus-uc-aylik-kultur-sanat-ve-edebiyat-ortak-kitabi-sayi-4-temmuz-agustos-eylul-2020","status":"publish","type":"product","link":"https:\/\/roveyayinevi.com.tr\/index.php\/urun\/virus-uc-aylik-kultur-sanat-ve-edebiyat-ortak-kitabi-sayi-4-temmuz-agustos-eylul-2020\/","title":{"rendered":"Vir\u00fcs \u00dc\u00e7 Ayl\u0131k K\u00fclt\u00fcr \u2013 Sanat Ve Edebiyat Ortak Kitab\u0131 Say\u0131: 4 (Temmuz \u2013 A\u011fustos \u2013 Eyl\u00fcl 2020)"},"content":{"rendered":"<p>V\u0130R\u00dcS (Say\u0131: 4 Temmuz \u2013 A\u011fustos \u2013 Eyl\u00fcl 2020) \u00dc\u00e7 Ayl\u0131k K\u00fclt\u00fcr\u2013Sanat ve Edebiyat Ortak Kitab\u0131V\u0130R\u00dcS\u2019\u00fcn ilk \u00fc\u00e7 say\u0131s\u0131n\u0131 ilgiyle kar\u015f\u0131layan, sesimize ses veren herkese te\u015fekk\u00fcr ediyoruz\u2026 \u201cV\u0130R\u00dcS\u201d\u00fcn 4. say\u0131s\u0131 a\u015fa\u011f\u0131daki dostlar\u0131m\u0131zla birlikte elinizde\u2026 Bedri Rahmi Ey\u00fcbo\u011flu \u00d6zdemir Asaf Do\u011fan H\u0131zlan Egemen Berk\u00f6z G\u00fcven Turan \u0130smail Mert Ba\u015fat Arthur Rimbaud Kenan Sar\u0131alio\u011flu Ahmet Telli A. \u00d6mer T\u00fcrke\u015f \u015e\u00fckr\u00fc Erba\u015f William Wordsworth Nazmi A\u011f\u0131l H\u00fcseyin Ferhad Ay\u015fe Sar\u0131say\u0131n Gabriela Mistral Ay\u015fe Nihal Akbulut Hasan \u00d6ztoprak Haydar Erg\u00fclen Mehmet Ya\u015f\u0131n Maria Antonia Ortega Tozan Alkan Yekta Kopan Neslihan \u00d6ndero\u011flu Emirhan O\u011fuz Semiramis Ya\u011fc\u0131o\u011flu Akif Kurtulu\u015f \u015eeref Bilsel W. B. Bayr\u0131l Taner Ay Salih Bolat Tamer G\u00fclbek Valeri Borisovi\u00e7 Bo\u00e7kov U\u011fur B\u00fcke Turgay Fi\u015fek\u00e7i Deniz Durukan Mehmet Rifat Ilya Kaminsky Yaprak Damla Y\u0131ld\u0131r\u0131m \u0130smail Cem Do\u011fru Theodoros Grigorisdis Fulya Ko\u00e7ak Sanaz Davudzadefar Ha\u015fim H\u00fcsrev\u015fahi Jehan Barbur Burak Abatay G\u00fcl\u00fcmser \u00c7ankaya James Byrne Ekin Can G\u00f6ksoy Serdar Ayd\u0131n Perihan Baykal Ozan \u00d6ztepe Diane Frank \u00d6zge Cengiz G\u00f6ksu N. \u00c7ak\u0131r \u00d6nder \u00c7olako\u011flu Edgar Lee Maters Murat Bekar Ewa Lipska Hakan Ko\u00e7yi\u011fit Yorgos Markopulos Tanos Zarangalis S\u00fcreyyya Evren Ahmet Say Selahattin Yolgiden Fahri \u00d6zdemir Evrim Altu\u011f Pablo J. Rico Tolga Korkut<\/p>\n","protected":false},"excerpt":{"rendered":"<p>V\u0130R\u00dcS (Say\u0131: 4 Temmuz \u2013 A\u011fustos \u2013 Eyl\u00fcl 2020) \u00dc\u00e7 Ayl\u0131k K\u00fclt\u00fcr\u2013Sanat ve Edebiyat Ortak Kitab\u0131V\u0130R\u00dcS\u2019\u00fcn ilk \u00fc\u00e7 say\u0131s\u0131n\u0131 ilgiyle kar\u015f\u0131layan, sesimize ses veren herkese te\u015fekk\u00fcr<span class=\"excerpt-hellip\"> [\u2026]<\/span><\/p>\n","protected":false},"featured_media":0,"template":"","meta":{"_monsterinsights_skip_tracking":false,"_monsterinsights_sitenote_active":false,"_monsterinsights_sitenote_note":"","_monsterinsights_sitenote_category":0},"product_brand":[],"product_cat":[30023,13527],"product_tag":[],"class_list":{"0":"post-724834","1":"product","2":"type-product","3":"status-publish","5":"product_cat-edebiyat-sureli-yayinlar","6":"product_cat-sureli-yayinlar","7":"pa_cilt-ciltsiz","8":"pa_tur-dergi","9":"pa_yayinevi-virus-dergisi","10":"pa_yazar-kolektif","12":"first","13":"instock","14":"sale","15":"shipping-taxable","16":"purchasable","17":"product-type-simple"},"_links":{"self":[{"href":"https:\/\/roveyayinevi.com.tr\/index.php\/wp-json\/wp\/v2\/product\/724834","targetHints":{"allow":["GET"]}}],"collection":[{"href":"https:\/\/roveyayinevi.com.tr\/index.php\/wp-json\/wp\/v2\/product"}],"about":[{"href":"https:\/\/roveyayinevi.com.tr\/index.php\/wp-json\/wp\/v2\/types\/product"}],"wp:attachment":[{"href":"https:\/\/roveyayinevi.com.tr\/index.php\/wp-json\/wp\/v2\/media?parent=724834"}],"wp:term":[{"taxonomy":"product_brand","embeddable":true,"href":"https:\/\/roveyayinevi.com.tr\/index.php\/wp-json\/wp\/v2\/product_brand?post=724834"},{"taxonomy":"product_cat","embeddable":true,"href":"https:\/\/roveyayinevi.com.tr\/index.php\/wp-json\/wp\/v2\/product_cat?post=724834"},{"taxonomy":"product_tag","embeddable":true,"href":"https:\/\/roveyayinevi.com.tr\/index.php\/wp-json\/wp\/v2\/product_tag?post=724834"}],"curies":[{"name":"wp","href":"https:\/\/api.w.org\/{rel}","templated":true}]}}