{"id":724829,"date":"2025-08-27T19:40:21","date_gmt":"2025-08-27T16:40:21","guid":{"rendered":"https:\/\/roveyayinevi.com.tr\/index.php\/urun\/derin-yol\/"},"modified":"2026-04-08T02:41:13","modified_gmt":"2026-04-07T23:41:13","slug":"derin-yol","status":"publish","type":"product","link":"https:\/\/roveyayinevi.com.tr\/index.php\/urun\/derin-yol\/","title":{"rendered":"Derin Yol"},"content":{"rendered":"<p>Ya bu kitap kendini bulma yolculu\u011fun i\u00e7in bir davetse?..Derin Yol\u2019da sizi pe\u015finden s\u00fcr\u00fckleyecek g\u00fc\u00e7l\u00fc karakterlerle tan\u0131\u015facaks\u0131n\u0131z ama o salt bir roman de\u011fil. Derin Yol\u2019da sizin ger\u00e7ek potansiyelinizi ve mutlulu\u011funuzu s\u0131n\u0131rlayan blokajlardan \u00f6zg\u00fcrle\u015fmenizi sa\u011flayacak ve daha g\u00fczel bir realitede daha huzurlu, daha keyifli, daha tatmink\u00e2r ve \u2018an\u2019da ya\u015faman\u0131z\u0131 hedefleyen bilgiler hatta i\u00e7ine serpi\u015ft&#8221;irilmi\u015f teknikler bulacaks\u0131n\u0131z ama o bir ki\u015fisel geli\u015fim kitab\u0131 da de\u011fil. Bu kitab\u0131 okurken kendinizden saklad\u0131\u011f\u0131n\u0131z par\u00e7alarla y\u00fczle\u015febilecek, y\u00fczle\u015ftik\u00e7e de i\u00e7sel hesapla\u015fmalar\u0131n\u0131z\u0131n dosyalar\u0131n\u0131 tek tek kapatma imk\u00e2n\u0131 bulabileceksiniz ama bu bir psikolojik kitap da de\u011fil. Derin Yol i\u00e7in, \u2018hayat\u0131n t\u00fcm pencerelerinden d\u00fcnyay\u0131 pozitif bir persfektiften g\u00f6rmenizi sa\u011flayacak, bilin\u00e7 kapasitelerinizi kodlay\u0131c\u0131, haz\u0131rlay\u0131c\u0131, a\u00e7\u0131c\u0131 ve uyand\u0131r\u0131c\u0131 bir fonksiyonu vard\u0131r\u2019 demek daha net bir tan\u0131m&#8230;Ya bu kitap hapsetti\u011fin, kafese soktu\u011fun hayat\u0131n ve kendin i\u00e7in bir \u00f6zg\u00fcrle\u015fme rehberi olacaksa?..&#8221;Roman\u0131m\u0131n ba\u015f kahraman\u0131 Derin, kitab\u0131mdaki ba\u015fk\u00f6\u015fedeki yerini almadan hayli zaman \u00f6nce, yine kendimi yapayaln\u0131z, ya\u015fam i\u00e7inde s\u0131k\u0131\u015f\u0131p kalm\u0131\u015f ve mutsuz hissetti\u011fim bir an\u0131mda usulca yan\u0131ma gelmi\u015f ve ben ac\u0131lar\u0131mla bo\u011fu\u015furken kula\u011f\u0131ma o kadifemsi ses tonuyla \u015f\u00f6yle demi\u015fti:\u2018\u00d6yle bir an gelir ki, t\u00fcm \u00e7\u0131k\u0131\u015flar\u0131n kapand\u0131\u011f\u0131n\u0131, t\u00fcm renklerin siyaha boyand\u0131\u011f\u0131n\u0131, t\u00fcm hayallerinin dipsiz bir kuyunun i\u00e7inde kayboldu\u011funu zannedersin. \u00d6yle de\u011fil i\u015fte&#8230; O nokta; senin, derinli\u011finde seni bekleyen o yolda o yolculu\u011fa \u00e7\u0131kman i\u00e7in start verdi\u011fin zamand\u0131r. O nokta, kaybetti\u011fin seni bulaca\u011f\u0131n yolun ba\u015flang\u0131\u00e7 noktas\u0131d\u0131r.\u2019O olmasayd\u0131 ben bu kitab\u0131 yazamazd\u0131m. Me\u011fer ben onunla Derin Yol\u2019da y\u00fcr\u00fcmeye mecburmu\u015fum. Derin kim mi? Asl\u0131nda okuyunca anlayacaks\u0131n\u0131z ki o soruyu zaman zaman ben de \u00e7ok sordum. \u2018Sonunda cevab\u0131 buldum mu?\u2019 \u2018Evet, buldum.\u2019Bu kitap \u015fu anda elinde ise seni \u0131\u015f\u0131\u011fa \u00e7\u0131karacak kendi derinliklerindeki bir Derin ile sen de bulu\u015facaks\u0131n demektir&#8230;<\/p>\n","protected":false},"excerpt":{"rendered":"<p>Ya bu kitap kendini bulma yolculu\u011fun i\u00e7in bir davetse?..Derin Yol\u2019da sizi pe\u015finden s\u00fcr\u00fckleyecek g\u00fc\u00e7l\u00fc karakterlerle tan\u0131\u015facaks\u0131n\u0131z ama o salt bir roman de\u011fil. Derin Yol\u2019da sizin ger\u00e7ek<span class=\"excerpt-hellip\"> [\u2026]<\/span><\/p>\n","protected":false},"featured_media":0,"template":"","meta":{"_monsterinsights_skip_tracking":false,"_monsterinsights_sitenote_active":false,"_monsterinsights_sitenote_note":"","_monsterinsights_sitenote_category":0},"product_brand":[],"product_cat":[12291,12711],"product_tag":[],"class_list":{"0":"post-724829","1":"product","2":"type-product","3":"status-publish","5":"product_cat-edebiyat","6":"product_cat-roman-oyku","7":"pa_cilt-ciltsiz","8":"pa_tur-kitap","9":"pa_yayinevi-feniks-yayinlari","10":"pa_yazar-solmaz-sahin","12":"first","13":"instock","14":"sale","15":"shipping-taxable","16":"purchasable","17":"product-type-simple"},"_links":{"self":[{"href":"https:\/\/roveyayinevi.com.tr\/index.php\/wp-json\/wp\/v2\/product\/724829","targetHints":{"allow":["GET"]}}],"collection":[{"href":"https:\/\/roveyayinevi.com.tr\/index.php\/wp-json\/wp\/v2\/product"}],"about":[{"href":"https:\/\/roveyayinevi.com.tr\/index.php\/wp-json\/wp\/v2\/types\/product"}],"wp:attachment":[{"href":"https:\/\/roveyayinevi.com.tr\/index.php\/wp-json\/wp\/v2\/media?parent=724829"}],"wp:term":[{"taxonomy":"product_brand","embeddable":true,"href":"https:\/\/roveyayinevi.com.tr\/index.php\/wp-json\/wp\/v2\/product_brand?post=724829"},{"taxonomy":"product_cat","embeddable":true,"href":"https:\/\/roveyayinevi.com.tr\/index.php\/wp-json\/wp\/v2\/product_cat?post=724829"},{"taxonomy":"product_tag","embeddable":true,"href":"https:\/\/roveyayinevi.com.tr\/index.php\/wp-json\/wp\/v2\/product_tag?post=724829"}],"curies":[{"name":"wp","href":"https:\/\/api.w.org\/{rel}","templated":true}]}}