{"id":724828,"date":"2025-08-27T19:40:20","date_gmt":"2025-08-27T16:40:20","guid":{"rendered":"https:\/\/roveyayinevi.com.tr\/index.php\/urun\/ficilarda-yasamak\/"},"modified":"2026-04-16T02:32:45","modified_gmt":"2026-04-15T23:32:45","slug":"ficilarda-yasamak","status":"publish","type":"product","link":"https:\/\/roveyayinevi.com.tr\/index.php\/urun\/ficilarda-yasamak\/","title":{"rendered":"F\u0131\u00e7\u0131larda Ya\u015famak"},"content":{"rendered":"<p>\u201cEvrende, do\u011fada hi\u00e7bir \u015fey kendisi i\u00e7in ya\u015famazNehirler kendi suyunu i\u00e7emezA\u011fa\u00e7lar kendi meyvelerini yiyemezG\u00fcne\u015f kendisi i\u00e7in \u0131s\u0131tmazAy kendisi i\u00e7in parlamaz \u00c7i\u00e7ekler kendileri i\u00e7in kokmazToprak kendisi i\u00e7in do\u011furmazR\u00fczg\u00e2r kendisi i\u00e7in esmezBulutlar kendi ya\u011fmurlar\u0131ndan \u0131slanmazDo\u011fa yasas\u0131n\u0131n ilk maddesi \u015fudur:Her \u015fey birbiri i\u00e7in ya\u015far.Birbiri i\u00e7in ya\u015famak, birlik ve b\u00fct\u00fcnl\u00fc\u011f\u00fc sa\u011flarEski \u00e7a\u011flardan beri gelen bir prensiptir bu:Ben\u2019i Sen yaparSonra Ben\u2019i ve Sen\u2019i Biz yapar\u2026\u201dBu kitap, g\u00fcn\u00fcm\u00fcz\u00fcn u\u00e7ar\u0131 ya\u015fam tarz\u0131na ve i\u00e7inde bulundu\u011fumuz toplumsal \u015fa\u015fk\u0131nl\u0131\u011fa k\u00fclt\u00fcrel ele\u015ftiriler y\u00f6neltmekle yetinmiyor; ayn\u0131 zamanda tarihten \u00f6rnekler vererek, gelece\u011fe dair umudumuzu besleyen, k\u00f6t\u00fcc\u00fcl cinlere, melun ruhlara kafa tutan, d\u00fc\u015f\u00fcnce ve eylemleriyle uygarl\u0131\u011f\u0131n ye\u015fermesine, insanl\u0131\u011f\u0131n ilerlemesine katk\u0131da bulunan, bizi kendi \u00f6zg\u00fcn tarihimizi ya\u015famaya ikna eden, bize ya\u015fam enerjisi a\u015f\u0131layan dehalar\u0131n, eylem adamlar\u0131n\u0131n, bilge kad\u0131nlar\u0131n ve y\u00fcce \u015fahsiyetlerin \u00f6zg\u00fcrl\u00fck, e\u015fitlik ve adalete adanm\u0131\u015f benzersiz ya\u015famlar\u0131n\u0131 da g\u00f6zler \u00f6n\u00fcne seriyor.<\/p>\n","protected":false},"excerpt":{"rendered":"<p>\u201cEvrende, do\u011fada hi\u00e7bir \u015fey kendisi i\u00e7in ya\u015famazNehirler kendi suyunu i\u00e7emezA\u011fa\u00e7lar kendi meyvelerini yiyemezG\u00fcne\u015f kendisi i\u00e7in \u0131s\u0131tmazAy kendisi i\u00e7in parlamaz \u00c7i\u00e7ekler kendileri i\u00e7in kokmazToprak kendisi i\u00e7in do\u011furmazR\u00fczg\u00e2r<span class=\"excerpt-hellip\"> [\u2026]<\/span><\/p>\n","protected":false},"featured_media":0,"template":"","meta":{"_monsterinsights_skip_tracking":false,"_monsterinsights_sitenote_active":false,"_monsterinsights_sitenote_note":"","_monsterinsights_sitenote_category":0},"product_brand":[],"product_cat":[12291,12711],"product_tag":[],"class_list":{"0":"post-724828","1":"product","2":"type-product","3":"status-publish","5":"product_cat-edebiyat","6":"product_cat-roman-oyku","7":"pa_cilt-ciltsiz","8":"pa_tur-kitap","9":"pa_yayinevi-kafka-yayinevi","10":"pa_yazar-sadik-usta","12":"first","13":"instock","14":"sale","15":"shipping-taxable","16":"purchasable","17":"product-type-simple"},"_links":{"self":[{"href":"https:\/\/roveyayinevi.com.tr\/index.php\/wp-json\/wp\/v2\/product\/724828","targetHints":{"allow":["GET"]}}],"collection":[{"href":"https:\/\/roveyayinevi.com.tr\/index.php\/wp-json\/wp\/v2\/product"}],"about":[{"href":"https:\/\/roveyayinevi.com.tr\/index.php\/wp-json\/wp\/v2\/types\/product"}],"wp:attachment":[{"href":"https:\/\/roveyayinevi.com.tr\/index.php\/wp-json\/wp\/v2\/media?parent=724828"}],"wp:term":[{"taxonomy":"product_brand","embeddable":true,"href":"https:\/\/roveyayinevi.com.tr\/index.php\/wp-json\/wp\/v2\/product_brand?post=724828"},{"taxonomy":"product_cat","embeddable":true,"href":"https:\/\/roveyayinevi.com.tr\/index.php\/wp-json\/wp\/v2\/product_cat?post=724828"},{"taxonomy":"product_tag","embeddable":true,"href":"https:\/\/roveyayinevi.com.tr\/index.php\/wp-json\/wp\/v2\/product_tag?post=724828"}],"curies":[{"name":"wp","href":"https:\/\/api.w.org\/{rel}","templated":true}]}}