{"id":724827,"date":"2025-08-27T19:40:19","date_gmt":"2025-08-27T16:40:19","guid":{"rendered":"https:\/\/roveyayinevi.com.tr\/index.php\/urun\/eksik\/"},"modified":"2026-04-15T02:43:05","modified_gmt":"2026-04-14T23:43:05","slug":"eksik","status":"publish","type":"product","link":"https:\/\/roveyayinevi.com.tr\/index.php\/urun\/eksik\/","title":{"rendered":"Eksik"},"content":{"rendered":"<p>Hi\u00e7bir \u015feyi kutsal\u0131na d\u00f6n\u00fc\u015ft\u00fcrmeyecek kadar postmodern bir kad\u0131n; Sedef.Tutkulu ve bir o kadar da kibirli bir adam; Toprak. Hesapta olmayan bir tan\u0131\u015fma. Sedef\u2019in g\u00f6zleriyle bulu\u015fan Toprak\u2019\u0131n, G\u00fclce\u2019ye verdi\u011fi b\u00fct\u00fcn s\u00f6zleri rafa kald\u0131r\u0131\u015f\u0131. Neye \u00e7ekildi\u011fini fark edemeyen Sedef\u2019in yasak bir a\u015fk\u0131n kollar\u0131nda uyan\u0131\u015f\u0131. Kar\u015f\u0131 konulamayan hislerin yerini alan dayan\u0131lmaz sanc\u0131lar. Onca sanc\u0131ya ra\u011fmen masal diyar\u0131nda ya\u015fanan e\u015fsiz saatler. O e\u015fsizli\u011fin t\u00fcm \u00f6mre yay\u0131lan etkisi; Eksik\u2026\u201cPortekizce\u2019de bir s\u00f6zc\u00fck var; saudade. Birine ya da bir \u015feye duyulan tarifsiz \u00f6zlemi ifade etmek istediklerinde kullan\u0131rlar. Daha \u00e7ok mazide kalan, tekrar ya\u015fanmas\u0131 arzulanan ama ya\u015fanmayaca\u011f\u0131 bilinen durumlar\u0131n tasvirinde, tatl\u0131 ac\u0131 bir hasreti anlatmak i\u00e7in. Eksik kalmak ama \u00e7aresinin de olmamas\u0131. Epey merak etmi\u015ftim o hissi, \u015fimdi o kadar iyi anl\u0131yorum ki te\u015fekk\u00fcr ederim.\u201d<\/p>\n","protected":false},"excerpt":{"rendered":"<p>Hi\u00e7bir \u015feyi kutsal\u0131na d\u00f6n\u00fc\u015ft\u00fcrmeyecek kadar postmodern bir kad\u0131n; Sedef.Tutkulu ve bir o kadar da kibirli bir adam; Toprak. Hesapta olmayan bir tan\u0131\u015fma. Sedef\u2019in g\u00f6zleriyle bulu\u015fan Toprak\u2019\u0131n,<span class=\"excerpt-hellip\"> [\u2026]<\/span><\/p>\n","protected":false},"featured_media":0,"template":"","meta":{"_monsterinsights_skip_tracking":false,"_monsterinsights_sitenote_active":false,"_monsterinsights_sitenote_note":"","_monsterinsights_sitenote_category":0},"product_brand":[],"product_cat":[12291,12711],"product_tag":[],"class_list":{"0":"post-724827","1":"product","2":"type-product","3":"status-publish","5":"product_cat-edebiyat","6":"product_cat-roman-oyku","7":"pa_cilt-ciltsiz","8":"pa_tur-kitap","9":"pa_yayinevi-ephesus-yayinlari","10":"pa_yazar-fatma-katircioglu","12":"first","13":"instock","14":"sale","15":"shipping-taxable","16":"purchasable","17":"product-type-simple"},"_links":{"self":[{"href":"https:\/\/roveyayinevi.com.tr\/index.php\/wp-json\/wp\/v2\/product\/724827","targetHints":{"allow":["GET"]}}],"collection":[{"href":"https:\/\/roveyayinevi.com.tr\/index.php\/wp-json\/wp\/v2\/product"}],"about":[{"href":"https:\/\/roveyayinevi.com.tr\/index.php\/wp-json\/wp\/v2\/types\/product"}],"wp:attachment":[{"href":"https:\/\/roveyayinevi.com.tr\/index.php\/wp-json\/wp\/v2\/media?parent=724827"}],"wp:term":[{"taxonomy":"product_brand","embeddable":true,"href":"https:\/\/roveyayinevi.com.tr\/index.php\/wp-json\/wp\/v2\/product_brand?post=724827"},{"taxonomy":"product_cat","embeddable":true,"href":"https:\/\/roveyayinevi.com.tr\/index.php\/wp-json\/wp\/v2\/product_cat?post=724827"},{"taxonomy":"product_tag","embeddable":true,"href":"https:\/\/roveyayinevi.com.tr\/index.php\/wp-json\/wp\/v2\/product_tag?post=724827"}],"curies":[{"name":"wp","href":"https:\/\/api.w.org\/{rel}","templated":true}]}}