{"id":724824,"date":"2025-08-27T19:40:17","date_gmt":"2025-08-27T16:40:17","guid":{"rendered":"https:\/\/roveyayinevi.com.tr\/index.php\/urun\/sadi\/"},"modified":"2026-04-16T02:32:45","modified_gmt":"2026-04-15T23:32:45","slug":"sadi","status":"publish","type":"product","link":"https:\/\/roveyayinevi.com.tr\/index.php\/urun\/sadi\/","title":{"rendered":"Sadi"},"content":{"rendered":"<p>Fars dilinin ve d\u00fc\u015f\u00fcncesinin en b\u00fcy\u00fck dehalar\u0131ndan biri olan S\u00e2di \u015eir\u00e2z\u00ee hem ya\u015fad\u0131\u011f\u0131 on \u00fc\u00e7\u00fcnc\u00fc y\u00fczy\u0131lda hem de sonraki y\u00fczy\u0131llar boyunca sevginin ve bilgeli\u011fin timsali olarak g\u00f6r\u00fclm\u00fc\u015ft\u00fcr. \u0130slam medeniyetinin edebiyat alan\u0131ndaki birikiminden s\u00f6z edilirken akla ilk gelen isimlerden biri olan S\u00e2di, insanl\u0131\u011fa Bostan ve G\u00fclistan gibi iki b\u00fcy\u00fck abide eser b\u0131rakm\u0131\u015ft\u0131r. Oxford \u00dcniversitesi \u015earkiyat \u00c7al\u0131\u015fmalar\u0131 Fak\u00fcltesi \u00f6\u011fretim \u00fcyesi \u0130ranl\u0131 tarih\u00e7i Homa Katouzian bu k\u00fc\u00e7\u00fck ama i\u00e7g\u00f6r\u00fcl\u00fc eserde S\u00e2di\u2019yi b\u00fct\u00fcn y\u00f6nleriyle ele al\u0131yor ve T\u00fcrkiye\u2019deki okurlar i\u00e7in S\u00e2di\u2019ye ve \u00e7a\u011f\u0131na yepyeni, capcanl\u0131 bir bak\u0131\u015f a\u00e7\u0131s\u0131 sunuyor.<\/p>\n","protected":false},"excerpt":{"rendered":"<p>Fars dilinin ve d\u00fc\u015f\u00fcncesinin en b\u00fcy\u00fck dehalar\u0131ndan biri olan S\u00e2di \u015eir\u00e2z\u00ee hem ya\u015fad\u0131\u011f\u0131 on \u00fc\u00e7\u00fcnc\u00fc y\u00fczy\u0131lda hem de sonraki y\u00fczy\u0131llar boyunca sevginin ve bilgeli\u011fin timsali olarak<span class=\"excerpt-hellip\"> [\u2026]<\/span><\/p>\n","protected":false},"featured_media":0,"template":"","meta":{"_monsterinsights_skip_tracking":false,"_monsterinsights_sitenote_active":false,"_monsterinsights_sitenote_note":"","_monsterinsights_sitenote_category":0},"product_brand":[],"product_cat":[13946,12304],"product_tag":[],"class_list":{"0":"post-724824","1":"product","2":"type-product","3":"status-publish","5":"product_cat-biyografi-otobiyografi","6":"product_cat-tarih","7":"pa_cilt-ciltsiz","8":"pa_tur-kitap","9":"pa_yayinevi-vakifbank-kultur-yayinlari","10":"pa_yazar-homa-katouzian","12":"first","13":"instock","14":"sale","15":"shipping-taxable","16":"purchasable","17":"product-type-simple"},"_links":{"self":[{"href":"https:\/\/roveyayinevi.com.tr\/index.php\/wp-json\/wp\/v2\/product\/724824","targetHints":{"allow":["GET"]}}],"collection":[{"href":"https:\/\/roveyayinevi.com.tr\/index.php\/wp-json\/wp\/v2\/product"}],"about":[{"href":"https:\/\/roveyayinevi.com.tr\/index.php\/wp-json\/wp\/v2\/types\/product"}],"wp:attachment":[{"href":"https:\/\/roveyayinevi.com.tr\/index.php\/wp-json\/wp\/v2\/media?parent=724824"}],"wp:term":[{"taxonomy":"product_brand","embeddable":true,"href":"https:\/\/roveyayinevi.com.tr\/index.php\/wp-json\/wp\/v2\/product_brand?post=724824"},{"taxonomy":"product_cat","embeddable":true,"href":"https:\/\/roveyayinevi.com.tr\/index.php\/wp-json\/wp\/v2\/product_cat?post=724824"},{"taxonomy":"product_tag","embeddable":true,"href":"https:\/\/roveyayinevi.com.tr\/index.php\/wp-json\/wp\/v2\/product_tag?post=724824"}],"curies":[{"name":"wp","href":"https:\/\/api.w.org\/{rel}","templated":true}]}}