{"id":724821,"date":"2025-08-27T19:40:15","date_gmt":"2025-08-27T16:40:15","guid":{"rendered":"https:\/\/roveyayinevi.com.tr\/index.php\/urun\/kizila-boyali-geceler\/"},"modified":"2025-11-21T06:06:42","modified_gmt":"2025-11-21T03:06:42","slug":"kizila-boyali-geceler","status":"publish","type":"product","link":"https:\/\/roveyayinevi.com.tr\/index.php\/urun\/kizila-boyali-geceler\/","title":{"rendered":"K\u0131z\u0131la Boyal\u0131 Geceler"},"content":{"rendered":"<p>\u015eairin uzun y\u0131llard\u0131r Avustralya\u2019da gurbette olmas\u0131 tabii olarak m\u0131sralara ilmik ilmik dokunmu\u015f. Herkes bilir ki bir i\u015f ba\u015fa gelmeden anla\u015f\u0131lm\u0131yor&#8230; \u015eiirlerde biriken h\u00fcz\u00fcn klasik bir birikintiden s\u00fcz\u00fclen s\u00f6zler de\u011fil. \u015eairin \u015fiirlerinde insan\u0131n -ki bilhassa gurbette olan- iliklerine dek hissettirdi\u011fi s\u0131la \u00f6zlemi var.Her bir m\u0131sra ana-baba-karde\u015f-vatan-bayrak-e\u015f-\u00e7ocuk a\u015fk\u0131yla dolu. Anlat\u0131m bi\u00e7imi sade, anla\u015f\u0131l\u0131r bir dil. Okurken yorulmuyorsunuz ve \u015fairin ruh d\u00fcnyas\u0131yla bir b\u00fct\u00fcn haline gelebiliyorsunuz. Ben okurken hissettim ve zevk ald\u0131m. \u015eiirlerin k\u0131sa olmas\u0131 da verimi artt\u0131rm\u0131\u015f g\u00f6r\u00fcn\u00fcyor. Okuyun ve tavsiye edin derim.<\/p>\n","protected":false},"excerpt":{"rendered":"<p>\u015eairin uzun y\u0131llard\u0131r Avustralya\u2019da gurbette olmas\u0131 tabii olarak m\u0131sralara ilmik ilmik dokunmu\u015f. Herkes bilir ki bir i\u015f ba\u015fa gelmeden anla\u015f\u0131lm\u0131yor&#8230; \u015eiirlerde biriken h\u00fcz\u00fcn klasik bir birikintiden<span class=\"excerpt-hellip\"> [\u2026]<\/span><\/p>\n","protected":false},"featured_media":0,"template":"","meta":{"_monsterinsights_skip_tracking":false,"_monsterinsights_sitenote_active":false,"_monsterinsights_sitenote_note":"","_monsterinsights_sitenote_category":0},"product_brand":[],"product_cat":[35958],"product_tag":[],"class_list":{"0":"post-724821","1":"product","2":"type-product","3":"status-publish","5":"product_cat-siir-2","6":"pa_cilt-ciltsiz","7":"pa_tur-kitap","8":"pa_yayinevi-us-yayinlari","9":"pa_yazar-ahmet-akif-yildirim","11":"first","12":"instock","13":"sale","14":"shipping-taxable","15":"purchasable","16":"product-type-simple"},"_links":{"self":[{"href":"https:\/\/roveyayinevi.com.tr\/index.php\/wp-json\/wp\/v2\/product\/724821","targetHints":{"allow":["GET"]}}],"collection":[{"href":"https:\/\/roveyayinevi.com.tr\/index.php\/wp-json\/wp\/v2\/product"}],"about":[{"href":"https:\/\/roveyayinevi.com.tr\/index.php\/wp-json\/wp\/v2\/types\/product"}],"wp:attachment":[{"href":"https:\/\/roveyayinevi.com.tr\/index.php\/wp-json\/wp\/v2\/media?parent=724821"}],"wp:term":[{"taxonomy":"product_brand","embeddable":true,"href":"https:\/\/roveyayinevi.com.tr\/index.php\/wp-json\/wp\/v2\/product_brand?post=724821"},{"taxonomy":"product_cat","embeddable":true,"href":"https:\/\/roveyayinevi.com.tr\/index.php\/wp-json\/wp\/v2\/product_cat?post=724821"},{"taxonomy":"product_tag","embeddable":true,"href":"https:\/\/roveyayinevi.com.tr\/index.php\/wp-json\/wp\/v2\/product_tag?post=724821"}],"curies":[{"name":"wp","href":"https:\/\/api.w.org\/{rel}","templated":true}]}}