{"id":724811,"date":"2025-08-27T19:40:07","date_gmt":"2025-08-27T16:40:07","guid":{"rendered":"https:\/\/roveyayinevi.com.tr\/index.php\/urun\/daima-ve-asla-senin\/"},"modified":"2026-04-16T02:32:45","modified_gmt":"2026-04-15T23:32:45","slug":"daima-ve-asla-senin","status":"publish","type":"product","link":"https:\/\/roveyayinevi.com.tr\/index.php\/urun\/daima-ve-asla-senin\/","title":{"rendered":"Daima ve Asla, Senin"},"content":{"rendered":"<p>YA KEND\u0130 A\u015eK H\u0130K\u00c2YEN\u0130ZDE B\u0130LE BA\u015eROL DE\u011e\u0130LSEN\u0130Z?Megan Harper bir \u00f6nceki k\u0131zd\u0131. T\u00fcm eski sevgilileri ondan ayr\u0131ld\u0131klar\u0131 gibi hayatlar\u0131n\u0131n a\u015fk\u0131n\u0131 bulmu\u015flard\u0131. Bu bir lanet de\u011fildi tabii, sadece i\u015fler b\u00f6yle y\u00fcr\u00fcyordu ve Megan\u2019\u0131n kendine ac\u0131maya ay\u0131racak vakti yoktu. Bunun yerine yeni ihtimallere, y\u00f6netece\u011fi tiyatro oyununa ve hayalindeki okulun talep etti\u011fi oyunculuk kredisini kar\u015f\u0131lamak i\u00e7in ufak bir rol kapmaya odaklanacakt\u0131. Juliet rol\u00fcn\u00fc ald\u0131\u011f\u0131nda (Evet, o Juliet), t\u00fcm planlar\u0131 alt\u00fcst oldu ve ailesinin ta\u015f\u0131nma planlar\u0131n\u0131 \u00f6\u011frenmesiyle birlikte en k\u00f6t\u00fc k\u00e2busunun i\u00e7ine d\u00fc\u015ft\u00fc. Hem tiyatroda hem de ger\u00e7ek hayatta sahne arkas\u0131nda olmaya al\u0131\u015f\u0131k biri olarak berbat bir oyuncu olabilirdi ama tiyatro oyunlar\u0131 yazmak isteyen Owen Okita\u2019yla tan\u0131\u015ft\u0131\u011f\u0131nda, g\u00f6rmezden gelinen karakterlerin de anlatacaklar\u0131 bir hik\u00e2ye oldu\u011funu kan\u0131tlama f\u0131rsat\u0131 bulacakt\u0131.\u201cRoman\u0131n komik, cesur, pi\u015fmanl\u0131k nedir bilmeyen ve sevimli kahraman\u0131 Megan, kendi hik\u00e2yesinin y\u0131ld\u0131z\u0131 olacak kadar cesur oldu\u011funu \u00f6\u011frenmek i\u00e7in m\u00fccadele ederken onun i\u00e7in tezah\u00fcrat yapmaktan kendinizi alamayacaks\u0131n\u0131z.\u201d \u2013Julie Buxbaum, Bana \u00dc\u00e7 \u015eey S\u00f6yle\u2019nin yazar\u0131<\/p>\n","protected":false},"excerpt":{"rendered":"<p>YA KEND\u0130 A\u015eK H\u0130K\u00c2YEN\u0130ZDE B\u0130LE BA\u015eROL DE\u011e\u0130LSEN\u0130Z?Megan Harper bir \u00f6nceki k\u0131zd\u0131. T\u00fcm eski sevgilileri ondan ayr\u0131ld\u0131klar\u0131 gibi hayatlar\u0131n\u0131n a\u015fk\u0131n\u0131 bulmu\u015flard\u0131. Bu bir lanet de\u011fildi tabii, sadece<span class=\"excerpt-hellip\"> [\u2026]<\/span><\/p>\n","protected":false},"featured_media":0,"template":"","meta":{"_monsterinsights_skip_tracking":false,"_monsterinsights_sitenote_active":false,"_monsterinsights_sitenote_note":"","_monsterinsights_sitenote_category":0},"product_brand":[],"product_cat":[14643,12291],"product_tag":[],"class_list":{"0":"post-724811","1":"product","2":"type-product","3":"status-publish","5":"product_cat-ask","6":"product_cat-edebiyat","7":"pa_cilt-ciltli","8":"pa_tur-kitap","9":"pa_yayinevi-yabanci-yayinevi","10":"pa_yazar-emily-wibberley-austin-siegemund-broka","12":"first","13":"instock","14":"sale","15":"shipping-taxable","16":"purchasable","17":"product-type-simple"},"_links":{"self":[{"href":"https:\/\/roveyayinevi.com.tr\/index.php\/wp-json\/wp\/v2\/product\/724811","targetHints":{"allow":["GET"]}}],"collection":[{"href":"https:\/\/roveyayinevi.com.tr\/index.php\/wp-json\/wp\/v2\/product"}],"about":[{"href":"https:\/\/roveyayinevi.com.tr\/index.php\/wp-json\/wp\/v2\/types\/product"}],"wp:attachment":[{"href":"https:\/\/roveyayinevi.com.tr\/index.php\/wp-json\/wp\/v2\/media?parent=724811"}],"wp:term":[{"taxonomy":"product_brand","embeddable":true,"href":"https:\/\/roveyayinevi.com.tr\/index.php\/wp-json\/wp\/v2\/product_brand?post=724811"},{"taxonomy":"product_cat","embeddable":true,"href":"https:\/\/roveyayinevi.com.tr\/index.php\/wp-json\/wp\/v2\/product_cat?post=724811"},{"taxonomy":"product_tag","embeddable":true,"href":"https:\/\/roveyayinevi.com.tr\/index.php\/wp-json\/wp\/v2\/product_tag?post=724811"}],"curies":[{"name":"wp","href":"https:\/\/api.w.org\/{rel}","templated":true}]}}