{"id":724783,"date":"2025-08-27T19:39:45","date_gmt":"2025-08-27T16:39:45","guid":{"rendered":"https:\/\/roveyayinevi.com.tr\/index.php\/urun\/hz-muhammedin-gazalari\/"},"modified":"2026-04-16T02:32:44","modified_gmt":"2026-04-15T23:32:44","slug":"hz-muhammedin-gazalari","status":"publish","type":"product","link":"https:\/\/roveyayinevi.com.tr\/index.php\/urun\/hz-muhammedin-gazalari\/","title":{"rendered":"Hz. Muhammed&#8217;in Gazalar\u0131"},"content":{"rendered":"<p>Osmanl\u0131\u2019n\u0131n son ve Cumhuriyet\u2019in ilk d\u00f6nemlerinde \u00e7e\u015fitli ar\u015fiv kaynaklar\u0131, kronikler ve yerli yabanc\u0131 bir\u00e7ok tarih\u00e7inin kitaplar\u0131ndan beslenerek yazd\u0131\u011f\u0131 kitaplarla \u201cTarihi Sevdiren Adam\u201d olarak me\u015fhur olan Ahmet Refik Alt\u0131nay\u2019\u0131n kitaplar\u0131 Tima\u015f okurlar\u0131yla bulu\u015fmaya devam ediyor. Sadele\u015ftirilmi\u015f ak\u0131c\u0131 bir \u00fcslupla haz\u0131rlanan serinin ikinci kitab\u0131 Hz. Muhammed\u2019in Gazalar\u0131\u2019nda, Ahmet Refik, Peygamber Efendimiz\u2019i bir asker\u00ee kumandan olarak ele al\u0131yor. \u00d6nce Peygamber Efendimiz\u2019in sava\u015f y\u00f6ntemini uzun uzad\u0131ya anlatarak \u0130slam sava\u015f ahlak\u0131n\u0131n \u00e7er\u00e7evelerini \u00e7iziyor ve Osmanl\u0131\u2019n\u0131n da bu \u00e7er\u00e7eve i\u00e7erisinde hareket etti\u011fi i\u00e7in cihan imparatorlu\u011funa d\u00f6n\u00fc\u015ft\u00fc\u011f\u00fcn\u00fc vurguluyor. Ard\u0131ndan, bizzat Hz. Peygamber\u2019in kat\u0131ld\u0131\u011f\u0131 ve \u0130slam m\u00fccahitleriyle omuz omuza m\u00fc\u015friklere kar\u015f\u0131 zorlu m\u00fccadeleler verdi\u011fi Bedir, Uhud, Hendek ve Huneyn sava\u015flar\u0131n\u0131 en ince ayr\u0131nt\u0131s\u0131na kadar okuyucular\u0131n g\u00f6zlerinin \u00f6n\u00fcne seriyor.Hz. Peygamber\u2019in etraf\u0131nda; Hz. Ali\u2019den Hz. Hamza\u2019ya, Hz. \u00d6mer\u2019den Sad bin Ebu Vakkas\u2019a, Cafer bin Ebu Talip\u2019ten Musab bin Umeyr\u2019e, Selman-\u0131 Farisi\u2019den Abdullah bin C\u00fcbeyr\u2019e Allah\u2019\u0131n dinini y\u00fcceltmek i\u00e7in m\u00fccadele eden pek \u00e7ok \u0130slam m\u00fccahidi bu kitapta bir zafer ge\u00e7idinde\u2026<\/p>\n","protected":false},"excerpt":{"rendered":"<p>Osmanl\u0131\u2019n\u0131n son ve Cumhuriyet\u2019in ilk d\u00f6nemlerinde \u00e7e\u015fitli ar\u015fiv kaynaklar\u0131, kronikler ve yerli yabanc\u0131 bir\u00e7ok tarih\u00e7inin kitaplar\u0131ndan beslenerek yazd\u0131\u011f\u0131 kitaplarla \u201cTarihi Sevdiren Adam\u201d olarak me\u015fhur olan Ahmet<span class=\"excerpt-hellip\"> [\u2026]<\/span><\/p>\n","protected":false},"featured_media":0,"template":"","meta":{"_monsterinsights_skip_tracking":false,"_monsterinsights_sitenote_active":false,"_monsterinsights_sitenote_note":"","_monsterinsights_sitenote_category":0},"product_brand":[],"product_cat":[12718,18102,12719],"product_tag":[],"class_list":{"0":"post-724783","1":"product","2":"type-product","3":"status-publish","5":"product_cat-din","6":"product_cat-edebiyat-roman","7":"product_cat-islam","8":"pa_cilt-ciltsiz","9":"pa_tur-kitap","10":"pa_yayinevi-timas-yayinlari","11":"pa_yazar-ahmed-refik","13":"first","14":"instock","15":"sale","16":"shipping-taxable","17":"purchasable","18":"product-type-simple"},"_links":{"self":[{"href":"https:\/\/roveyayinevi.com.tr\/index.php\/wp-json\/wp\/v2\/product\/724783","targetHints":{"allow":["GET"]}}],"collection":[{"href":"https:\/\/roveyayinevi.com.tr\/index.php\/wp-json\/wp\/v2\/product"}],"about":[{"href":"https:\/\/roveyayinevi.com.tr\/index.php\/wp-json\/wp\/v2\/types\/product"}],"wp:attachment":[{"href":"https:\/\/roveyayinevi.com.tr\/index.php\/wp-json\/wp\/v2\/media?parent=724783"}],"wp:term":[{"taxonomy":"product_brand","embeddable":true,"href":"https:\/\/roveyayinevi.com.tr\/index.php\/wp-json\/wp\/v2\/product_brand?post=724783"},{"taxonomy":"product_cat","embeddable":true,"href":"https:\/\/roveyayinevi.com.tr\/index.php\/wp-json\/wp\/v2\/product_cat?post=724783"},{"taxonomy":"product_tag","embeddable":true,"href":"https:\/\/roveyayinevi.com.tr\/index.php\/wp-json\/wp\/v2\/product_tag?post=724783"}],"curies":[{"name":"wp","href":"https:\/\/api.w.org\/{rel}","templated":true}]}}