{"id":724774,"date":"2025-08-27T19:39:38","date_gmt":"2025-08-27T16:39:38","guid":{"rendered":"https:\/\/roveyayinevi.com.tr\/index.php\/urun\/insan-haklari-2\/"},"modified":"2026-04-16T02:32:29","modified_gmt":"2026-04-15T23:32:29","slug":"insan-haklari-2","status":"publish","type":"product","link":"https:\/\/roveyayinevi.com.tr\/index.php\/urun\/insan-haklari-2\/","title":{"rendered":"\u0130nsan Haklar\u0131"},"content":{"rendered":"<p>\u0130nsan haklar\u0131 konusunda yaz\u0131lan bu kitap de\u011fi\u015fik a\u00e7\u0131lardan yakla\u015f\u0131mlarda bulunarak, konuya bir a\u00e7\u0131kl\u0131k getirmek ve sorunu her t\u00fcrl\u00fc ay\u0131r\u0131m\u0131n \u00f6tesinde, bir b\u00fct\u00fcnsellik i\u00e7inde ortaya koymak amac\u0131yla haz\u0131rlanm\u0131\u015ft\u0131r. \u0130lk b\u00f6l\u00fcmde insan haklar\u0131n\u0131n boyutlar\u0131 genel anlamda ele al\u0131nm\u0131\u015f ve i\u015flenmi\u015ftir. Bu yap\u0131l\u0131rken, soruna bir genel \u00e7er\u00e7eve \u00e7izilmeye \u00e7al\u0131\u015f\u0131lm\u0131\u015ft\u0131r.Kitapta, insan haklar\u0131n\u0131n boyutlar\u0131 genel anlamda ele al\u0131nm\u0131\u015f ve i\u015flenmi\u015f, bu yap\u0131l\u0131rken, soruna bir \u00e7er\u00e7eve \u00e7izilmeye \u00e7al\u0131\u015f\u0131lm\u0131\u015ft\u0131r. Ayr\u0131ca, demokrasi ve insan haklar\u0131 ili\u015fkisi, insan haklar\u0131n\u0131n siyasal boyutu, devlet ve insan haklar\u0131 ili\u015fkisi, ekonomiyle insan haklar\u0131n\u0131n ba\u011flant\u0131s\u0131, k\u00fclt\u00fcr\u00fcn insan haklar\u0131 \u00fczerindeki etkisi ve daha bir \u00e7ok di\u011fer ilgili konular ele al\u0131nm\u0131\u015ft\u0131r. \u0130nsan haklar\u0131 konusunda temel bir kaynak te\u015fkil edecek bu kitap, okuyucuya insan haklar\u0131 konusuna \u00e7ok boyutlu bakmas\u0131 ad\u0131na bir \u0131\u015f\u0131k tutacakt\u0131r. Bu eserde teknolojik, ekonomik ve siyasal geli\u015fmeler sonucunda kazan\u0131lm\u0131\u015f haklar\u0131n\u0131 kaybetme a\u015famas\u0131na geldi\u011fi bug\u00fcn, insan haklar\u0131 \u00fczerine kapsay\u0131c\u0131 bir de\u011ferlendirme yap\u0131lm\u0131\u015ft\u0131r. B\u00f6ylece, daha bilin\u00e7li bir hukuk duru\u015funun sergilenmesine dayanak noktas\u0131 olu\u015fturarak katk\u0131 sa\u011flanmas\u0131 hedeflenmi\u015ftir. Astana Yay\u0131nlar\u0131 Tan\u0131nm\u0131\u015f Uluslararas\u0131 bir Akademik Yay\u0131nevidir.<\/p>\n","protected":false},"excerpt":{"rendered":"<p>\u0130nsan haklar\u0131 konusunda yaz\u0131lan bu kitap de\u011fi\u015fik a\u00e7\u0131lardan yakla\u015f\u0131mlarda bulunarak, konuya bir a\u00e7\u0131kl\u0131k getirmek ve sorunu her t\u00fcrl\u00fc ay\u0131r\u0131m\u0131n \u00f6tesinde, bir b\u00fct\u00fcnsellik i\u00e7inde ortaya koymak amac\u0131yla<span class=\"excerpt-hellip\"> [\u2026]<\/span><\/p>\n","protected":false},"featured_media":0,"template":"","meta":{"_monsterinsights_skip_tracking":false,"_monsterinsights_sitenote_active":false,"_monsterinsights_sitenote_note":"","_monsterinsights_sitenote_category":0},"product_brand":[],"product_cat":[15350,17602],"product_tag":[],"class_list":{"0":"post-724774","1":"product","2":"type-product","3":"status-publish","5":"product_cat-hukuk","6":"product_cat-hukuk-uzerine","7":"pa_cilt-ciltsiz","8":"pa_tur-kitap","9":"pa_yayinevi-astana-yayinlari","10":"pa_yazar-anil-cecen","12":"first","13":"instock","14":"sale","15":"shipping-taxable","16":"purchasable","17":"product-type-simple"},"_links":{"self":[{"href":"https:\/\/roveyayinevi.com.tr\/index.php\/wp-json\/wp\/v2\/product\/724774","targetHints":{"allow":["GET"]}}],"collection":[{"href":"https:\/\/roveyayinevi.com.tr\/index.php\/wp-json\/wp\/v2\/product"}],"about":[{"href":"https:\/\/roveyayinevi.com.tr\/index.php\/wp-json\/wp\/v2\/types\/product"}],"wp:attachment":[{"href":"https:\/\/roveyayinevi.com.tr\/index.php\/wp-json\/wp\/v2\/media?parent=724774"}],"wp:term":[{"taxonomy":"product_brand","embeddable":true,"href":"https:\/\/roveyayinevi.com.tr\/index.php\/wp-json\/wp\/v2\/product_brand?post=724774"},{"taxonomy":"product_cat","embeddable":true,"href":"https:\/\/roveyayinevi.com.tr\/index.php\/wp-json\/wp\/v2\/product_cat?post=724774"},{"taxonomy":"product_tag","embeddable":true,"href":"https:\/\/roveyayinevi.com.tr\/index.php\/wp-json\/wp\/v2\/product_tag?post=724774"}],"curies":[{"name":"wp","href":"https:\/\/api.w.org\/{rel}","templated":true}]}}