{"id":724735,"date":"2025-08-27T19:39:08","date_gmt":"2025-08-27T16:39:08","guid":{"rendered":"https:\/\/roveyayinevi.com.tr\/index.php\/urun\/kara-kaz\/"},"modified":"2026-04-16T02:32:28","modified_gmt":"2026-04-15T23:32:28","slug":"kara-kaz","status":"publish","type":"product","link":"https:\/\/roveyayinevi.com.tr\/index.php\/urun\/kara-kaz\/","title":{"rendered":"Kara Kaz"},"content":{"rendered":"<p>Ayn\u0131 zamanda Samed Behrengi kitaplar\u0131m\u0131z\u0131n da \u00e7evirmeni olan Anooshirvan Miandji, daha \u00f6nceki \u00e7ocuk kitaplar\u0131 Filozof Mes\u0327e, Samanadam, Muz Cenneti ve Bilge C\u0327ic\u0327ek&#8217;te oldug\u0306u gibi Kara Kaz kitab\u0131nda da c\u0327ocuklar\u0131 du\u0308s\u0327u\u0308nmeye, sorgulamaya, soru sormaya yo\u0308nlendirerek onlar\u0131n ufkunu genis\u0327letecek bir hikaye anlat\u0131yor.Bilim nedir? Nas\u0131l gelis\u0327ir? Bilimsel yo\u0308ntem nedir? Bilimsel dog\u0306ru nedir?Nas\u0131l bilim insan\u0131 olunur? Bilim mi yan\u0131l\u0131r bilim insan\u0131 m\u0131?Bilim insan\u0131 ahlakl\u0131 olmazsa ne olur? Bilim ic\u0327in neden du\u0308ru\u0308stlu\u0308k c\u0327ok o\u0308nemli?C\u0327\u0131kar bir is\u0327in ic\u0327ine girerse ne olur? C\u0327\u0131karlar c\u0327at\u0131s\u0327\u0131rsa ne olur?Genelleme yaparsak ne olur? I\u0307nsan beyni kendini nas\u0131l kand\u0131r\u0131r?I\u0307nsan evrene do\u0308nme derse evren durur mu? Evren neden bizden bag\u0306\u0131ms\u0131z do\u0308nu\u0308yor?Bu sorulardan baz\u0131lar\u0131n\u0131 merak ediyorsan\u0131z Kara Kaz onu okuman\u0131z\u0131 bekliyor.<\/p>\n","protected":false},"excerpt":{"rendered":"<p>Ayn\u0131 zamanda Samed Behrengi kitaplar\u0131m\u0131z\u0131n da \u00e7evirmeni olan Anooshirvan Miandji, daha \u00f6nceki \u00e7ocuk kitaplar\u0131 Filozof Mes\u0327e, Samanadam, Muz Cenneti ve Bilge C\u0327ic\u0327ek&#8217;te oldug\u0306u gibi Kara Kaz<span class=\"excerpt-hellip\"> [\u2026]<\/span><\/p>\n","protected":false},"featured_media":0,"template":"","meta":{"_monsterinsights_skip_tracking":false,"_monsterinsights_sitenote_active":false,"_monsterinsights_sitenote_note":"","_monsterinsights_sitenote_category":0},"product_brand":[],"product_cat":[12275,12274],"product_tag":[],"class_list":{"0":"post-724735","1":"product","2":"type-product","3":"status-publish","5":"product_cat-6-12-yas-kitaplari","6":"product_cat-cocuk-ve-genclik-kitaplari","7":"pa_cilt-ciltsiz","8":"pa_tur-kitap","9":"pa_yayinevi-bilgi-yayinevi","10":"pa_yazar-anooshirvan-miandji","12":"first","13":"instock","14":"sale","15":"shipping-taxable","16":"purchasable","17":"product-type-simple"},"_links":{"self":[{"href":"https:\/\/roveyayinevi.com.tr\/index.php\/wp-json\/wp\/v2\/product\/724735","targetHints":{"allow":["GET"]}}],"collection":[{"href":"https:\/\/roveyayinevi.com.tr\/index.php\/wp-json\/wp\/v2\/product"}],"about":[{"href":"https:\/\/roveyayinevi.com.tr\/index.php\/wp-json\/wp\/v2\/types\/product"}],"wp:attachment":[{"href":"https:\/\/roveyayinevi.com.tr\/index.php\/wp-json\/wp\/v2\/media?parent=724735"}],"wp:term":[{"taxonomy":"product_brand","embeddable":true,"href":"https:\/\/roveyayinevi.com.tr\/index.php\/wp-json\/wp\/v2\/product_brand?post=724735"},{"taxonomy":"product_cat","embeddable":true,"href":"https:\/\/roveyayinevi.com.tr\/index.php\/wp-json\/wp\/v2\/product_cat?post=724735"},{"taxonomy":"product_tag","embeddable":true,"href":"https:\/\/roveyayinevi.com.tr\/index.php\/wp-json\/wp\/v2\/product_tag?post=724735"}],"curies":[{"name":"wp","href":"https:\/\/api.w.org\/{rel}","templated":true}]}}