{"id":724733,"date":"2025-08-27T19:39:06","date_gmt":"2025-08-27T16:39:06","guid":{"rendered":"https:\/\/roveyayinevi.com.tr\/index.php\/urun\/kurumsal-risk-yonetimi-turk-kamu-kesiminde-uygulanmasi\/"},"modified":"2026-04-16T02:32:28","modified_gmt":"2026-04-15T23:32:28","slug":"kurumsal-risk-yonetimi-turk-kamu-kesiminde-uygulanmasi","status":"publish","type":"product","link":"https:\/\/roveyayinevi.com.tr\/index.php\/urun\/kurumsal-risk-yonetimi-turk-kamu-kesiminde-uygulanmasi\/","title":{"rendered":"Kurumsal Risk Y\u00f6netimi T\u00fcrk Kamu Kesiminde Uygulanmas\u0131"},"content":{"rendered":"<p>B\u0130R\u0130NC\u0130 B\u00d6L\u00dcMR\u0130SK, R\u0130SK\u0130N KAVRAMSAL \u00c7ER\u00c7EVES\u0130 VE \u0130KT\u0130SAT TEOR\u0130S\u0130NDEK\u0130 KAR\u015eILI\u011eI1.1.R\u0130SK VE R\u0130SK \u00c7E\u015e\u0130TLER\u01301.2.R\u0130SK\u0130N D\u0130\u011eER KAVRAMLARLA \u0130L\u0130\u015eK\u0130S\u01301.3.\u0130KT\u0130SAT TEOR\u0130S\u0130NDE R\u0130SK \u0130K\u0130NC\u0130 B\u00d6L\u00dcMKURUMSAL R\u0130SK Y\u00d6NET\u0130M\u0130, NORM VE STANDARTLARI2.1.KURUMSAL R\u0130SK Y\u00d6NET\u0130M\u0130N\u0130N GEL\u0130\u015e\u0130M\u01302.2.KURUMSAL R\u0130SK Y\u00d6NET\u0130M\u0130 NORM VE STANDARTLARI 2.3.KURUMSAL R\u0130SK Y\u00d6NET\u0130M\u0130 STANDARTLARININ KAR\u015eILA\u015eTIRILMASI \u00dc\u00c7\u00dcNC\u00dc B\u00d6L\u00dcMCOSO KURUMSAL R\u0130SK Y\u00d6NET\u0130M\u0130 \u00c7ER\u00c7EVES\u0130NDE \u0130\u00c7 KONTROL &#8211; KURUMSAL R\u0130SK Y\u00d6NET\u0130M\u0130 VE ARALARINDAK\u0130 \u0130L\u0130\u015eK\u01303.1.\u0130\u00c7 KONTROL KAVRAMININ GEL\u0130\u015e\u0130M SER\u00dcVEN\u01303.2.\u0130\u00c7 KONTROL KAVRAMININ AVRUPA B\u0130RL\u0130\u011e\u0130 VE T\u00dcRK\u0130YE\u2019DEK\u0130 YANSIMALARI3.3.COSO KURUMSAL R\u0130SK Y\u00d6NET\u0130M MODEL\u01303.4.COSO ERM (KRY) 2017 \u00c7er\u00e7evesinin Temel \u00d6nermesi3.5.\u0130\u00c7 KONTROL \u0130LE KURUMSAL R\u0130SKY\u00d6NET\u0130M\u0130 ARASINDA \u0130L\u0130\u015eK\u01303.6.STRATEJ\u0130K Y\u00d6NET\u0130M VE STRATEJ\u0130K PLANLAMA \u0130LE KURUMSAL R\u0130SK Y\u00d6NET\u0130M\u0130 ARASINDAK\u0130 \u0130L\u0130\u015eK\u01303.7.COSO KURUMSAL R\u0130SK Y\u00d6NET\u0130M\u0130N\u0130NUYGULAMA TEMELLER\u0130 D\u00d6RD\u00dcNC\u00dc B\u00d6L\u00dcMKAMU MAL\u0130 Y\u00d6NET\u0130M\u0130NDEK\u0130 DE\u011e\u0130\u015e\u0130M VE T\u00dcRK KAMU MAL\u0130 Y\u00d6NET\u0130M\u0130NDE KURUMSAL R\u0130SK Y\u00d6NET\u0130M\u01304.1.KAMU MAL\u0130 Y\u00d6NET\u0130M\u0130NDE DE\u011e\u0130\u015e\u0130M  \u0130HT\u0130YACI4.2.KAMU KES\u0130M\u0130NDE KURUMSAL R\u0130SK Y\u00d6NET\u0130M\u01304.3.T\u00dcRK KAMU MAL\u0130 Y\u00d6NET\u0130M\u0130NDE KURUMSALR\u0130SK Y\u00d6NET\u0130M\u01304.4.KURUMSAL R\u0130SK Y\u00d6NET\u0130M\u0130N\u0130N YASAL D\u00dcZENLEMELERE YANSIMASINA DA\u0130R GENEL DE\u011eERLEND\u0130RME BE\u015e\u0130NC\u0130 B\u00d6L\u00dcMT\u00dcRK KAMU MAL\u0130 Y\u00d6NET\u0130M\u0130 AKT\u00d6RLER\u0130N\u0130N KURUMSAL R\u0130SK Y\u00d6NET\u0130M\u0130 KAPSAMINDAK\u0130 YETK\u0130, G\u00d6REV VE SORUMLULUKLARI5.1.KURUM \u0130\u00c7\u0130 AKT\u00d6RLER5.2.KURUM DI\u015eI AKT\u00d6RLER5.3.YEN\u0130 T\u00dcRK KAMU MAL\u0130 Y\u00d6NET\u0130M\u0130 AKT\u00d6RLER\u0130N\u0130N ROLVE SORUMLULUKLARINA \u0130L\u0130\u015eK\u0130N DE\u011eERLEND\u0130RME ALTINCI B\u00d6L\u00dcMKURUMSAL R\u0130SK Y\u00d6NET\u0130M\u0130N\u0130N UYGULANMASINA Y\u00d6NEL\u0130K B\u0130R ANAL\u0130Z: T\u00dcRK KAMU \u00dcN\u0130VERS\u0130TELER\u0130 \u00d6RNE\u011e\u01306.1.ARA\u015eTIRMANIN ARKA PLANI OLARAK T\u00dcRK\u0130YEKAMU \u00dcN\u0130VERS\u0130TELER\u0130 VE \u00d6ZG\u00dcN SORUNLARI6.2.MAL\u0130TE EKSENL\u0130 YEN\u0130 Y\u00dcKSEK\u00d6\u011eRET\u0130M YAKLA\u015eIMI 6.3.ARA\u015eTIRMANIN AMACI6.4.METODOLOJ\u01306.5.KURUMSAL R\u0130SK Y\u00d6NET\u0130M\u0130N\u0130N UYGULAMA SEV\u0130YES\u01306.6.KURUMSAL R\u0130SK Y\u00d6NET\u0130M\u0130 UYGULAMA S\u00dcREC\u0130NE ETK\u0130S\u0130 OLAN AKT\u00d6RLER6.7.\u0130\u015e TECR\u00dcBES\u0130N\u0130N KURUMSAL R\u0130SK K\u00dcLT\u00dcR\u00dcNE ETK\u0130S\u01306.8.KAMU \u00dcN\u0130VERS\u0130TELER\u0130NDE KURUMSAL R\u0130SK Y\u00d6NET\u0130M\u0130N\u0130N UYGULANMA GEREK\u00c7ES\u0130<\/p>\n","protected":false},"excerpt":{"rendered":"<p>B\u0130R\u0130NC\u0130 B\u00d6L\u00dcMR\u0130SK, R\u0130SK\u0130N KAVRAMSAL \u00c7ER\u00c7EVES\u0130 VE \u0130KT\u0130SAT TEOR\u0130S\u0130NDEK\u0130 KAR\u015eILI\u011eI1.1.R\u0130SK VE R\u0130SK \u00c7E\u015e\u0130TLER\u01301.2.R\u0130SK\u0130N D\u0130\u011eER KAVRAMLARLA \u0130L\u0130\u015eK\u0130S\u01301.3.\u0130KT\u0130SAT TEOR\u0130S\u0130NDE R\u0130SK \u0130K\u0130NC\u0130 B\u00d6L\u00dcMKURUMSAL R\u0130SK Y\u00d6NET\u0130M\u0130, NORM VE STANDARTLARI2.1.KURUMSAL R\u0130SK Y\u00d6NET\u0130M\u0130N\u0130N<span class=\"excerpt-hellip\"> [\u2026]<\/span><\/p>\n","protected":false},"featured_media":0,"template":"","meta":{"_monsterinsights_skip_tracking":false,"_monsterinsights_sitenote_active":false,"_monsterinsights_sitenote_note":"","_monsterinsights_sitenote_category":0},"product_brand":[],"product_cat":[13043,19008],"product_tag":[],"class_list":{"0":"post-724733","1":"product","2":"type-product","3":"status-publish","5":"product_cat-ekonomi","6":"product_cat-yonetim","7":"pa_cilt-ciltsiz","8":"pa_tur-kitap","9":"pa_yayinevi-gazi-kitabevi","10":"pa_yazar-nazmi-zarifi-gurkan","12":"first","13":"instock","14":"sale","15":"shipping-taxable","16":"purchasable","17":"product-type-simple"},"_links":{"self":[{"href":"https:\/\/roveyayinevi.com.tr\/index.php\/wp-json\/wp\/v2\/product\/724733","targetHints":{"allow":["GET"]}}],"collection":[{"href":"https:\/\/roveyayinevi.com.tr\/index.php\/wp-json\/wp\/v2\/product"}],"about":[{"href":"https:\/\/roveyayinevi.com.tr\/index.php\/wp-json\/wp\/v2\/types\/product"}],"wp:attachment":[{"href":"https:\/\/roveyayinevi.com.tr\/index.php\/wp-json\/wp\/v2\/media?parent=724733"}],"wp:term":[{"taxonomy":"product_brand","embeddable":true,"href":"https:\/\/roveyayinevi.com.tr\/index.php\/wp-json\/wp\/v2\/product_brand?post=724733"},{"taxonomy":"product_cat","embeddable":true,"href":"https:\/\/roveyayinevi.com.tr\/index.php\/wp-json\/wp\/v2\/product_cat?post=724733"},{"taxonomy":"product_tag","embeddable":true,"href":"https:\/\/roveyayinevi.com.tr\/index.php\/wp-json\/wp\/v2\/product_tag?post=724733"}],"curies":[{"name":"wp","href":"https:\/\/api.w.org\/{rel}","templated":true}]}}