{"id":724732,"date":"2025-08-27T19:39:05","date_gmt":"2025-08-27T16:39:05","guid":{"rendered":"https:\/\/roveyayinevi.com.tr\/index.php\/urun\/iv-henry-1\/"},"modified":"2026-04-16T02:32:28","modified_gmt":"2026-04-15T23:32:28","slug":"iv-henry-1","status":"publish","type":"product","link":"https:\/\/roveyayinevi.com.tr\/index.php\/urun\/iv-henry-1\/","title":{"rendered":"IV. Henry &#8211; 1"},"content":{"rendered":"<p>1597\u2019de Londra\u2019da yaz\u0131ld\u0131\u011f\u0131 tahmin edilen IV. Henry, Kral IV. Henry\u2019nin, o\u011flu Prens Hal\u2019in yard\u0131m\u0131yla Shrewsbury Muharebesi\u2019nde du\u0308\u015fmanlar\u0131n\u0131 nas\u0131l dize getirdi\u011fini anlat\u0131r. Oyunun bu ilk b\u00f6lu\u0308mu\u0308nde, saraydan uzakta sorumsuz bir hayat su\u0308ren Prens Hal, taht\u0131 sars\u0131lan babas\u0131n\u0131 korumak i\u00e7in \u00f6ne at\u0131l\u0131r ve hem akl\u0131n\u0131 hem k\u0131l\u0131c\u0131n\u0131 kullanarak kendini ispatlar. Shakespeare\u2019in i\u00e7 sava\u015f gibi ciddi bir konuyu komik sahne ve diyaloglarla e\u011flencelik bir seyre d\u00f6nu\u0308\u015ftu\u0308rdu\u0308\u011fu\u0308 oyunun en \u00e7arp\u0131c\u0131 karakteri ise hi\u00e7 \u015fu\u0308phesiz Prens\u2019in ya\u015fl\u0131 dostu, keyif du\u0308\u015fku\u0308nu\u0308 ve du\u0308zenbaz Sir John Falstaff\u2019t\u0131r. \u201cHamuru k\u00f6tu\u0308 yo\u011frulmu\u015f ihtiras,nas\u0131l da ku\u0308\u00e7u\u0308lu\u0308p gidiverdin!Bu bedende bir ruh oldu\u011fu vakit,Bir krall\u0131k bile ona dar gelirdi,Ama \u015fimdi, iki ad\u0131ml\u0131k pis bir toprak par\u00e7as\u0131Yetiyor da art\u0131yor bile.\u201d<\/p>\n","protected":false},"excerpt":{"rendered":"<p>1597\u2019de Londra\u2019da yaz\u0131ld\u0131\u011f\u0131 tahmin edilen IV. Henry, Kral IV. Henry\u2019nin, o\u011flu Prens Hal\u2019in yard\u0131m\u0131yla Shrewsbury Muharebesi\u2019nde du\u0308\u015fmanlar\u0131n\u0131 nas\u0131l dize getirdi\u011fini anlat\u0131r. Oyunun bu ilk b\u00f6lu\u0308mu\u0308nde, saraydan<span class=\"excerpt-hellip\"> [\u2026]<\/span><\/p>\n","protected":false},"featured_media":0,"template":"","meta":{"_monsterinsights_skip_tracking":false,"_monsterinsights_sitenote_active":false,"_monsterinsights_sitenote_note":"","_monsterinsights_sitenote_category":0},"product_brand":[],"product_cat":[12291,14272],"product_tag":[],"class_list":{"0":"post-724732","1":"product","2":"type-product","3":"status-publish","5":"product_cat-edebiyat","6":"product_cat-tiyatro","7":"pa_cilt-ciltsiz","8":"pa_tur-kitap","9":"pa_yayinevi-kirmizi-kedi-yayinevi","10":"pa_yazar-william-shakespeare","12":"first","13":"instock","14":"sale","15":"shipping-taxable","16":"purchasable","17":"product-type-simple"},"_links":{"self":[{"href":"https:\/\/roveyayinevi.com.tr\/index.php\/wp-json\/wp\/v2\/product\/724732","targetHints":{"allow":["GET"]}}],"collection":[{"href":"https:\/\/roveyayinevi.com.tr\/index.php\/wp-json\/wp\/v2\/product"}],"about":[{"href":"https:\/\/roveyayinevi.com.tr\/index.php\/wp-json\/wp\/v2\/types\/product"}],"wp:attachment":[{"href":"https:\/\/roveyayinevi.com.tr\/index.php\/wp-json\/wp\/v2\/media?parent=724732"}],"wp:term":[{"taxonomy":"product_brand","embeddable":true,"href":"https:\/\/roveyayinevi.com.tr\/index.php\/wp-json\/wp\/v2\/product_brand?post=724732"},{"taxonomy":"product_cat","embeddable":true,"href":"https:\/\/roveyayinevi.com.tr\/index.php\/wp-json\/wp\/v2\/product_cat?post=724732"},{"taxonomy":"product_tag","embeddable":true,"href":"https:\/\/roveyayinevi.com.tr\/index.php\/wp-json\/wp\/v2\/product_tag?post=724732"}],"curies":[{"name":"wp","href":"https:\/\/api.w.org\/{rel}","templated":true}]}}