{"id":724729,"date":"2025-08-27T19:39:02","date_gmt":"2025-08-27T16:39:02","guid":{"rendered":"https:\/\/roveyayinevi.com.tr\/index.php\/urun\/1871-paris-komunu-gunleri\/"},"modified":"2026-04-16T02:32:28","modified_gmt":"2026-04-15T23:32:28","slug":"1871-paris-komunu-gunleri","status":"publish","type":"product","link":"https:\/\/roveyayinevi.com.tr\/index.php\/urun\/1871-paris-komunu-gunleri\/","title":{"rendered":"1871 \u2013 Paris Kom\u00fcn\u00fc G\u00fcnleri"},"content":{"rendered":"<p>Sava\u015fta Almanlar kar\u015f\u0131s\u0131nda a\u011f\u0131r bir yenilgi alan Fransa, \u00dc\u00e7\u00fcnc\u00fc Cumhuriyet\u2019in ilan\u0131 ve \u00e7ok ge\u00e7meden patlak veren \u00fcnl\u00fc Paris Kom\u00fcn\u00fc isyan\u0131yla, 1848\u2019den sonra bir kez daha devrimci bir ruhla ayaklan\u0131yor. Paris ku\u015fatma alt\u0131nda, aral\u0131ks\u0131z s\u00fcren bombard\u0131manda insanlar k\u0131r\u0131l\u0131rken barikatlar\u0131n ard\u0131nda, sonu kanl\u0131 bitecek bir direni\u015f filizleniyor. Uzun y\u0131llar s\u00fcrg\u00fcn ya\u015fad\u0131ktan sonra \u00fclkesine d\u00f6nen Victor Hugo\u2019nun 1871 tarihli g\u00fcnl\u00fc\u011f\u00fc, en sevdi\u011fi o\u011flunun cenazesini, \u00fcstelik Kom\u00fcn\u2019\u00fcn kurulu\u015f g\u00fcn\u00fc kald\u0131ran bir baban\u0131n g\u00f6z\u00fcnden, devrimler tarihinin en unutulmaz deneyimlerinden birine tan\u0131kl\u0131k ediyor. \u201cTa\u015fl\u0131 ve sopal\u0131 elli ya da altm\u0131\u015fa yak\u0131n adam, gece iki saat boyunca, altm\u0131\u015f dokuz ya\u015f\u0131ndaki bir adam\u0131, d\u00f6rt kad\u0131n\u0131 ve iki k\u00fc\u00e7\u00fck \u00e7ocu\u011fu evlerinde ku\u015fatt\u0131lar. Savunmas\u0131zd\u0131m. Bir de\u011fne\u011fim bile yoktu. \u00d6l\u00fcmlerin en i\u011frenci olan cinayeti yak\u0131ndan g\u00f6rd\u00fcm. \u00dc\u00e7 kez sald\u0131rd\u0131lar. Arada sessizlik oluyordu. O s\u0131rada meydan\u0131n arkas\u0131ndaki b\u00fclb\u00fcl\u00fcn sesini duyuyordum.\u201d<\/p>\n","protected":false},"excerpt":{"rendered":"<p>Sava\u015fta Almanlar kar\u015f\u0131s\u0131nda a\u011f\u0131r bir yenilgi alan Fransa, \u00dc\u00e7\u00fcnc\u00fc Cumhuriyet\u2019in ilan\u0131 ve \u00e7ok ge\u00e7meden patlak veren \u00fcnl\u00fc Paris Kom\u00fcn\u00fc isyan\u0131yla, 1848\u2019den sonra bir kez daha devrimci<span class=\"excerpt-hellip\"> [\u2026]<\/span><\/p>\n","protected":false},"featured_media":0,"template":"","meta":{"_monsterinsights_skip_tracking":false,"_monsterinsights_sitenote_active":false,"_monsterinsights_sitenote_note":"","_monsterinsights_sitenote_category":0},"product_brand":[],"product_cat":[12291,13872],"product_tag":[],"class_list":{"0":"post-724729","1":"product","2":"type-product","3":"status-publish","5":"product_cat-edebiyat","6":"product_cat-klasikler","7":"pa_cilt-ciltsiz","8":"pa_tur-kitap","9":"pa_yayinevi-kirmizi-kedi-yayinevi","10":"pa_yazar-victor-hugo","12":"first","13":"instock","14":"sale","15":"shipping-taxable","16":"purchasable","17":"product-type-simple"},"_links":{"self":[{"href":"https:\/\/roveyayinevi.com.tr\/index.php\/wp-json\/wp\/v2\/product\/724729","targetHints":{"allow":["GET"]}}],"collection":[{"href":"https:\/\/roveyayinevi.com.tr\/index.php\/wp-json\/wp\/v2\/product"}],"about":[{"href":"https:\/\/roveyayinevi.com.tr\/index.php\/wp-json\/wp\/v2\/types\/product"}],"wp:attachment":[{"href":"https:\/\/roveyayinevi.com.tr\/index.php\/wp-json\/wp\/v2\/media?parent=724729"}],"wp:term":[{"taxonomy":"product_brand","embeddable":true,"href":"https:\/\/roveyayinevi.com.tr\/index.php\/wp-json\/wp\/v2\/product_brand?post=724729"},{"taxonomy":"product_cat","embeddable":true,"href":"https:\/\/roveyayinevi.com.tr\/index.php\/wp-json\/wp\/v2\/product_cat?post=724729"},{"taxonomy":"product_tag","embeddable":true,"href":"https:\/\/roveyayinevi.com.tr\/index.php\/wp-json\/wp\/v2\/product_tag?post=724729"}],"curies":[{"name":"wp","href":"https:\/\/api.w.org\/{rel}","templated":true}]}}