{"id":724728,"date":"2025-08-27T19:39:02","date_gmt":"2025-08-27T16:39:02","guid":{"rendered":"https:\/\/roveyayinevi.com.tr\/index.php\/urun\/boyle-buyurdu-zerdust-6\/"},"modified":"2026-04-16T02:32:28","modified_gmt":"2026-04-15T23:32:28","slug":"boyle-buyurdu-zerdust-6","status":"publish","type":"product","link":"https:\/\/roveyayinevi.com.tr\/index.php\/urun\/boyle-buyurdu-zerdust-6\/","title":{"rendered":"B\u00f6yle Buyurdu Zerd\u00fc\u015ft"},"content":{"rendered":"<p>B\u00f6yle Buyurdu Zerd\u00fc\u015ft, Nietzsche\u2019nin t\u00fcm yap\u0131tlar\u0131 aras\u0131nda en \u00e7ok okunan, en \u00e7ok tart\u0131\u015f\u0131lan eseridir. D\u00fc\u015f\u00fcn d\u00fcnyam\u0131z\u0131n hakikat, ahlak, ak\u0131l, \u00f6zne gibi t\u00fcm do\u011fal yap\u0131lar\u0131n\u0131n s\u0131radan al\u0131\u015fkanl\u0131klar oldu\u011funu s\u00f6yleyerek Bat\u0131 metafizi\u011fini k\u0131yas\u0131ya sorgular. Nietzsche sonsuz yeniden geli\u015f, \u00fcstinsan ve Tanr\u0131 \u00f6ld\u00fc gibi kavramlar\u0131 ortaya koydu\u011fu Zerd\u00fc\u015ft\u2019le ilgili y\u0131llar sonra \u015fu ifadeyi kullanacakt\u0131r: \u201c\u0130nsanl\u0131\u011f\u0131n sahip oldu\u011fu en derin kitap.\u201d\u201cHakiki ve zahiri d\u00fcnyalar\u0131n ilgas\u0131ndan sonra hakikatin \u00f6z\u00fcne ne oldu\u011funa dair sorumuzun yan\u0131t\u0131 \u015fudur: Incipit Zarathustra. Yine de Nietzsche\u2019nin cevab\u0131 bizim i\u00e7in ba\u015fta sadece bir soru yuma\u011f\u0131d\u0131r. Bat\u0131 metafizi\u011finin s\u00fcrd\u00fcrd\u00fc\u011f\u00fc ayr\u0131m\u0131n y\u00fcr\u00fcrl\u00fckten kalkmas\u0131yla, i\u015fte ancak o zaman ba\u015flar Zerd\u00fc\u015ft. Kimdir peki \u2018Zerd\u00fc\u015ft\u2019? Nietzsche\u2019nin, suretini peygamberce \u015fiirselle\u015ftirdi\u011fi \u2013ve kendisi en u\u00e7, yani metafizik tarihindeki en uzak nokta oldu\u011fundan dolay\u0131, \u015fiirselle\u015ftirmek de zorunda oldu\u011fu\u2013 bir d\u00fc\u015f\u00fcn\u00fcr.\u201d <\/p>\n","protected":false},"excerpt":{"rendered":"<p>B\u00f6yle Buyurdu Zerd\u00fc\u015ft, Nietzsche\u2019nin t\u00fcm yap\u0131tlar\u0131 aras\u0131nda en \u00e7ok okunan, en \u00e7ok tart\u0131\u015f\u0131lan eseridir. D\u00fc\u015f\u00fcn d\u00fcnyam\u0131z\u0131n hakikat, ahlak, ak\u0131l, \u00f6zne gibi t\u00fcm do\u011fal yap\u0131lar\u0131n\u0131n s\u0131radan al\u0131\u015fkanl\u0131klar<span class=\"excerpt-hellip\"> [\u2026]<\/span><\/p>\n","protected":false},"featured_media":0,"template":"","meta":{"_monsterinsights_skip_tracking":false,"_monsterinsights_sitenote_active":false,"_monsterinsights_sitenote_note":"","_monsterinsights_sitenote_category":0},"product_brand":[],"product_cat":[20351,12388],"product_tag":[],"class_list":{"0":"post-724728","1":"product","2":"type-product","3":"status-publish","5":"product_cat-dusunce","6":"product_cat-felsefe","7":"pa_cilt-ciltsiz","8":"pa_tur-kitap","9":"pa_yayinevi-kirmizi-kedi-yayinevi","10":"pa_yazar-friedrich-nietzsche","12":"first","13":"instock","14":"sale","15":"shipping-taxable","16":"purchasable","17":"product-type-simple"},"_links":{"self":[{"href":"https:\/\/roveyayinevi.com.tr\/index.php\/wp-json\/wp\/v2\/product\/724728","targetHints":{"allow":["GET"]}}],"collection":[{"href":"https:\/\/roveyayinevi.com.tr\/index.php\/wp-json\/wp\/v2\/product"}],"about":[{"href":"https:\/\/roveyayinevi.com.tr\/index.php\/wp-json\/wp\/v2\/types\/product"}],"wp:attachment":[{"href":"https:\/\/roveyayinevi.com.tr\/index.php\/wp-json\/wp\/v2\/media?parent=724728"}],"wp:term":[{"taxonomy":"product_brand","embeddable":true,"href":"https:\/\/roveyayinevi.com.tr\/index.php\/wp-json\/wp\/v2\/product_brand?post=724728"},{"taxonomy":"product_cat","embeddable":true,"href":"https:\/\/roveyayinevi.com.tr\/index.php\/wp-json\/wp\/v2\/product_cat?post=724728"},{"taxonomy":"product_tag","embeddable":true,"href":"https:\/\/roveyayinevi.com.tr\/index.php\/wp-json\/wp\/v2\/product_tag?post=724728"}],"curies":[{"name":"wp","href":"https:\/\/api.w.org\/{rel}","templated":true}]}}