{"id":724727,"date":"2025-08-27T19:39:01","date_gmt":"2025-08-27T16:39:01","guid":{"rendered":"https:\/\/roveyayinevi.com.tr\/index.php\/urun\/yitik-dus-iklimleri\/"},"modified":"2026-04-16T02:32:28","modified_gmt":"2026-04-15T23:32:28","slug":"yitik-dus-iklimleri","status":"publish","type":"product","link":"https:\/\/roveyayinevi.com.tr\/index.php\/urun\/yitik-dus-iklimleri\/","title":{"rendered":"Yitik D\u00fc\u015f \u0130klimleri"},"content":{"rendered":"<p>Bu s\u00f6zlerin olu\u015fumunda bu zamana kadar okumu\u015f oldu\u011fum divan edebiyat\u0131, halk \u015fiiri, bat\u0131 etkisinde geli\u015fen T\u00fcrk Edebiyat\u0131, do\u011fu ve bat\u0131 klasiklerinin \u00e7evirisinden olu\u015fan, zihnimin bu kadar farkl\u0131 k\u00fclt\u00fcrleri bir potada erittikleri bir izd\u00fc\u015f\u00fcm\u00fcd\u00fcr. Bilhassa sanatl\u0131 s\u00f6zlerde mensur \u015fiir ile, divan edebiyat\u0131n\u0131n secili \u00f6rneklerinin zihnimdeki bir yans\u0131mas\u0131 olabilir.Tasavvufane s\u00f6zlerimde ise zihnimdeki \u0130slam tasavvufunun yan\u0131nda di\u011fer semavi dinlerin tasavvufi ile primitif dinlerin mistisizmi etkili olabilir. Tabi buna \u0130slam tasavvufunu daha yo\u011fun olarak modernize etti\u011fimi s\u00f6ylememe gerek yok.Baz\u0131 be\u015feri anlam i\u00e7erikli s\u00f6zlerimi ise bir tak\u0131m \u015fiirde kullan\u0131lan aliterasyon asonans ve kelime tekrar\u0131yla m\u00fczikal bir ba\u011f kurarak olu\u015fturdum.Bununla birlikte toplum meseleleri sosyal, ekonomik, k\u00fclt\u00fcrel, dini, askeri ve psi\u015fik durumlar\u0131 izah eden s\u00f6zleri alt \u015fuurumun anl\u0131k bir yans\u0131mas\u0131yla g\u00fcn\u00fcm\u00fcz meselelerini izah edecek \u015fekilde olu\u015fturdum. <\/p>\n","protected":false},"excerpt":{"rendered":"<p>Bu s\u00f6zlerin olu\u015fumunda bu zamana kadar okumu\u015f oldu\u011fum divan edebiyat\u0131, halk \u015fiiri, bat\u0131 etkisinde geli\u015fen T\u00fcrk Edebiyat\u0131, do\u011fu ve bat\u0131 klasiklerinin \u00e7evirisinden olu\u015fan, zihnimin bu kadar<span class=\"excerpt-hellip\"> [\u2026]<\/span><\/p>\n","protected":false},"featured_media":0,"template":"","meta":{"_monsterinsights_skip_tracking":false,"_monsterinsights_sitenote_active":false,"_monsterinsights_sitenote_note":"","_monsterinsights_sitenote_category":0},"product_brand":[],"product_cat":[12777,12291],"product_tag":[],"class_list":{"0":"post-724727","1":"product","2":"type-product","3":"status-publish","5":"product_cat-deneme","6":"product_cat-edebiyat","7":"pa_cilt-ciltsiz","8":"pa_tur-kitap","9":"pa_yayinevi-gulnar-yayinlari","10":"pa_yazar-ziynet-gokce","12":"first","13":"instock","14":"sale","15":"shipping-taxable","16":"purchasable","17":"product-type-simple"},"_links":{"self":[{"href":"https:\/\/roveyayinevi.com.tr\/index.php\/wp-json\/wp\/v2\/product\/724727","targetHints":{"allow":["GET"]}}],"collection":[{"href":"https:\/\/roveyayinevi.com.tr\/index.php\/wp-json\/wp\/v2\/product"}],"about":[{"href":"https:\/\/roveyayinevi.com.tr\/index.php\/wp-json\/wp\/v2\/types\/product"}],"wp:attachment":[{"href":"https:\/\/roveyayinevi.com.tr\/index.php\/wp-json\/wp\/v2\/media?parent=724727"}],"wp:term":[{"taxonomy":"product_brand","embeddable":true,"href":"https:\/\/roveyayinevi.com.tr\/index.php\/wp-json\/wp\/v2\/product_brand?post=724727"},{"taxonomy":"product_cat","embeddable":true,"href":"https:\/\/roveyayinevi.com.tr\/index.php\/wp-json\/wp\/v2\/product_cat?post=724727"},{"taxonomy":"product_tag","embeddable":true,"href":"https:\/\/roveyayinevi.com.tr\/index.php\/wp-json\/wp\/v2\/product_tag?post=724727"}],"curies":[{"name":"wp","href":"https:\/\/api.w.org\/{rel}","templated":true}]}}