{"id":724707,"date":"2025-08-27T19:38:46","date_gmt":"2025-08-27T16:38:46","guid":{"rendered":"https:\/\/roveyayinevi.com.tr\/index.php\/urun\/yaz-gezgini-ile-hapsu-teyze\/"},"modified":"2026-04-16T02:32:27","modified_gmt":"2026-04-15T23:32:27","slug":"yaz-gezgini-ile-hapsu-teyze","status":"publish","type":"product","link":"https:\/\/roveyayinevi.com.tr\/index.php\/urun\/yaz-gezgini-ile-hapsu-teyze\/","title":{"rendered":"Yaz Gezgini \u0130le Hap\u015fu Teyze"},"content":{"rendered":"<p>Etkileyici mahalle ve okul hik\u00e2yeleri anlatt\u0131\u011f\u0131 kitaplar\u0131yla \u00e7ok sevilen \u00d6mer A\u00e7\u0131k yeni roman\u0131nda, i\u00e7imizde sakl\u0131 k\u00e2\u015fif ruha sesleniyor, okurunu Anadolu&#8217;nun k\u00fclt\u00fcrel zenginli\u011fi i\u00e7inde gezdiriyor. Roza&#8217;n\u0131n, yaz mevsimi boyunca teyzesinin karavan\u0131yla gezip g\u00f6rd\u00fc\u011f\u00fc, konaklad\u0131\u011f\u0131 yerler, yepyeni d\u00fc\u015f\u00fcnceler ve ke\u015fiflerle dolu. Bir \u00e7ocu\u011fun zorluklarla ba\u015f etme \u00e7abas\u0131n\u0131 ne\u015feli bir dille yans\u0131tan renkli macera, ya\u015fam\u0131n b\u00fcy\u00fck bir arma\u011fan oldu\u011funu duyumsat\u0131yor. Her ya\u015ftan okurun kendini ve d\u00fcnyay\u0131 tan\u0131ma, ya\u015fam\u0131 anlamland\u0131rma ser\u00fcvenine ilham veren roman, \u00d6mer A\u00e7\u0131k&#8217;\u0131n duru, etkili ve renkli T\u00fcrk\u00e7e kullan\u0131m\u0131yla unutulmaz bir yaz okumas\u0131 arma\u011fan ediyor. Zor bir karar\u0131n e\u015fi\u011findeki ailesi, Roza&#8217;y\u0131 yaz tatili i\u00e7in teyzesinin yan\u0131na yollar. Karavanda ya\u015fayan gezgin yazar Hap\u015fu Teyze&#8217;yle do\u011fan\u0131n ortas\u0131nda, kent ya\u015fam\u0131nda hayal bile edemeyece\u011fi yerler g\u00f6ren Roza, bir film \u00e7ekiminde fig\u00fcran olur, k\u00f6yl\u00fclerin ya\u011fmur duas\u0131na kat\u0131l\u0131r, yama\u00e7 para\u015f\u00fct\u00fcyle kendini bo\u015flu\u011fa b\u0131rak\u0131r. Uzun yol boyunca en yak\u0131n arkada\u015f\u0131, cebindeki k\u00fc\u00e7\u00fck deniz kabu\u011fudur. Ama s\u0131radan bir kabuk de\u011fildir bu&#8230;<\/p>\n","protected":false},"excerpt":{"rendered":"<p>Etkileyici mahalle ve okul hik\u00e2yeleri anlatt\u0131\u011f\u0131 kitaplar\u0131yla \u00e7ok sevilen \u00d6mer A\u00e7\u0131k yeni roman\u0131nda, i\u00e7imizde sakl\u0131 k\u00e2\u015fif ruha sesleniyor, okurunu Anadolu&#8217;nun k\u00fclt\u00fcrel zenginli\u011fi i\u00e7inde gezdiriyor. Roza&#8217;n\u0131n, yaz<span class=\"excerpt-hellip\"> [\u2026]<\/span><\/p>\n","protected":false},"featured_media":0,"template":"","meta":{"_monsterinsights_skip_tracking":false,"_monsterinsights_sitenote_active":false,"_monsterinsights_sitenote_note":"","_monsterinsights_sitenote_category":0},"product_brand":[],"product_cat":[12275,12274],"product_tag":[],"class_list":{"0":"post-724707","1":"product","2":"type-product","3":"status-publish","5":"product_cat-6-12-yas-kitaplari","6":"product_cat-cocuk-ve-genclik-kitaplari","7":"pa_cilt-ciltsiz","8":"pa_tur-kitap","9":"pa_yayinevi-gunisigi-kitapligi","10":"pa_yazar-omer-acik","12":"first","13":"instock","14":"sale","15":"shipping-taxable","16":"purchasable","17":"product-type-simple"},"_links":{"self":[{"href":"https:\/\/roveyayinevi.com.tr\/index.php\/wp-json\/wp\/v2\/product\/724707","targetHints":{"allow":["GET"]}}],"collection":[{"href":"https:\/\/roveyayinevi.com.tr\/index.php\/wp-json\/wp\/v2\/product"}],"about":[{"href":"https:\/\/roveyayinevi.com.tr\/index.php\/wp-json\/wp\/v2\/types\/product"}],"wp:attachment":[{"href":"https:\/\/roveyayinevi.com.tr\/index.php\/wp-json\/wp\/v2\/media?parent=724707"}],"wp:term":[{"taxonomy":"product_brand","embeddable":true,"href":"https:\/\/roveyayinevi.com.tr\/index.php\/wp-json\/wp\/v2\/product_brand?post=724707"},{"taxonomy":"product_cat","embeddable":true,"href":"https:\/\/roveyayinevi.com.tr\/index.php\/wp-json\/wp\/v2\/product_cat?post=724707"},{"taxonomy":"product_tag","embeddable":true,"href":"https:\/\/roveyayinevi.com.tr\/index.php\/wp-json\/wp\/v2\/product_tag?post=724707"}],"curies":[{"name":"wp","href":"https:\/\/api.w.org\/{rel}","templated":true}]}}