{"id":724683,"date":"2025-08-27T19:38:25","date_gmt":"2025-08-27T16:38:25","guid":{"rendered":"https:\/\/roveyayinevi.com.tr\/index.php\/urun\/kurtulan-kizlar\/"},"modified":"2026-04-16T02:32:27","modified_gmt":"2026-04-15T23:32:27","slug":"kurtulan-kizlar","status":"publish","type":"product","link":"https:\/\/roveyayinevi.com.tr\/index.php\/urun\/kurtulan-kizlar\/","title":{"rendered":"Kurtulan K\u0131zlar"},"content":{"rendered":"<p>Bir katilden kurtulabilmek i\u00e7in, bir katilin i\u00e7g\u00fcd\u00fclerine sahip olmal\u0131s\u0131n\u0131z.On y\u0131l \u00f6nce Quincy Carpenter be\u015f arkada\u015f\u0131yla birlikte tatile gitmi\u015f ve tek ba\u015f\u0131na d\u00f6nm\u00fc\u015ft\u00fc; sadece filmlerde g\u00f6rebilece\u011finiz t\u00fcrden bir katliamdan sa\u011f kurtulan tek ki\u015fiydi. Bir anda, kimsenin \u00fcyesi olmay\u0131 arzu etmeyece\u011fi bir kul\u00fcb\u00fcn, bas\u0131nda \u201cKurtulan K\u0131zlar\u201d ad\u0131yla an\u0131lan, benzer \u015fekilde sa\u011f kalanlardan olu\u015fan bir grubun \u00fcyesi olmu\u015ftu: \u00fcniversiteden at\u0131lan bir \u00f6\u011frencinin katletti\u011fi dokuz k\u0131z arkada\u015f\u0131n\u0131 kaybeden Lisa, Nightlight Inn\u2019deki vardiyas\u0131nda \u00c7uval Adam\u2019a meydan okuyan Sam ve \u015fimdi de \u00c7am Ev\u2019den ve \u201co\u201d diye s\u00f6z etti\u011fi adamdan ka\u00e7arak kanlar i\u00e7inde ormanda ko\u015fturan Quincy.Quincy art\u0131k iyiydi, hatta re\u00e7eteli Xanax\u2019\u0131 sayesinde harikayd\u0131. Ni\u015fanlanmak \u00fczere oldu\u011fu, ilgili erkek arkada\u015f\u0131 Jeff ve pop\u00fcler bir pasta blogu vard\u0131; g\u00fczel bir apartman dairesinde ya\u015f\u0131yordu ve y\u0131llar \u00f6nce hayat\u0131n\u0131 kurtaran polis memuru Coop deste\u011fini ondan asla esirgemiyordu. O geceye ait detaylar\u0131n b\u00fcy\u00fck \u00e7o\u011funlu\u011funu hat\u0131rlam\u0131yordu; ge\u00e7mi\u015f, ge\u00e7mi\u015fte kalm\u0131\u015ft\u0131.Ta ki ilk Kurtulan K\u0131z Lisa k\u00fcvetinde, bileklerini kesmi\u015f olarak bulunana ve ikinci Kurtulan K\u0131z Sam, Quincy\u2019nin kap\u0131s\u0131nda belirene kadar\u2026\u201cKay\u0131p K\u0131z\u2019\u0131 be\u011fendiyseniz bu kitaba bay\u0131lacaks\u0131n\u0131z.\u201d  \u2013Stephen King\u201cMuhte\u015fem bir kitap!\u201d \u2013Karin Slaughter\u201cBaz\u0131 filmler ve kitaplar \u00f6ylesine etkileyicidir ki, sadece bir hik\u00e2ye olduklar\u0131n\u0131 unutuveririz. Kurtulan K\u0131zlar tam da b\u00f6yle bir hik\u00e2ye&#8230; okurken kurtulan tek ki\u015fi olmaya cesaretiniz var m\u0131 merak edeceksiniz.\u201d \u2013Josh Malerman<\/p>\n","protected":false},"excerpt":{"rendered":"<p>Bir katilden kurtulabilmek i\u00e7in, bir katilin i\u00e7g\u00fcd\u00fclerine sahip olmal\u0131s\u0131n\u0131z.On y\u0131l \u00f6nce Quincy Carpenter be\u015f arkada\u015f\u0131yla birlikte tatile gitmi\u015f ve tek ba\u015f\u0131na d\u00f6nm\u00fc\u015ft\u00fc; sadece filmlerde g\u00f6rebilece\u011finiz t\u00fcrden<span class=\"excerpt-hellip\"> [\u2026]<\/span><\/p>\n","protected":false},"featured_media":0,"template":"","meta":{"_monsterinsights_skip_tracking":false,"_monsterinsights_sitenote_active":false,"_monsterinsights_sitenote_note":"","_monsterinsights_sitenote_category":0},"product_brand":[],"product_cat":[12291,17033],"product_tag":[],"class_list":{"0":"post-724683","1":"product","2":"type-product","3":"status-publish","5":"product_cat-edebiyat","6":"product_cat-korku-gerilim","7":"pa_cilt-ciltsiz","8":"pa_tur-kitap","9":"pa_yayinevi-ithaki-yayinlari","10":"pa_yazar-riley-sager","12":"first","13":"instock","14":"sale","15":"shipping-taxable","16":"purchasable","17":"product-type-simple"},"_links":{"self":[{"href":"https:\/\/roveyayinevi.com.tr\/index.php\/wp-json\/wp\/v2\/product\/724683","targetHints":{"allow":["GET"]}}],"collection":[{"href":"https:\/\/roveyayinevi.com.tr\/index.php\/wp-json\/wp\/v2\/product"}],"about":[{"href":"https:\/\/roveyayinevi.com.tr\/index.php\/wp-json\/wp\/v2\/types\/product"}],"wp:attachment":[{"href":"https:\/\/roveyayinevi.com.tr\/index.php\/wp-json\/wp\/v2\/media?parent=724683"}],"wp:term":[{"taxonomy":"product_brand","embeddable":true,"href":"https:\/\/roveyayinevi.com.tr\/index.php\/wp-json\/wp\/v2\/product_brand?post=724683"},{"taxonomy":"product_cat","embeddable":true,"href":"https:\/\/roveyayinevi.com.tr\/index.php\/wp-json\/wp\/v2\/product_cat?post=724683"},{"taxonomy":"product_tag","embeddable":true,"href":"https:\/\/roveyayinevi.com.tr\/index.php\/wp-json\/wp\/v2\/product_tag?post=724683"}],"curies":[{"name":"wp","href":"https:\/\/api.w.org\/{rel}","templated":true}]}}