{"id":724682,"date":"2025-08-27T19:38:24","date_gmt":"2025-08-27T16:38:24","guid":{"rendered":"https:\/\/roveyayinevi.com.tr\/index.php\/urun\/kallokain\/"},"modified":"2026-04-16T02:32:27","modified_gmt":"2026-04-15T23:32:27","slug":"kallokain","status":"publish","type":"product","link":"https:\/\/roveyayinevi.com.tr\/index.php\/urun\/kallokain\/","title":{"rendered":"Kallokain"},"content":{"rendered":"<p>\u201c\u0130\u00c7\u0130MDE H\u0130\u00c7 \u015e\u00dcPHE YOKTU ARTIK: YEN\u0130 B\u0130R D\u00dcNYANIN YARATILI\u015eINA KATILIYORDUM BEN.\u201dBir \u015fair de olan Karin Boye hayat\u0131n\u0131n son d\u00f6nemini II. D\u00fcnya Sava\u015f\u0131\u2019n\u0131n g\u00f6lgesinde ya\u015fad\u0131. \u0130\u015fgal tehdidi alt\u0131ndaki \u00fclkesi \u0130sve\u00e7\u2019te sans\u00fcr, korku ve g\u00fcvensizlik cenderesinde bir umut \u0131\u015f\u0131\u011f\u0131 niyetine d\u00fcnya edebiyat\u0131na bu distopyay\u0131 arma\u011fan etti. \u0130nsan zihninin derinliklerine dair, totaliter ger\u00e7ekli\u011fe kar\u015f\u0131 ila\u00e7 olarak g\u00f6rd\u00fc\u011f\u00fc bireyin savunusu olan Kallokain, Boye\u2019nin son ve en \u00f6nemli eseridir.Cesur Yeni D\u00fcnya ile 1984 aras\u0131nda bir tarihte kaleme al\u0131nan Kallokain\u2019de sorun ger\u00e7ekliktir. D\u00fcnyadevlet de di\u011fer b\u00fct\u00fcn devletler gibi halk\u0131 \u00fczerinde tam bir egemenlik kurmu\u015f, insanlara kendi ger\u00e7ekli\u011fini dayatm\u0131\u015ft\u0131r. Askeri bir hiyerar\u015fi \u00fczerinde y\u00fckselen bu mekanizmada en b\u00fcy\u00fck gurur ise, silah arkada\u015flar\u0131na lay\u0131k biri olarak hainli\u011fe kar\u015f\u0131 en yak\u0131n\u0131ndan bile ku\u015fkulanmakt\u0131r.\u0130yi bir silah arkada\u015f\u0131 olma amac\u0131ndaki Leo Kall, insanlar\u0131 bildiklerini s\u00f6ylemeye mecbur b\u0131rakan bir ila\u00e7 geli\u015ftirir. Art\u0131k kimse hi\u00e7bir \u015fey saklayamayacak, her yerde g\u00f6rev ba\u015f\u0131nda olan polis g\u00f6zleri ve polis kulaklar\u0131na ra\u011fmen ihanet i\u00e7inde olan hainler daha eyleme ge\u00e7emeden birer birer ortaya \u00e7\u0131kar\u0131lacakt\u0131r. B\u00f6ylece kolektif kurumlar asosyal yatk\u0131nl\u0131klar\u0131n gizlendi\u011fi b\u00fct\u00fcn k\u00f6\u015feleri fethedecek ve devletin y\u00fcce birli\u011fi tamamlanacakt\u0131r.<\/p>\n","protected":false},"excerpt":{"rendered":"<p>\u201c\u0130\u00c7\u0130MDE H\u0130\u00c7 \u015e\u00dcPHE YOKTU ARTIK: YEN\u0130 B\u0130R D\u00dcNYANIN YARATILI\u015eINA KATILIYORDUM BEN.\u201dBir \u015fair de olan Karin Boye hayat\u0131n\u0131n son d\u00f6nemini II. D\u00fcnya Sava\u015f\u0131\u2019n\u0131n g\u00f6lgesinde ya\u015fad\u0131. \u0130\u015fgal tehdidi<span class=\"excerpt-hellip\"> [\u2026]<\/span><\/p>\n","protected":false},"featured_media":0,"template":"","meta":{"_monsterinsights_skip_tracking":false,"_monsterinsights_sitenote_active":false,"_monsterinsights_sitenote_note":"","_monsterinsights_sitenote_category":0},"product_brand":[],"product_cat":[12540,12291],"product_tag":[],"class_list":{"0":"post-724682","1":"product","2":"type-product","3":"status-publish","5":"product_cat-bilim-kurgu","6":"product_cat-edebiyat","7":"pa_cilt-ciltsiz","8":"pa_tur-kitap","9":"pa_yayinevi-ithaki-yayinlari","10":"pa_yazar-karin-boye","12":"first","13":"instock","14":"sale","15":"shipping-taxable","16":"purchasable","17":"product-type-simple"},"_links":{"self":[{"href":"https:\/\/roveyayinevi.com.tr\/index.php\/wp-json\/wp\/v2\/product\/724682","targetHints":{"allow":["GET"]}}],"collection":[{"href":"https:\/\/roveyayinevi.com.tr\/index.php\/wp-json\/wp\/v2\/product"}],"about":[{"href":"https:\/\/roveyayinevi.com.tr\/index.php\/wp-json\/wp\/v2\/types\/product"}],"wp:attachment":[{"href":"https:\/\/roveyayinevi.com.tr\/index.php\/wp-json\/wp\/v2\/media?parent=724682"}],"wp:term":[{"taxonomy":"product_brand","embeddable":true,"href":"https:\/\/roveyayinevi.com.tr\/index.php\/wp-json\/wp\/v2\/product_brand?post=724682"},{"taxonomy":"product_cat","embeddable":true,"href":"https:\/\/roveyayinevi.com.tr\/index.php\/wp-json\/wp\/v2\/product_cat?post=724682"},{"taxonomy":"product_tag","embeddable":true,"href":"https:\/\/roveyayinevi.com.tr\/index.php\/wp-json\/wp\/v2\/product_tag?post=724682"}],"curies":[{"name":"wp","href":"https:\/\/api.w.org\/{rel}","templated":true}]}}