{"id":724678,"date":"2025-08-27T19:38:21","date_gmt":"2025-08-27T16:38:21","guid":{"rendered":"https:\/\/roveyayinevi.com.tr\/index.php\/urun\/neden-cocuk-kitaplari-okumaliyiz\/"},"modified":"2026-04-16T02:32:27","modified_gmt":"2026-04-15T23:32:27","slug":"neden-cocuk-kitaplari-okumaliyiz","status":"publish","type":"product","link":"https:\/\/roveyayinevi.com.tr\/index.php\/urun\/neden-cocuk-kitaplari-okumaliyiz\/","title":{"rendered":"Neden \u00c7ocuk Kitaplari Okumaliyiz"},"content":{"rendered":"<p>\u00c7o\u011fu yeti\u015fkin, okuma s\u00fcrecinin tek y\u00f6nl\u00fc  i\u015flemesi gerekti\u011fini d\u00fc\u015f\u00fcn\u00fcr zira bunun aksi gerileme, olgunlukta geriye gitme olarak g\u00f6r\u00fcl\u00fcr. \u00d6nce PeterveJane denen \u00e7ift ba\u015fl\u0131 canavar\u0131, ard\u0131ndan Narnia\u2019y\u0131 a\u015f\u0131p Patrick Ness ile devam edersiniz&#8230; Derken yeti\u015fkin edebiyat\u0131na ge\u00e7erek zafer kazan\u0131r, sonra da hep orada kal\u0131r, bir daha asla geriye d\u00f6n\u00fcp bakmazs\u0131n\u0131z \u00e7\u00fcnk\u00fc geriye bakmak mevki kaybetmek demektir. Ama insan y\u00fcre\u011fi tren gibi d\u00fcz bir hatta ilerlemez. Okuma ser\u00fcveni b\u00f6yle bir \u015fey de\u011fil, en az\u0131ndan benimkisi b\u00f6yle de\u011fildi. \u00c7ocuk edebiyat\u0131n\u0131 \u0131skartaya \u00e7\u0131kar\u0131rsak, yeti\u015fkin g\u00f6z\u00fcyle okudu\u011fumuzda farkl\u0131 bir simya yakalayaca\u011f\u0131m\u0131z zenginliklerle dolu bir m\u00fccevher kutusunu \u0131skartaya \u00e7\u0131karm\u0131\u015f oluruz.\u201dSon d\u00f6nemin en \u00f6nemli yazarlar\u0131ndan Katherine Rundell, \u00e7ocuk kitaplar\u0131n\u0131n hayal g\u00fcc\u00fcn\u00fcn fitilini nas\u0131l ate\u015fledi\u011fini, dahas\u0131 nas\u0131l yeniden ate\u015fleyebilece\u011fini; \u00e7ocuk edebiyat\u0131n\u0131n c\u00fcretk\u00e2r ve oyunbaz tavr\u0131yla, nas\u0131l olup da i\u00e7imizdeki eski a\u00e7l\u0131klar\u0131 uyand\u0131r\u0131p d\u00fcnyaya dair yeni bak\u0131\u015f a\u00e7\u0131lar\u0131 olu\u015fturmam\u0131z\u0131 sa\u011flayabilece\u011fini g\u00f6steriyor. Yeti\u015fkin okur i\u00e7in keyifli ve ikna edici bir deneme. <\/p>\n","protected":false},"excerpt":{"rendered":"<p>\u00c7o\u011fu yeti\u015fkin, okuma s\u00fcrecinin tek y\u00f6nl\u00fc i\u015flemesi gerekti\u011fini d\u00fc\u015f\u00fcn\u00fcr zira bunun aksi gerileme, olgunlukta geriye gitme olarak g\u00f6r\u00fcl\u00fcr. \u00d6nce PeterveJane denen \u00e7ift ba\u015fl\u0131 canavar\u0131, ard\u0131ndan Narnia\u2019y\u0131<span class=\"excerpt-hellip\"> [\u2026]<\/span><\/p>\n","protected":false},"featured_media":0,"template":"","meta":{"_monsterinsights_skip_tracking":false,"_monsterinsights_sitenote_active":false,"_monsterinsights_sitenote_note":"","_monsterinsights_sitenote_category":0},"product_brand":[],"product_cat":[13072,12291],"product_tag":[],"class_list":{"0":"post-724678","1":"product","2":"type-product","3":"status-publish","5":"product_cat-arastirma-inceleme-referans","6":"product_cat-edebiyat","7":"pa_cilt-ciltli","8":"pa_tur-kitap","9":"pa_yayinevi-domingo-yayinevi","10":"pa_yazar-katherine-rundell","12":"first","13":"instock","14":"sale","15":"shipping-taxable","16":"purchasable","17":"product-type-simple"},"_links":{"self":[{"href":"https:\/\/roveyayinevi.com.tr\/index.php\/wp-json\/wp\/v2\/product\/724678","targetHints":{"allow":["GET"]}}],"collection":[{"href":"https:\/\/roveyayinevi.com.tr\/index.php\/wp-json\/wp\/v2\/product"}],"about":[{"href":"https:\/\/roveyayinevi.com.tr\/index.php\/wp-json\/wp\/v2\/types\/product"}],"wp:attachment":[{"href":"https:\/\/roveyayinevi.com.tr\/index.php\/wp-json\/wp\/v2\/media?parent=724678"}],"wp:term":[{"taxonomy":"product_brand","embeddable":true,"href":"https:\/\/roveyayinevi.com.tr\/index.php\/wp-json\/wp\/v2\/product_brand?post=724678"},{"taxonomy":"product_cat","embeddable":true,"href":"https:\/\/roveyayinevi.com.tr\/index.php\/wp-json\/wp\/v2\/product_cat?post=724678"},{"taxonomy":"product_tag","embeddable":true,"href":"https:\/\/roveyayinevi.com.tr\/index.php\/wp-json\/wp\/v2\/product_tag?post=724678"}],"curies":[{"name":"wp","href":"https:\/\/api.w.org\/{rel}","templated":true}]}}