{"id":724675,"date":"2025-08-27T19:38:18","date_gmt":"2025-08-27T16:38:18","guid":{"rendered":"https:\/\/roveyayinevi.com.tr\/index.php\/urun\/pedagojik-tahakkum\/"},"modified":"2026-04-16T02:32:27","modified_gmt":"2026-04-15T23:32:27","slug":"pedagojik-tahakkum","status":"publish","type":"product","link":"https:\/\/roveyayinevi.com.tr\/index.php\/urun\/pedagojik-tahakkum\/","title":{"rendered":"Pedagojik Tahakk\u00fcm"},"content":{"rendered":"<p>\u0130ki \u00fcniversite vard\u0131r: Biri olmas\u0131 gereken \u00fcniversite, di\u011feri ise olan \u00fcniversite. Olmas\u0131 gereken \u00fcniversite genel toplumsal yarar\u0131 g\u00f6zeterek neden-sonu\u00e7 ili\u015fkisi  i\u00e7erisinde bilimsel bilgi \u00fcreten, bununla yetinmeyip \u00fcretti\u011fi bu bilginin uygulamaya ge\u00e7mesinin siyasetini de yapand\u0131r. Somut tarihsel ger\u00e7eklik \u00fcniversite kurumlar\u0131n\u0131n bu \u00e7izgiden uzak oldu\u011fu y\u00f6n\u00fcndedir. \u00dcniversiteler, tarihsel s\u00fcre\u00e7te b\u00fcy\u00fck \u00f6l\u00e7\u00fcde egemen s\u0131n\u0131flar\u0131n tahakk\u00fcm\u00fc alt\u0131nda g\u00fc\u00e7 ve iktidar ili\u015fkilerinin yeniden \u00fcretimine katk\u0131 sunan bir i\u015flev g\u00f6rm\u00fc\u015ft\u00fcr. Olan \u00fcniversite ile kastedilen tam da budur. G\u00fcn\u00fcm\u00fcz \u00fcniversiteleri de egemen konumdaki yeni liberal ideolojinin tahakk\u00fcm\u00fc alt\u0131ndad\u0131r. Bu kitap olan \u00fcniversitenin bu halini sosyal bilimlerdeki \u00f6\u011fretim s\u00fcre\u00e7leri \u00fczerinden irdelemektedir. Sosyal bilimlerdeki \u00f6\u011fretim s\u00fcre\u00e7leri, pedagojik olarak, neredeyse b\u00fct\u00fcn\u00fcyle, egemen ideolojiye g\u00f6re kurgulanm\u0131\u015f durumdad\u0131r. Bu tahakk\u00fcm alt\u0131nda sosyal bilim \u00f6\u011frenimi g\u00f6renlere, egemen ideoloji ve bu ideolojinin toplumsal olgu ve olaylara bak\u0131\u015f\u0131 nesnel bilimsel ger\u00e7ekli\u011fin kendisiymi\u015f gibi bir d\u00fc\u015f\u00fcnce a\u015f\u0131lanmaktad\u0131r. Bu kitap, s\u00f6z konusu bu durumu if\u015fa etmeye \u00e7al\u0131\u015fmaktad\u0131r.<\/p>\n","protected":false},"excerpt":{"rendered":"<p>\u0130ki \u00fcniversite vard\u0131r: Biri olmas\u0131 gereken \u00fcniversite, di\u011feri ise olan \u00fcniversite. Olmas\u0131 gereken \u00fcniversite genel toplumsal yarar\u0131 g\u00f6zeterek neden-sonu\u00e7 ili\u015fkisi i\u00e7erisinde bilimsel bilgi \u00fcreten, bununla yetinmeyip<span class=\"excerpt-hellip\"> [\u2026]<\/span><\/p>\n","protected":false},"featured_media":0,"template":"","meta":{"_monsterinsights_skip_tracking":false,"_monsterinsights_sitenote_active":false,"_monsterinsights_sitenote_note":"","_monsterinsights_sitenote_category":0},"product_brand":[],"product_cat":[12325,12324],"product_tag":[],"class_list":{"0":"post-724675","1":"product","2":"type-product","3":"status-publish","5":"product_cat-diger-sosyoloji","6":"product_cat-sosyoloji","7":"pa_cilt-ciltsiz","8":"pa_tur-kitap","9":"pa_yayinevi-nika-yayinevi","10":"pa_yazar-taner-akpinar","12":"first","13":"instock","14":"sale","15":"shipping-taxable","16":"purchasable","17":"product-type-simple"},"_links":{"self":[{"href":"https:\/\/roveyayinevi.com.tr\/index.php\/wp-json\/wp\/v2\/product\/724675","targetHints":{"allow":["GET"]}}],"collection":[{"href":"https:\/\/roveyayinevi.com.tr\/index.php\/wp-json\/wp\/v2\/product"}],"about":[{"href":"https:\/\/roveyayinevi.com.tr\/index.php\/wp-json\/wp\/v2\/types\/product"}],"wp:attachment":[{"href":"https:\/\/roveyayinevi.com.tr\/index.php\/wp-json\/wp\/v2\/media?parent=724675"}],"wp:term":[{"taxonomy":"product_brand","embeddable":true,"href":"https:\/\/roveyayinevi.com.tr\/index.php\/wp-json\/wp\/v2\/product_brand?post=724675"},{"taxonomy":"product_cat","embeddable":true,"href":"https:\/\/roveyayinevi.com.tr\/index.php\/wp-json\/wp\/v2\/product_cat?post=724675"},{"taxonomy":"product_tag","embeddable":true,"href":"https:\/\/roveyayinevi.com.tr\/index.php\/wp-json\/wp\/v2\/product_tag?post=724675"}],"curies":[{"name":"wp","href":"https:\/\/api.w.org\/{rel}","templated":true}]}}