{"id":724673,"date":"2025-08-27T19:38:16","date_gmt":"2025-08-27T16:38:16","guid":{"rendered":"https:\/\/roveyayinevi.com.tr\/index.php\/urun\/made-in-abyss-cilt-4\/"},"modified":"2026-04-16T02:32:27","modified_gmt":"2026-04-15T23:32:27","slug":"made-in-abyss-cilt-4","status":"publish","type":"product","link":"https:\/\/roveyayinevi.com.tr\/index.php\/urun\/made-in-abyss-cilt-4\/","title":{"rendered":"Made in Abyss Cilt 4"},"content":{"rendered":"<p>Candelenin zehrine maruz kal\u0131p bilincini yitiren Riko&#8217;yu Reg ve Nana\u00e7i \u00f6zverili \u00e7abalar\u0131 sonucunda iyile\u015ftiriyor. Nana\u00e7i&#8217;nin evinde stratejiyi yeniden olu\u015fturan \u00fc\u00e7l\u00fc, Abyss&#8217;in daha derin yerlerine inmek \u00fczere zorlu ortamda maceralar\u0131na devam ederler. Alt\u0131nc\u0131 katman\u0131n giri\u015finde bulunan \u0130do Front ad\u0131nda bir \u00f6n cephe \u00fcss\u00fcnde, \u00fc\u00e7l\u00fcn\u00fcn \u00f6n\u00fcne Pru\u015fka isminde bir k\u0131z \u00e7\u0131k\u0131veriyor. Bu k\u0131z \u015fa\u015f\u0131rt\u0131c\u0131 bir \u015fekilde Nana\u00e7i&#8217;nin ba\u015f d\u00fc\u015fman\u0131 Bondrew&#8217;in k\u0131z\u0131 oldu\u011fu ortaya \u00e7\u0131k\u0131yor.  \u201cTek kelime ile bir ba\u015f yap\u0131t!\u201d    &#8211; Anime News Network 2017 En Y\u00fcksek Be\u011feni Alan Anime \u00d6d\u00fcl\u00fc 2017 Y\u0131l\u0131n An\u0131mesi \u00d6d\u00fcl\u00fc 2018 Manga B\u00fcy\u00fck \u00d6d\u00fcl\u00fc (Manga Tai\u015fo) 2018 Muhte\u015fem Manga \u00d6d\u00fcl\u00fc (Kono Manga-ga Sugoi) 2018 Japonya K\u00fclt\u00fcr Bakanl\u0131\u011f\u0131 Medya ve Sanat festivali J\u00fcri \u00d6zel \u00d6d\u00fcl\u00fc   Akihito Tsuku\u015fi taraf\u0131ndan yarat\u0131lan fantastik \u00f6yk\u00fc \u201cMade in Abyss\u201d ilk olarak 2012 y\u0131l\u0131nda Japon Yay\u0131nevi Take\u015fobo&#8217;nun dijital kanal\u0131 Web Comic Gamma&#8217;da manga olarak yay\u0131nlanmaya ba\u015flam\u0131\u015ft\u0131r. Mangan\u0131n yay\u0131nlanmas\u0131ndan hemen be\u015f y\u0131l sonra (2017), Kinema Citrus taraf\u0131ndan 13 b\u00f6l\u00fcml\u00fck anime uyarlamas\u0131 yap\u0131lm\u0131\u015f ve ertesi sene Crunchyroll (d\u00fcnya \u00e7ap\u0131nda en fazla bilinen anime yay\u0131n platformu) taraf\u0131ndan verilen \u201cY\u0131l\u0131n Animesi\u201d \u00f6d\u00fcllerinden iki adet en prestijli \u00f6d\u00fcl ile d\u00f6nm\u00fc\u015ft\u00fcr. Anime uyarlamas\u0131 d\u00fcnyadaki en aktif anime izleyicilerini bir araya getiren www.myanimelist.net sitesinde on binlerce seri aras\u0131nda yirmi ikinci, manga serisi ise yine binlerce manga aras\u0131nda on birinci s\u0131rada yer almaktad\u0131r. Made in Abyss d\u00fcnya \u00e7ap\u0131nda o kadar sevilmi\u015ftir ki, 2020 Ocak ay\u0131nda y\u00fcksek b\u00fct\u00e7eli bir anime devam filmi olarak da sevenleriyle bulu\u015facakt\u0131r. <\/p>\n","protected":false},"excerpt":{"rendered":"<p>Candelenin zehrine maruz kal\u0131p bilincini yitiren Riko&#8217;yu Reg ve Nana\u00e7i \u00f6zverili \u00e7abalar\u0131 sonucunda iyile\u015ftiriyor. Nana\u00e7i&#8217;nin evinde stratejiyi yeniden olu\u015fturan \u00fc\u00e7l\u00fc, Abyss&#8217;in daha derin yerlerine inmek \u00fczere<span class=\"excerpt-hellip\"> [\u2026]<\/span><\/p>\n","protected":false},"featured_media":0,"template":"","meta":{"_monsterinsights_skip_tracking":false,"_monsterinsights_sitenote_active":false,"_monsterinsights_sitenote_note":"","_monsterinsights_sitenote_category":0},"product_brand":[],"product_cat":[12416,12291],"product_tag":[],"class_list":{"0":"post-724673","1":"product","2":"type-product","3":"status-publish","5":"product_cat-cizgi-roman","6":"product_cat-edebiyat","7":"pa_cilt-ciltsiz","8":"pa_tur-kitap","9":"pa_yayinevi-komik-seyler-yayincilik","10":"pa_yazar-akihito-tsukusi","12":"first","13":"instock","14":"sale","15":"shipping-taxable","16":"purchasable","17":"product-type-simple"},"_links":{"self":[{"href":"https:\/\/roveyayinevi.com.tr\/index.php\/wp-json\/wp\/v2\/product\/724673","targetHints":{"allow":["GET"]}}],"collection":[{"href":"https:\/\/roveyayinevi.com.tr\/index.php\/wp-json\/wp\/v2\/product"}],"about":[{"href":"https:\/\/roveyayinevi.com.tr\/index.php\/wp-json\/wp\/v2\/types\/product"}],"wp:attachment":[{"href":"https:\/\/roveyayinevi.com.tr\/index.php\/wp-json\/wp\/v2\/media?parent=724673"}],"wp:term":[{"taxonomy":"product_brand","embeddable":true,"href":"https:\/\/roveyayinevi.com.tr\/index.php\/wp-json\/wp\/v2\/product_brand?post=724673"},{"taxonomy":"product_cat","embeddable":true,"href":"https:\/\/roveyayinevi.com.tr\/index.php\/wp-json\/wp\/v2\/product_cat?post=724673"},{"taxonomy":"product_tag","embeddable":true,"href":"https:\/\/roveyayinevi.com.tr\/index.php\/wp-json\/wp\/v2\/product_tag?post=724673"}],"curies":[{"name":"wp","href":"https:\/\/api.w.org\/{rel}","templated":true}]}}