{"id":724670,"date":"2025-08-27T19:38:14","date_gmt":"2025-08-27T16:38:14","guid":{"rendered":"https:\/\/roveyayinevi.com.tr\/index.php\/urun\/sosyalizm-101\/"},"modified":"2026-04-16T02:32:27","modified_gmt":"2026-04-15T23:32:27","slug":"sosyalizm-101","status":"publish","type":"product","link":"https:\/\/roveyayinevi.com.tr\/index.php\/urun\/sosyalizm-101\/","title":{"rendered":"Sosyalizm 101"},"content":{"rendered":"<p>SOSYAL\u0130ZM\u0130N TAR\u0130H\u0130YLE \u0130LG\u0130L\u0130 MERAK ETT\u0130\u011e\u0130N\u0130Z HER \u015eEY BU K\u0130TAPTA!Bir zamanlar \u201cbask\u0131\u201d ile ili\u015fkilendirilen sosyalizm, bugu\u0308nlerde herkesin g\u00f6zu\u0308nu\u0308n u\u0308stu\u0308nde oldu\u011fu, insanlar\u0131n gu\u0308nlu\u0308k hayatlar\u0131nda vergilendirme, sa\u011fl\u0131k hizmetleri ve e\u011fitim sistemleri gibi \u00f6nemli meselelerle yer etmi\u015f bir konudur. \u00dcstelik gu\u0308nu\u0308mu\u0308zu\u0308n karma\u015f\u0131k siyasi ikliminde, giderek daha fazla say\u0131da siyasi aday sosyalist veya demokratik sosyalist politikalar\u0131 savunmaktad\u0131r.Peki ama sosyalizm nedir? Sosyalist du\u0308\u015fu\u0308ncenin k\u00f6kleri nereye uzan\u0131r? Totaliter rejimlerin sosyalizmle mu\u0308cadelesi tarihin hangi d\u00f6nemlerinde ortaya \u00e7\u0131km\u0131\u015ft\u0131r? \u0130\u015f\u00e7i s\u0131n\u0131f\u0131n\u0131n yu\u0308kselmesi gu\u0308nu\u0308mu\u0308zde mu\u0308mku\u0308n mu\u0308du\u0308r? Bugu\u0308n sosyalizm nerede durmaktad\u0131r?Sosyalizm 101, sosyalizmin neredeyse u\u0308\u00e7 yu\u0308zy\u0131ll\u0131k k\u00f6kenlerine, karma\u015f\u0131k tarihine, temel ta\u015flar\u0131na, geli\u015fimindeki kilit isimlere ve gu\u0308ncel kavramlara a\u00e7\u0131kl\u0131k getirerek tu\u0308m bu sorular\u0131 cevapland\u0131r\u0131yor. Marx ve Engels\u2019ten Marcuse\u2019a, Sanayi Devrimi\u2019nden Ku\u0308ba Devrimi\u2019ne, diktat\u00f6rlerden ba\u011f\u0131ms\u0131zl\u0131k mu\u0308cadelelerine, du\u0308nya sava\u015flar\u0131 ve devrimler e\u015fli\u011finde du\u0308nyan\u0131n siyasi d\u00f6nu\u0308\u015fu\u0308mu\u0308nu\u0308 anlat\u0131yor.<\/p>\n","protected":false},"excerpt":{"rendered":"<p>SOSYAL\u0130ZM\u0130N TAR\u0130H\u0130YLE \u0130LG\u0130L\u0130 MERAK ETT\u0130\u011e\u0130N\u0130Z HER \u015eEY BU K\u0130TAPTA!Bir zamanlar \u201cbask\u0131\u201d ile ili\u015fkilendirilen sosyalizm, bugu\u0308nlerde herkesin g\u00f6zu\u0308nu\u0308n u\u0308stu\u0308nde oldu\u011fu, insanlar\u0131n gu\u0308nlu\u0308k hayatlar\u0131nda vergilendirme, sa\u011fl\u0131k hizmetleri ve<span class=\"excerpt-hellip\"> [\u2026]<\/span><\/p>\n","protected":false},"featured_media":0,"template":"","meta":{"_monsterinsights_skip_tracking":false,"_monsterinsights_sitenote_active":false,"_monsterinsights_sitenote_note":"","_monsterinsights_sitenote_category":0},"product_brand":[],"product_cat":[12965,12337],"product_tag":[],"class_list":{"0":"post-724670","1":"product","2":"type-product","3":"status-publish","5":"product_cat-genel-politika","6":"product_cat-politika-siyaset","7":"pa_cilt-ciltsiz","8":"pa_tur-kitap","9":"pa_yayinevi-say-yayinlari","10":"pa_yazar-kathleen-sears","12":"first","13":"instock","14":"sale","15":"shipping-taxable","16":"purchasable","17":"product-type-simple"},"_links":{"self":[{"href":"https:\/\/roveyayinevi.com.tr\/index.php\/wp-json\/wp\/v2\/product\/724670","targetHints":{"allow":["GET"]}}],"collection":[{"href":"https:\/\/roveyayinevi.com.tr\/index.php\/wp-json\/wp\/v2\/product"}],"about":[{"href":"https:\/\/roveyayinevi.com.tr\/index.php\/wp-json\/wp\/v2\/types\/product"}],"wp:attachment":[{"href":"https:\/\/roveyayinevi.com.tr\/index.php\/wp-json\/wp\/v2\/media?parent=724670"}],"wp:term":[{"taxonomy":"product_brand","embeddable":true,"href":"https:\/\/roveyayinevi.com.tr\/index.php\/wp-json\/wp\/v2\/product_brand?post=724670"},{"taxonomy":"product_cat","embeddable":true,"href":"https:\/\/roveyayinevi.com.tr\/index.php\/wp-json\/wp\/v2\/product_cat?post=724670"},{"taxonomy":"product_tag","embeddable":true,"href":"https:\/\/roveyayinevi.com.tr\/index.php\/wp-json\/wp\/v2\/product_tag?post=724670"}],"curies":[{"name":"wp","href":"https:\/\/api.w.org\/{rel}","templated":true}]}}