{"id":724663,"date":"2025-08-27T19:38:08","date_gmt":"2025-08-27T16:38:08","guid":{"rendered":"https:\/\/roveyayinevi.com.tr\/index.php\/urun\/yarim-dunya\/"},"modified":"2026-04-16T02:32:26","modified_gmt":"2026-04-15T23:32:26","slug":"yarim-dunya","status":"publish","type":"product","link":"https:\/\/roveyayinevi.com.tr\/index.php\/urun\/yarim-dunya\/","title":{"rendered":"Yar\u0131m &#8211; D\u00fcnya"},"content":{"rendered":"<p>Tarihte ilk kez, on y\u0131l ilerisini d\u00fc\u015f\u00fcnen ki\u015filer aras\u0131nda, k\u00fcresel bir oyunun sonunu oynamakta oldu\u011fumuz kan\u0131s\u0131 olu\u015ftu. \u0130nsanl\u0131\u011f\u0131n yaratt\u0131\u011f\u0131 sorunlar hem k\u00fcresel hem de s\u00fcrekli art\u0131yor. Akl\u0131m\u0131zda ekonomik b\u00fcy\u00fcme, dizginlenmemi\u015f t\u00fcketim, sa\u011fl\u0131k ve bireysel mutluluktan ba\u015fka bir ama\u00e7 olmadan debelenip duruyoruz. Y\u00fczy\u0131l\u0131n bu en b\u00fcy\u00fck sorunu ancak ahlaki d\u00fc\u015f\u00fcncede temel bir de\u011fi\u015fiklik, insan d\u0131\u015f\u0131ndaki canl\u0131lara b\u00fcy\u00fck bir ba\u011fl\u0131l\u0131kla \u00e7\u00f6z\u00fclebilir. T\u00fcr\u00fcm\u00fcz\u00fcn miras ald\u0131\u011f\u0131 bu g\u00fczel d\u00fcnyan\u0131n biyosferi olu\u015fturmas\u0131n\u0131n 3,8 milyar y\u0131l ald\u0131\u011f\u0131n\u0131 asla unutmamal\u0131y\u0131z. \u0130nsanl\u0131k k\u00fcresel biyolojik \u00e7e\u015fitlilik hakk\u0131nda \u00e7ok daha fazla \u015fey \u00f6\u011frenmedik\u00e7e ve bu \u00e7e\u015fitlili\u011fi korumak i\u00e7in h\u0131zla harekete ge\u00e7medik\u00e7e, Yery\u00fcz\u00fc\u2019ndeki ya\u015fam\u0131 olu\u015fturan t\u00fcrlerin \u00e7o\u011funu k\u0131sa zamanda kaybedece\u011fiz. Yar\u0131m-D\u00fcnya \u00f6nerisi, sorunun \u00f6nemine uygun, birincil, acil bir \u00e7\u00f6z\u00fcm sunuyor: Ancak gezegenin yar\u0131s\u0131n\u0131 veya daha fazlas\u0131n\u0131 ihtiyat olarak bir kenara ay\u0131rarak, \u00e7evrenin ya\u015fayan k\u0131sm\u0131n\u0131 kurtarabilir, kendi varl\u0131\u011f\u0131m\u0131z\u0131 da s\u00fcrd\u00fcrebilmemiz i\u00e7in gereken dengeyi sa\u011flayabiliriz. <\/p>\n","protected":false},"excerpt":{"rendered":"<p>Tarihte ilk kez, on y\u0131l ilerisini d\u00fc\u015f\u00fcnen ki\u015filer aras\u0131nda, k\u00fcresel bir oyunun sonunu oynamakta oldu\u011fumuz kan\u0131s\u0131 olu\u015ftu. \u0130nsanl\u0131\u011f\u0131n yaratt\u0131\u011f\u0131 sorunlar hem k\u00fcresel hem de s\u00fcrekli art\u0131yor.<span class=\"excerpt-hellip\"> [\u2026]<\/span><\/p>\n","protected":false},"featured_media":0,"template":"","meta":{"_monsterinsights_skip_tracking":false,"_monsterinsights_sitenote_active":false,"_monsterinsights_sitenote_note":"","_monsterinsights_sitenote_category":0},"product_brand":[],"product_cat":[23323,12364],"product_tag":[],"class_list":{"0":"post-724663","1":"product","2":"type-product","3":"status-publish","5":"product_cat-ekoloji","6":"product_cat-genel-konular","7":"pa_cilt-ciltsiz","8":"pa_tur-kitap","9":"pa_yayinevi-koc-universitesi-yayinlari","10":"pa_yazar-edward-o-wilson","12":"first","13":"instock","14":"sale","15":"shipping-taxable","16":"purchasable","17":"product-type-simple"},"_links":{"self":[{"href":"https:\/\/roveyayinevi.com.tr\/index.php\/wp-json\/wp\/v2\/product\/724663","targetHints":{"allow":["GET"]}}],"collection":[{"href":"https:\/\/roveyayinevi.com.tr\/index.php\/wp-json\/wp\/v2\/product"}],"about":[{"href":"https:\/\/roveyayinevi.com.tr\/index.php\/wp-json\/wp\/v2\/types\/product"}],"wp:attachment":[{"href":"https:\/\/roveyayinevi.com.tr\/index.php\/wp-json\/wp\/v2\/media?parent=724663"}],"wp:term":[{"taxonomy":"product_brand","embeddable":true,"href":"https:\/\/roveyayinevi.com.tr\/index.php\/wp-json\/wp\/v2\/product_brand?post=724663"},{"taxonomy":"product_cat","embeddable":true,"href":"https:\/\/roveyayinevi.com.tr\/index.php\/wp-json\/wp\/v2\/product_cat?post=724663"},{"taxonomy":"product_tag","embeddable":true,"href":"https:\/\/roveyayinevi.com.tr\/index.php\/wp-json\/wp\/v2\/product_tag?post=724663"}],"curies":[{"name":"wp","href":"https:\/\/api.w.org\/{rel}","templated":true}]}}