{"id":724658,"date":"2025-08-27T19:38:04","date_gmt":"2025-08-27T16:38:04","guid":{"rendered":"https:\/\/roveyayinevi.com.tr\/index.php\/urun\/duygusal-adam\/"},"modified":"2026-04-13T02:39:47","modified_gmt":"2026-04-12T23:39:47","slug":"duygusal-adam","status":"publish","type":"product","link":"https:\/\/roveyayinevi.com.tr\/index.php\/urun\/duygusal-adam\/","title":{"rendered":"Duygusal Adam"},"content":{"rendered":"<p>Javier Mar\u00edas\u2019\u0131n 1986 y\u0131l\u0131nda yay\u0131mlad\u0131\u011f\u0131 be\u015finci roman\u0131 Duygusal Adam, \u0130spanyolca asl\u0131ndan \u00e7evirisiyle ilk kez okurlar\u0131yla bulu\u015fuyor. Duygusal Adam, me\u015fhur olmak \u00fczere olan gen\u00e7 bir opera \u015fark\u0131c\u0131s\u0131 ile evli bir kad\u0131n aras\u0131ndaki a\u015fk maceras\u0131 \u00e7evresinde kurulmu\u015f bir roman. Ama yazar\u0131n dedi\u011fi gibi, \u201cBu, a\u015fk\u0131n ne g\u00f6r\u00fcnd\u00fc\u011f\u00fc ne tecr\u00fcbe edildi\u011fi, yaln\u0131zca bildirildi\u011fi ve hat\u0131rland\u0131\u011f\u0131 bir a\u015fk hik\u00e2yesidir.\u201d Gen\u00e7 opera \u015fark\u0131c\u0131s\u0131n\u0131n bak\u0131\u015f a\u00e7\u0131s\u0131ndan okudu\u011fumuz hik\u00e2ye, \u015fark\u0131c\u0131n\u0131n bir temsilde rol almak \u00fczere Madrid\u2019e gitmek i\u00e7in bindi\u011fi trende, kar\u015f\u0131s\u0131nda oturan bir kad\u0131nla iki erke\u011fin birbirleriyle nas\u0131l bir ili\u015fki i\u00e7inde oldu\u011funu hayal etmesiyle ba\u015fl\u0131yor. Daha sonra bu \u00fc\u00e7 ki\u015fiyle kendisinin de kald\u0131\u011f\u0131 l\u00fcks otelde kar\u015f\u0131la\u015f\u0131yor: Bunlar Bel\u00e7ikal\u0131 banker Hieronimo Manur, kar\u0131s\u0131 Natalia ve onlara e\u015flik eden Dato. K\u0131skan\u00e7 bir koca olan Manur, Dato\u2019yu kar\u0131s\u0131n\u0131 erkeklerin alakalar\u0131ndan uzak tutmakla g\u00f6revlendirmi\u015ftir ama gen\u00e7 opera \u015fark\u0131c\u0131s\u0131 provalar aras\u0131nda Natalia\u2019ya kur yapmaktan sak\u0131nmaz, bunu g\u00f6zlemleyen Dato da patronuna durumu aktar\u0131r. K\u0131skan\u00e7 koca daha da k\u0131skan\u00e7la\u015f\u0131r&#8230; Duygusal Adam, Mar\u00edas\u2019\u0131n hat\u0131rlama ile beklenti kutuplar\u0131 aras\u0131nda okuru gezdirdi\u011fi, gizem ve heyecan dolu bir macera.   \u201cJavier Mar\u00edas harika bir hik\u00e2ye kaleme alm\u0131\u015f: Psikolojik analizlerde keskin, hik\u00e2yenin geli\u015fiminde m\u00fc\u015fk\u00fclpesent, sonunda ise s\u00fcrprizli. Akl\u0131ma Marcel Proust ile Unamuno\u2019yu getirdi.\u201d- Manuel Alvar, ABC \u201cYaz\u0131nsal ihti\u015fam\u0131n\u0131n \u00f6tesinde [Duygusal Adam\u2019\u0131n] yaratt\u0131\u011f\u0131 ger\u00e7ek sansasyon, \u00e7a\u011f\u0131m\u0131zdaki ahlaki ikiy\u00fczl\u00fcl\u00fc\u011f\u00fcn maskesini d\u00fc\u015f\u00fcrmesi ve \u0130yi ile K\u00f6t\u00fc konusunda k\u00e2\u011f\u0131tlar\u0131 ba\u015ftan da\u011f\u0131tmas\u0131d\u0131r.\u201d- Frankfurter Allgemeine Zeitung \u201cMar\u00edas\u2019\u0131n \u00fcslubu benzersiz, insan kalbinin derinliklerinde aran\u0131rken yapt\u0131\u011f\u0131 ke\u015fifler gibi.\u201d- Los Angeles Times \u201cMar\u00edas, okuru tek kelimeyle afallat\u0131yor.\u201d -The Times Literary Supplement <\/p>\n","protected":false},"excerpt":{"rendered":"<p>Javier Mar\u00edas\u2019\u0131n 1986 y\u0131l\u0131nda yay\u0131mlad\u0131\u011f\u0131 be\u015finci roman\u0131 Duygusal Adam, \u0130spanyolca asl\u0131ndan \u00e7evirisiyle ilk kez okurlar\u0131yla bulu\u015fuyor. Duygusal Adam, me\u015fhur olmak \u00fczere olan gen\u00e7 bir opera \u015fark\u0131c\u0131s\u0131<span class=\"excerpt-hellip\"> [\u2026]<\/span><\/p>\n","protected":false},"featured_media":0,"template":"","meta":{"_monsterinsights_skip_tracking":false,"_monsterinsights_sitenote_active":false,"_monsterinsights_sitenote_note":"","_monsterinsights_sitenote_category":0},"product_brand":[],"product_cat":[12291,12711],"product_tag":[],"class_list":{"0":"post-724658","1":"product","2":"type-product","3":"status-publish","5":"product_cat-edebiyat","6":"product_cat-roman-oyku","7":"pa_cilt-ciltsiz","8":"pa_tur-kitap","9":"pa_yayinevi-yapi-kredi-yayinlari","10":"pa_yazar-javier-marias","12":"first","13":"instock","14":"sale","15":"shipping-taxable","16":"purchasable","17":"product-type-simple"},"_links":{"self":[{"href":"https:\/\/roveyayinevi.com.tr\/index.php\/wp-json\/wp\/v2\/product\/724658","targetHints":{"allow":["GET"]}}],"collection":[{"href":"https:\/\/roveyayinevi.com.tr\/index.php\/wp-json\/wp\/v2\/product"}],"about":[{"href":"https:\/\/roveyayinevi.com.tr\/index.php\/wp-json\/wp\/v2\/types\/product"}],"wp:attachment":[{"href":"https:\/\/roveyayinevi.com.tr\/index.php\/wp-json\/wp\/v2\/media?parent=724658"}],"wp:term":[{"taxonomy":"product_brand","embeddable":true,"href":"https:\/\/roveyayinevi.com.tr\/index.php\/wp-json\/wp\/v2\/product_brand?post=724658"},{"taxonomy":"product_cat","embeddable":true,"href":"https:\/\/roveyayinevi.com.tr\/index.php\/wp-json\/wp\/v2\/product_cat?post=724658"},{"taxonomy":"product_tag","embeddable":true,"href":"https:\/\/roveyayinevi.com.tr\/index.php\/wp-json\/wp\/v2\/product_tag?post=724658"}],"curies":[{"name":"wp","href":"https:\/\/api.w.org\/{rel}","templated":true}]}}