{"id":724633,"date":"2025-08-27T19:37:45","date_gmt":"2025-08-27T16:37:45","guid":{"rendered":"https:\/\/roveyayinevi.com.tr\/index.php\/urun\/hititlerde-muzik-muzik-aletleri-ve-muzisyenler\/"},"modified":"2026-04-16T02:32:26","modified_gmt":"2026-04-15T23:32:26","slug":"hititlerde-muzik-muzik-aletleri-ve-muzisyenler","status":"publish","type":"product","link":"https:\/\/roveyayinevi.com.tr\/index.php\/urun\/hititlerde-muzik-muzik-aletleri-ve-muzisyenler\/","title":{"rendered":"Hititlerde M\u00fczik, M\u00fczik Aletleri Ve M\u00fczisyenler"},"content":{"rendered":"<p>Schopenhauer, sanatlar\u0131n zirvesine, en y\u00fcksek sanat oldu\u011funu s\u00f6yledi\u011fi m\u00fczi\u011fi yerle\u015ftirmi\u015ftir. \u0130nsan\u0131n akl\u0131ndan ziyade varl\u0131\u011f\u0131n\u0131n derinliklerini hareket ge\u00e7irmeyi ba\u015faran m\u00fczi\u011fin tarih boyunca ilerleyi\u015fi b\u00fcy\u00fcleyicidir. M\u00fczi\u011fin t\u0131n\u0131lar\u0131 ,dinleyen \u00fczerinde ger\u00e7eklik duygusundan uzakla\u015f\u0131p farkl\u0131 bir boyuta ge\u00e7me alg\u0131s\u0131 yaratabilir. Bu nedenle \u00fcst\u00fcn bir sanatt\u0131r; \u00fcst\u00fcn oldu\u011fu \u00f6l\u00e7\u00fcde vazge\u00e7ilmezdir. Her daim ve her platformda ihtiya\u00e7 duyulmu\u015ftur. \u0130nsan\u0131n ilk varolu\u015funun ve insanlar\u0131n aras\u0131nda tabakalar\u0131n olu\u015fmaya ba\u015flad\u0131\u011f\u0131, devlet olgusunun kristalize oldu\u011fu hemen fark edilir. \u00dcstelik toplumun en alt katmanlar\u0131ndan tutun da en \u00fcst noktaya kadar herkes i\u00e7in m\u00fczik ya\u015fam\u0131n vazge\u00e7ilmezidir. Kimisi danslar\u0131yla, ad\u0131mlar\u0131yla, kimisi komutlar\u0131yla, kimisi hayk\u0131r\u0131\u015flar\u0131yla, kimisi de susu\u015fuyla, dinleyi\u015fiyle e\u015flik eder m\u00fczi\u011fe\u2026<\/p>\n","protected":false},"excerpt":{"rendered":"<p>Schopenhauer, sanatlar\u0131n zirvesine, en y\u00fcksek sanat oldu\u011funu s\u00f6yledi\u011fi m\u00fczi\u011fi yerle\u015ftirmi\u015ftir. \u0130nsan\u0131n akl\u0131ndan ziyade varl\u0131\u011f\u0131n\u0131n derinliklerini hareket ge\u00e7irmeyi ba\u015faran m\u00fczi\u011fin tarih boyunca ilerleyi\u015fi b\u00fcy\u00fcleyicidir. M\u00fczi\u011fin t\u0131n\u0131lar\u0131 ,dinleyen<span class=\"excerpt-hellip\"> [\u2026]<\/span><\/p>\n","protected":false},"featured_media":0,"template":"","meta":{"_monsterinsights_skip_tracking":false,"_monsterinsights_sitenote_active":false,"_monsterinsights_sitenote_note":"","_monsterinsights_sitenote_category":0},"product_brand":[],"product_cat":[52477,52478],"product_tag":[],"class_list":{"0":"post-724633","1":"product","2":"type-product","3":"status-publish","5":"product_cat-arastirma","6":"product_cat-arkeoloji","7":"pa_cilt-ciltsiz","8":"pa_tur-kitap","9":"pa_yayinevi-bilgin-kultur-sanat","10":"pa_yazar-gulguney-masalci-sahin","12":"first","13":"instock","14":"sale","15":"shipping-taxable","16":"purchasable","17":"product-type-simple"},"_links":{"self":[{"href":"https:\/\/roveyayinevi.com.tr\/index.php\/wp-json\/wp\/v2\/product\/724633","targetHints":{"allow":["GET"]}}],"collection":[{"href":"https:\/\/roveyayinevi.com.tr\/index.php\/wp-json\/wp\/v2\/product"}],"about":[{"href":"https:\/\/roveyayinevi.com.tr\/index.php\/wp-json\/wp\/v2\/types\/product"}],"wp:attachment":[{"href":"https:\/\/roveyayinevi.com.tr\/index.php\/wp-json\/wp\/v2\/media?parent=724633"}],"wp:term":[{"taxonomy":"product_brand","embeddable":true,"href":"https:\/\/roveyayinevi.com.tr\/index.php\/wp-json\/wp\/v2\/product_brand?post=724633"},{"taxonomy":"product_cat","embeddable":true,"href":"https:\/\/roveyayinevi.com.tr\/index.php\/wp-json\/wp\/v2\/product_cat?post=724633"},{"taxonomy":"product_tag","embeddable":true,"href":"https:\/\/roveyayinevi.com.tr\/index.php\/wp-json\/wp\/v2\/product_tag?post=724633"}],"curies":[{"name":"wp","href":"https:\/\/api.w.org\/{rel}","templated":true}]}}