{"id":724628,"date":"2025-08-27T19:37:09","date_gmt":"2025-08-27T16:37:09","guid":{"rendered":"https:\/\/roveyayinevi.com.tr\/index.php\/urun\/babam-ahmed-midhat-efendi\/"},"modified":"2026-04-03T02:39:13","modified_gmt":"2026-04-02T23:39:13","slug":"babam-ahmed-midhat-efendi","status":"publish","type":"product","link":"https:\/\/roveyayinevi.com.tr\/index.php\/urun\/babam-ahmed-midhat-efendi\/","title":{"rendered":"Babam Ahmed Midhat Efendi"},"content":{"rendered":"<p>\u201cAhmed Midhat\u2019\u0131n herkes\u00e7e malum olan taraflar\u0131n\u0131 \u00f6zet ge\u00e7erek yaln\u0131z merhumun hususi hayat\u0131n\u0131, ailesine kar\u015f\u0131 muhabbet ve muamelesini, dostlar\u0131n\u0131, ahbaplar\u0131n\u0131, inan\u00e7lar\u0131n\u0131, meraklar\u0131n\u0131, e\u011flencelerini, vatana kar\u015f\u0131 hizmetlerini, \u00f6zellikle Sultan Hamid\u2019le olan m\u00fcnasebetini, \u00f6l\u00fcm \u015feklini burada yazaca\u011f\u0131m.\u201d T\u00fcrk edebiyat\u0131n\u0131n en \u00f6nemli kilometre ta\u015flar\u0131ndan Ahmed Midhat Efendi\u2019nin b\u00fcy\u00fck o\u011flu K\u00e2mil Yazg\u0131\u00e7, 1940 y\u0131l\u0131nda Tan gazetesinde babas\u0131na dair an\u0131lar\u0131\/tan\u0131kl\u0131klar\u0131 kaleme al\u0131r. Tefrika sona erdikten sonra ayn\u0131 y\u0131l kitap haline gelen hat\u0131ralar Ahmed Midhat Efendi   \u0336Hayat\u0131 ve Hat\u0131ralar\u0131  \u0336  ismiyle yay\u0131mlan\u0131r. Aradan ge\u00e7en zamanda Ahmed Midhat Efendi\u2019nin \u00f6nemi her ge\u00e7en g\u00fcn daha iyi anla\u015f\u0131l\u0131rken K\u00e2mil Yazg\u0131\u00e7\u2019\u0131n eseri yeniden yay\u0131mlanaca\u011f\u0131 zaman\u0131 bekleyecektir\u2026 \u0130smail Alper Kumsar\u2019\u0131n detayl\u0131 ara\u015ft\u0131rmalar\u0131 ve titiz \u00e7al\u0131\u015fmas\u0131 sonucunda ortaya \u00e7\u0131kan elinizdeki kitap, K\u00e2mil Yazg\u0131\u00e7\u2019\u0131n \u00f6nemli tefrikas\u0131na ilaveten daha sonra Vakit gazetesinde yay\u0131mlanan on bir yaz\u0131 ve kendisiyle yap\u0131lan bir s\u00f6yle\u015finin eklenmesinden olu\u015fuyor. Babam Ahmed Midhat Efendi, edebiyattan tarihe, ilahiyattan felsefeye birbirinden farkl\u0131 pek \u00e7ok alanda onlarca eser veren \u201ch\u00e2ce-i evvel\u201d Ahmed Midhat Efendi\u2019nin hayat\u0131na ve \u00e7evresine ili\u015fkin birinci elden \u00f6l\u00fcms\u00fcz bir tan\u0131kl\u0131k. <\/p>\n","protected":false},"excerpt":{"rendered":"<p>\u201cAhmed Midhat\u2019\u0131n herkes\u00e7e malum olan taraflar\u0131n\u0131 \u00f6zet ge\u00e7erek yaln\u0131z merhumun hususi hayat\u0131n\u0131, ailesine kar\u015f\u0131 muhabbet ve muamelesini, dostlar\u0131n\u0131, ahbaplar\u0131n\u0131, inan\u00e7lar\u0131n\u0131, meraklar\u0131n\u0131, e\u011flencelerini, vatana kar\u015f\u0131 hizmetlerini, \u00f6zellikle<span class=\"excerpt-hellip\"> [\u2026]<\/span><\/p>\n","protected":false},"featured_media":0,"template":"","meta":{"_monsterinsights_skip_tracking":false,"_monsterinsights_sitenote_active":false,"_monsterinsights_sitenote_note":"","_monsterinsights_sitenote_category":0},"product_brand":[],"product_cat":[14009,12291],"product_tag":[],"class_list":{"0":"post-724628","1":"product","2":"type-product","3":"status-publish","5":"product_cat-biyografi-otobiyografi-edebiyat","6":"product_cat-edebiyat","7":"pa_cilt-ciltsiz","8":"pa_tur-kitap","9":"pa_yayinevi-kirmizi-kedi-yayinevi","10":"pa_yazar-kamil-yazgic","12":"first","13":"instock","14":"sale","15":"shipping-taxable","16":"purchasable","17":"product-type-simple"},"_links":{"self":[{"href":"https:\/\/roveyayinevi.com.tr\/index.php\/wp-json\/wp\/v2\/product\/724628","targetHints":{"allow":["GET"]}}],"collection":[{"href":"https:\/\/roveyayinevi.com.tr\/index.php\/wp-json\/wp\/v2\/product"}],"about":[{"href":"https:\/\/roveyayinevi.com.tr\/index.php\/wp-json\/wp\/v2\/types\/product"}],"wp:attachment":[{"href":"https:\/\/roveyayinevi.com.tr\/index.php\/wp-json\/wp\/v2\/media?parent=724628"}],"wp:term":[{"taxonomy":"product_brand","embeddable":true,"href":"https:\/\/roveyayinevi.com.tr\/index.php\/wp-json\/wp\/v2\/product_brand?post=724628"},{"taxonomy":"product_cat","embeddable":true,"href":"https:\/\/roveyayinevi.com.tr\/index.php\/wp-json\/wp\/v2\/product_cat?post=724628"},{"taxonomy":"product_tag","embeddable":true,"href":"https:\/\/roveyayinevi.com.tr\/index.php\/wp-json\/wp\/v2\/product_tag?post=724628"}],"curies":[{"name":"wp","href":"https:\/\/api.w.org\/{rel}","templated":true}]}}