{"id":724614,"date":"2025-08-27T19:36:59","date_gmt":"2025-08-27T16:36:59","guid":{"rendered":"https:\/\/roveyayinevi.com.tr\/index.php\/urun\/karari-ben-veririm\/"},"modified":"2026-04-16T02:32:25","modified_gmt":"2026-04-15T23:32:25","slug":"karari-ben-veririm","status":"publish","type":"product","link":"https:\/\/roveyayinevi.com.tr\/index.php\/urun\/karari-ben-veririm\/","title":{"rendered":"Karar\u0131 Ben Veririm"},"content":{"rendered":"<p>Her yeni ili\u015fki temiz bir defterdir. Ya\u015fad\u0131k\u00e7a yepyeni bir hik\u00e2yenin yaz\u0131l\u0131yor oldu\u011funu bile d\u00fc\u015f\u00fcn\u00fcrs\u00fcn\u00fcz. Ancak sonra bir de bakars\u0131n\u0131z ki defter asl\u0131nda bo\u015f de\u011fil&#8230; \u00c7ocukluk an\u0131lar\u0131, travmalar, eski ili\u015fkilerin yaralar\u0131, paternler, inan\u00e7lar, kal\u0131plar, al\u0131\u015fkanl\u0131klar, tak\u0131nt\u0131lar, korkular, endi\u015feler, beklentiler, kompleksler ve daha neler neler&#8230; \u0130\u015fte tam da bu noktada kar\u0131\u015f\u0131r i\u015fler. \u00c7\u00fcnk\u00fc art\u0131k ili\u015fki sizden emek ister. \u00dcstelik de en \u00e7ok kendinize emek veriyor olman\u0131z\u0131 ister. Hi\u00e7bir ili\u015fki, ak\u0131nt\u0131ya kap\u0131l\u0131p gitmek de\u011fildir, k\u00fcrekleri g\u00fcvenle elde tutmaya devam etmektir. Ne isteyip ne istemedi\u011finizin karar\u0131n\u0131 kendiniz veremedi\u011finiz s\u00fcrece ya\u015fanan \u015fey bir s\u00fcr\u00fcncemeden fazlas\u0131 say\u0131lmaz. Unutmay\u0131n ki kimse sizi mutsuz edemez, ancak siz buna izin verirsiniz. O halde mutsuzluktan yak\u0131nmay\u0131 b\u0131rak\u0131n. Hayat\u0131n\u0131zda neyin olmas\u0131na, neyin olmamas\u0131na sebep oldu\u011funuz ger\u00e7e\u011fine uyan\u0131n. \u0130li\u015fkisini y\u00f6neten, hayat\u0131n\u0131 da y\u00f6netir ku\u015fkusuz. Ancak bunun i\u00e7in kim oldu\u011funuzla y\u00fczle\u015fmelisinizdir \u00f6nce&#8230; Nas\u0131l m\u0131? <\/p>\n","protected":false},"excerpt":{"rendered":"<p>Her yeni ili\u015fki temiz bir defterdir. Ya\u015fad\u0131k\u00e7a yepyeni bir hik\u00e2yenin yaz\u0131l\u0131yor oldu\u011funu bile d\u00fc\u015f\u00fcn\u00fcrs\u00fcn\u00fcz. Ancak sonra bir de bakars\u0131n\u0131z ki defter asl\u0131nda bo\u015f de\u011fil&#8230; \u00c7ocukluk an\u0131lar\u0131,<span class=\"excerpt-hellip\"> [\u2026]<\/span><\/p>\n","protected":false},"featured_media":0,"template":"","meta":{"_monsterinsights_skip_tracking":false,"_monsterinsights_sitenote_active":false,"_monsterinsights_sitenote_note":"","_monsterinsights_sitenote_category":0},"product_brand":[],"product_cat":[12755,12357],"product_tag":[],"class_list":{"0":"post-724614","1":"product","2":"type-product","3":"status-publish","5":"product_cat-gelisim-psikolojisi","6":"product_cat-psikoloji","7":"pa_cilt-ciltsiz","8":"pa_tur-kitap","9":"pa_yayinevi-destek-yayinlari","10":"pa_yazar-esra-ezmeci","12":"first","13":"instock","14":"sale","15":"shipping-taxable","16":"purchasable","17":"product-type-simple"},"_links":{"self":[{"href":"https:\/\/roveyayinevi.com.tr\/index.php\/wp-json\/wp\/v2\/product\/724614","targetHints":{"allow":["GET"]}}],"collection":[{"href":"https:\/\/roveyayinevi.com.tr\/index.php\/wp-json\/wp\/v2\/product"}],"about":[{"href":"https:\/\/roveyayinevi.com.tr\/index.php\/wp-json\/wp\/v2\/types\/product"}],"wp:attachment":[{"href":"https:\/\/roveyayinevi.com.tr\/index.php\/wp-json\/wp\/v2\/media?parent=724614"}],"wp:term":[{"taxonomy":"product_brand","embeddable":true,"href":"https:\/\/roveyayinevi.com.tr\/index.php\/wp-json\/wp\/v2\/product_brand?post=724614"},{"taxonomy":"product_cat","embeddable":true,"href":"https:\/\/roveyayinevi.com.tr\/index.php\/wp-json\/wp\/v2\/product_cat?post=724614"},{"taxonomy":"product_tag","embeddable":true,"href":"https:\/\/roveyayinevi.com.tr\/index.php\/wp-json\/wp\/v2\/product_tag?post=724614"}],"curies":[{"name":"wp","href":"https:\/\/api.w.org\/{rel}","templated":true}]}}