{"id":724610,"date":"2025-08-27T19:36:56","date_gmt":"2025-08-27T16:36:56","guid":{"rendered":"https:\/\/roveyayinevi.com.tr\/index.php\/urun\/betamax-video-2\/"},"modified":"2026-04-16T02:32:25","modified_gmt":"2026-04-15T23:32:25","slug":"betamax-video-2","status":"publish","type":"product","link":"https:\/\/roveyayinevi.com.tr\/index.php\/urun\/betamax-video-2\/","title":{"rendered":"Betamax Video 2"},"content":{"rendered":"<p>DVD ve Netflix yokken betamax video vard\u0131! Turgut \u00d6zalp video kaset d\u00f6neminden bu g\u00fcne, tarihe damga vuran k\u00fclt filmleri \u00e7izgileriyle anlatmaya devam ediyor. *** \u201cTurgut inan\u0131lmaz yetenekli bir sanat\u00e7\u0131 ve \u00e7izimlerinde resmedilmekten onur duyuyorum. Onunla birlikte ba\u015fka \u00e7al\u0131\u015fmalar da yapmaktan, \u00e7izimleriyle bulundu\u011fu katk\u0131lar i\u00e7in de onur duyuyorum. Turgut yaln\u0131zca harika bir sanat\u00e7\u0131 de\u011fil, ayn\u0131 zamanda alt\u0131n kalpli ve yetenekli ger\u00e7ek bir arkada\u015f.\u201dLOREN AVEDON &#8211; No Retreat No Surrender 3: Blood Brothers (1990) \u201cBu kitapta yer almaktan onur duyuyorum. Hayran\u0131m ve \u00e7ok yetenekli bir sanat\u00e7\u0131 taraf\u0131ndan yap\u0131lan bu g\u00fczel sanat eserlerini takdir ediyorum. \u00c7ok sevdim!\u201d MERETE VAN KAMP &#8211; Mission Kill (1986) \u201cFilmlerdeki d\u00f6v\u00fc\u015f sanatlar\u0131n\u0131 ve o efsaneleri sunan, harikulade ill\u00fcstrasyonlarla dolu inan\u0131lmaz bir kitap. Bizim neslimizin en \u00f6nemli ve etkili aksiyon starlar\u0131 \u00e7ok ger\u00e7ek\u00e7i tasar\u0131mlarla tasvir edilmi\u015f. Bu kitapta yer alan Bloodsport filmi Karma d\u00f6v\u00fc\u015f sanatlar\u0131 (MMA) devrimini ba\u015flatm\u0131\u015ft\u0131. Ben de filmde muaythai \u015fampiyonu Paco karakterini canland\u0131rm\u0131\u015f ve inan\u0131lmaz d\u00f6v\u00fc\u015f sahneleriyle Thai boksunu d\u00fcnya \u00e7ap\u0131nda milyonlarca hayrana tan\u0131tma f\u0131rsat\u0131 bulmu\u015ftum. Bu \u00f6nemli sanat eseri i\u00e7in te\u015fekk\u00fcr ederim Turgut.\u201d PAULO TOCHA &#8211; Bloodsport (1988) \u201cY\u0131llard\u0131r Turgut\u2019un sanat\u0131n\u0131n hayran\u0131 ve takip\u00e7isiyim. \u00c7al\u0131\u015fmalar\u0131na dahil olmak kariyerimde \u00f6nemli bir nokta oldu.\u201d DONA SPEIR &#8211; Picasso Trigger (1987) \u201cTurgut eserlerinde yarat\u0131c\u0131l\u0131\u011f\u0131, aksiyonu ve hareketlili\u011fi yakalam\u0131\u015f. Stil ve canl\u0131l\u0131\u011f\u0131n g\u00fczel bir kombinasyonudur bu tam olarak!\u201d MELANIE GOOD &#8211; Psycho Cop Returns (1993) <\/p>\n","protected":false},"excerpt":{"rendered":"<p>DVD ve Netflix yokken betamax video vard\u0131! Turgut \u00d6zalp video kaset d\u00f6neminden bu g\u00fcne, tarihe damga vuran k\u00fclt filmleri \u00e7izgileriyle anlatmaya devam ediyor. *** \u201cTurgut inan\u0131lmaz<span class=\"excerpt-hellip\"> [\u2026]<\/span><\/p>\n","protected":false},"featured_media":0,"template":"","meta":{"_monsterinsights_skip_tracking":false,"_monsterinsights_sitenote_active":false,"_monsterinsights_sitenote_note":"","_monsterinsights_sitenote_category":0},"product_brand":[],"product_cat":[12416,12291],"product_tag":[],"class_list":{"0":"post-724610","1":"product","2":"type-product","3":"status-publish","5":"product_cat-cizgi-roman","6":"product_cat-edebiyat","7":"pa_cilt-ciltsiz","8":"pa_tur-kitap","9":"pa_yayinevi-kara-karga-yayinlari","10":"pa_yazar-turgut-ozalp","12":"first","13":"instock","14":"sale","15":"shipping-taxable","16":"purchasable","17":"product-type-simple"},"_links":{"self":[{"href":"https:\/\/roveyayinevi.com.tr\/index.php\/wp-json\/wp\/v2\/product\/724610","targetHints":{"allow":["GET"]}}],"collection":[{"href":"https:\/\/roveyayinevi.com.tr\/index.php\/wp-json\/wp\/v2\/product"}],"about":[{"href":"https:\/\/roveyayinevi.com.tr\/index.php\/wp-json\/wp\/v2\/types\/product"}],"wp:attachment":[{"href":"https:\/\/roveyayinevi.com.tr\/index.php\/wp-json\/wp\/v2\/media?parent=724610"}],"wp:term":[{"taxonomy":"product_brand","embeddable":true,"href":"https:\/\/roveyayinevi.com.tr\/index.php\/wp-json\/wp\/v2\/product_brand?post=724610"},{"taxonomy":"product_cat","embeddable":true,"href":"https:\/\/roveyayinevi.com.tr\/index.php\/wp-json\/wp\/v2\/product_cat?post=724610"},{"taxonomy":"product_tag","embeddable":true,"href":"https:\/\/roveyayinevi.com.tr\/index.php\/wp-json\/wp\/v2\/product_tag?post=724610"}],"curies":[{"name":"wp","href":"https:\/\/api.w.org\/{rel}","templated":true}]}}