{"id":724596,"date":"2025-08-27T19:36:44","date_gmt":"2025-08-27T16:36:44","guid":{"rendered":"https:\/\/roveyayinevi.com.tr\/index.php\/urun\/bebekten-katile-erkeklik\/"},"modified":"2026-04-16T02:32:25","modified_gmt":"2026-04-15T23:32:25","slug":"bebekten-katile-erkeklik","status":"publish","type":"product","link":"https:\/\/roveyayinevi.com.tr\/index.php\/urun\/bebekten-katile-erkeklik\/","title":{"rendered":"Bebekten Katile Erkeklik"},"content":{"rendered":"<p>Kad\u0131na y\u00f6nelik \u015fiddet uygulayan erkeklerin, ya\u015famlar\u0131 boyunca bu y\u00f6nde nas\u0131l yo\u011frulduklar\u0131n\u0131 ve o kaskat\u0131 erkeklik ceketini giymeye \u00e7abalarken nas\u0131l yorulduklar\u0131n\u0131 anlamak i\u00e7in yola \u00e7\u0131kmak&#8230; Erke\u011fe atfedilen g\u00fc\u00e7 ve ya\u015fanan g\u00fc\u00e7s\u00fczl\u00fck \u00e7eli\u015fkisinin, \u015fiddetle patlak veri\u015finin haritas\u0131n\u0131 \u00e7izme&#8230; Bunu bir kad\u0131n akademisyen olarak ara\u015ft\u0131rmak, yeni ke\u015fiflere zorlayan bir s\u00fcre\u00e7! \u015eiddetle ku\u015fat\u0131lan erke\u011fin, \u00e7ocukluktan yeti\u015fkinli\u011fe evde, okulda, i\u015fte, yatak odas\u0131nda, askerde ve cezaevinde verdi\u011fi erkeklik s\u0131nav\u0131, kendini var eden kad\u0131n\u0131 yaralayarak, yok ederek ge\u00e7meye \u00e7al\u0131\u015fmas\u0131n\u0131 \u00e7\u00f6z\u00fcmledim, tabi ki feminizmin \u0131\u015f\u0131\u011f\u0131nda. Kad\u0131n cinayetlerinin \u00fc\u00e7\u00fcnc\u00fc sayfa haberlerinden man\u015fetlere ta\u015f\u0131nd\u0131\u011f\u0131, \u015fiddetin t\u00fcm bi\u00e7imlerinin s\u0131radanla\u015farak ya\u015famlar\u0131m\u0131za s\u0131zd\u0131\u011f\u0131 g\u00fcnlerin, ayn\u0131 zamanda hem kad\u0131nlar hem de erkekler i\u00e7in bar\u0131\u015f\u00e7\u0131l ve \u00f6zg\u00fcr bir ya\u015fam\u0131n tohumlar\u0131n\u0131 da ye\u015fertebilece\u011fi umuduyla kitaba d\u00f6n\u00fc\u015fen bir \u00e7al\u0131\u015fma bu. \u00d6fke uyand\u0131ran \u015fiddetin kaynaklar\u0131n\u0131 anlama \u00e7abas\u0131n\u0131n, insan\u0131 daha olgun ve sakin k\u0131lan yolculu\u011funun sonunda ba\u015flad\u0131\u011f\u0131mdan farkl\u0131 bir yerdeydim art\u0131k&#8230; \u00c7o\u011falmak istedim. Okurla birlikte ve ayd\u0131nl\u0131k bir gelece\u011fe do\u011fru&#8230; <\/p>\n","protected":false},"excerpt":{"rendered":"<p>Kad\u0131na y\u00f6nelik \u015fiddet uygulayan erkeklerin, ya\u015famlar\u0131 boyunca bu y\u00f6nde nas\u0131l yo\u011frulduklar\u0131n\u0131 ve o kaskat\u0131 erkeklik ceketini giymeye \u00e7abalarken nas\u0131l yorulduklar\u0131n\u0131 anlamak i\u00e7in yola \u00e7\u0131kmak&#8230; Erke\u011fe atfedilen<span class=\"excerpt-hellip\"> [\u2026]<\/span><\/p>\n","protected":false},"featured_media":0,"template":"","meta":{"_monsterinsights_skip_tracking":false,"_monsterinsights_sitenote_active":false,"_monsterinsights_sitenote_note":"","_monsterinsights_sitenote_category":0},"product_brand":[],"product_cat":[12325,12324],"product_tag":[],"class_list":{"0":"post-724596","1":"product","2":"type-product","3":"status-publish","5":"product_cat-diger-sosyoloji","6":"product_cat-sosyoloji","7":"pa_cilt-ciltsiz","8":"pa_tur-kitap","9":"pa_yayinevi-nika-yayinevi","10":"pa_yazar-aslihan-burcu-ozturk","12":"first","13":"instock","14":"sale","15":"shipping-taxable","16":"purchasable","17":"product-type-simple"},"_links":{"self":[{"href":"https:\/\/roveyayinevi.com.tr\/index.php\/wp-json\/wp\/v2\/product\/724596","targetHints":{"allow":["GET"]}}],"collection":[{"href":"https:\/\/roveyayinevi.com.tr\/index.php\/wp-json\/wp\/v2\/product"}],"about":[{"href":"https:\/\/roveyayinevi.com.tr\/index.php\/wp-json\/wp\/v2\/types\/product"}],"wp:attachment":[{"href":"https:\/\/roveyayinevi.com.tr\/index.php\/wp-json\/wp\/v2\/media?parent=724596"}],"wp:term":[{"taxonomy":"product_brand","embeddable":true,"href":"https:\/\/roveyayinevi.com.tr\/index.php\/wp-json\/wp\/v2\/product_brand?post=724596"},{"taxonomy":"product_cat","embeddable":true,"href":"https:\/\/roveyayinevi.com.tr\/index.php\/wp-json\/wp\/v2\/product_cat?post=724596"},{"taxonomy":"product_tag","embeddable":true,"href":"https:\/\/roveyayinevi.com.tr\/index.php\/wp-json\/wp\/v2\/product_tag?post=724596"}],"curies":[{"name":"wp","href":"https:\/\/api.w.org\/{rel}","templated":true}]}}