{"id":724595,"date":"2025-08-27T19:36:43","date_gmt":"2025-08-27T16:36:43","guid":{"rendered":"https:\/\/roveyayinevi.com.tr\/index.php\/urun\/yeryuzunun-zamani\/"},"modified":"2025-11-21T06:04:58","modified_gmt":"2025-11-21T03:04:58","slug":"yeryuzunun-zamani","status":"publish","type":"product","link":"https:\/\/roveyayinevi.com.tr\/index.php\/urun\/yeryuzunun-zamani\/","title":{"rendered":"Yery\u00fcz\u00fcn\u00fcn Zaman\u0131"},"content":{"rendered":"<p>Ya\u015fad\u0131\u011f\u0131m\u0131z gezegeni ne kadar tan\u0131yoruz? \u00c7o\u011fumuz D\u00fcnya\u2019n\u0131n milyarlarca y\u0131ll\u0131k bir ge\u00e7mi\u015fe sahip oldu\u011funu biliyoruz, ama yery\u00fcz\u00fcndeki jeolojik olaylar\u0131n muazzam zaman \u00f6l\u00e7eklerini kavramakta pek ba\u015far\u0131l\u0131 de\u011filiz. Jeolog Marcia Bjornerud i\u015fte bu eksikli\u011fi doldurmay\u0131 hedefliyor. Bjornerud\u2019a g\u00f6re, i\u00e7inde bulundu\u011fumuz \u00e7evre krizinin en \u00f6nemli nedenlerinden biri, D\u00fcnya ile ili\u015fkimizde geni\u015f kapsaml\u0131 bir zaman bilincine sahip olmamam\u0131z ve \u015fimdi-odakl\u0131 bir bak\u0131\u015f a\u00e7\u0131s\u0131na saplan\u0131p kalmam\u0131z.\u201cBir t\u00fcr olarak D\u00fcnya\u2019da kendimizin ortaya \u00e7\u0131kt\u0131\u011f\u0131 zaman\u0131n \u00f6ncesine kar\u015f\u0131 \u00e7ocuksu bir ilgisizlik ve inanmazl\u0131k sergiliyoruz. Kahramanlar\u0131 insan olmayan hik\u00e2yelere burun k\u0131v\u0131ran pek \u00e7ok ki\u015fi do\u011fa tarihine ald\u0131rm\u0131yor. Dolay\u0131s\u0131yla duygular\u0131m\u0131zda ayars\u0131z oldu\u011fumuz kadar \u2018zamans\u0131z\u0131z\u2019, zaman cahiliyiz. Deneyimsiz ama a\u015f\u0131r\u0131 \u00f6zg\u00fcvenli s\u00fcr\u00fcc\u00fcler gibi, do\u011fal alanlara ve ekosistemlere, onlar\u0131n yerle\u015fik trafik kurallar\u0131ndan habersiz gazlay\u0131p giriyoruz, sonra da do\u011fa yasalar\u0131na ald\u0131r\u0131\u015f etmedi\u011fimiz i\u00e7in kesilen cezalar\u0131 \u015fa\u015fk\u0131nl\u0131k ve \u00f6fkeyle kar\u015f\u0131l\u0131yoruz.\u201dAma tam gaz ilerledi\u011fimiz bu yoldan d\u00f6nmek i\u00e7in h\u00e2l\u00e2 \u00e7ok ge\u00e7 de\u011fil, diyor Bjornerud. Yery\u00fcz\u00fcn\u00fc tan\u0131yarak, onun ritimlerini \u00f6\u011frenerek, kaynaklar\u0131n\u0131n ne kadar uzun zaman aral\u0131klar\u0131nda olu\u015ftu\u011funu anlayarak, ge\u00e7mi\u015fte ya\u015fanan \u00e7evre felaketleri ve toplu yok olu\u015flar hakk\u0131nda bilgi edinerek, k\u0131sacas\u0131 d\u00fcnyam\u0131za bir jeolo\u011fun g\u00f6zleriyle bakarak gelece\u011fi kurtarabiliriz.2019 y\u0131l\u0131nda Amerikan Yay\u0131nc\u0131lar Birli\u011fi\u2019nin PROSE \u00d6d\u00fcl\u00fc\u2019ne lay\u0131k g\u00f6r\u00fclen bu kitab\u0131, yery\u00fcz\u00fcn\u00fcn halen devam eden g\u00f6rkemli hik\u00e2yesine ilgi duyan t\u00fcm okurlar\u0131m\u0131za tavsiye ediyoruz.<\/p>\n","protected":false},"excerpt":{"rendered":"<p>Ya\u015fad\u0131\u011f\u0131m\u0131z gezegeni ne kadar tan\u0131yoruz? \u00c7o\u011fumuz D\u00fcnya\u2019n\u0131n milyarlarca y\u0131ll\u0131k bir ge\u00e7mi\u015fe sahip oldu\u011funu biliyoruz, ama yery\u00fcz\u00fcndeki jeolojik olaylar\u0131n muazzam zaman \u00f6l\u00e7eklerini kavramakta pek ba\u015far\u0131l\u0131 de\u011filiz. Jeolog<span class=\"excerpt-hellip\"> [\u2026]<\/span><\/p>\n","protected":false},"featured_media":0,"template":"","meta":{"_monsterinsights_skip_tracking":false,"_monsterinsights_sitenote_active":false,"_monsterinsights_sitenote_note":"","_monsterinsights_sitenote_category":0},"product_brand":[],"product_cat":[13005,13006],"product_tag":[],"class_list":{"0":"post-724595","1":"product","2":"type-product","3":"status-publish","5":"product_cat-bilim-muhendislik","6":"product_cat-populer-bilim","7":"pa_cilt-ciltsiz","8":"pa_tur-kitap","9":"pa_yayinevi-metis-yayinlari","10":"pa_yazar-marcia-bjornerud","12":"first","13":"instock","14":"sale","15":"shipping-taxable","16":"purchasable","17":"product-type-simple"},"_links":{"self":[{"href":"https:\/\/roveyayinevi.com.tr\/index.php\/wp-json\/wp\/v2\/product\/724595","targetHints":{"allow":["GET"]}}],"collection":[{"href":"https:\/\/roveyayinevi.com.tr\/index.php\/wp-json\/wp\/v2\/product"}],"about":[{"href":"https:\/\/roveyayinevi.com.tr\/index.php\/wp-json\/wp\/v2\/types\/product"}],"wp:attachment":[{"href":"https:\/\/roveyayinevi.com.tr\/index.php\/wp-json\/wp\/v2\/media?parent=724595"}],"wp:term":[{"taxonomy":"product_brand","embeddable":true,"href":"https:\/\/roveyayinevi.com.tr\/index.php\/wp-json\/wp\/v2\/product_brand?post=724595"},{"taxonomy":"product_cat","embeddable":true,"href":"https:\/\/roveyayinevi.com.tr\/index.php\/wp-json\/wp\/v2\/product_cat?post=724595"},{"taxonomy":"product_tag","embeddable":true,"href":"https:\/\/roveyayinevi.com.tr\/index.php\/wp-json\/wp\/v2\/product_tag?post=724595"}],"curies":[{"name":"wp","href":"https:\/\/api.w.org\/{rel}","templated":true}]}}