{"id":724557,"date":"2025-08-27T19:36:16","date_gmt":"2025-08-27T16:36:16","guid":{"rendered":"https:\/\/roveyayinevi.com.tr\/index.php\/urun\/iscilerin-hazirani\/"},"modified":"2026-04-16T02:32:24","modified_gmt":"2026-04-15T23:32:24","slug":"iscilerin-hazirani","status":"publish","type":"product","link":"https:\/\/roveyayinevi.com.tr\/index.php\/urun\/iscilerin-hazirani\/","title":{"rendered":"\u0130\u015f\u00e7ilerin Haziran\u0131"},"content":{"rendered":"<p>Bu \u00e7al\u0131\u015fma, T\u00fcrkiye\u2019nin toplumsal ve siyasal tarihinde \u00f6zel bir yer tutan, 15-16 Haziran direni\u015fini, \u00f6ncesi ve sonras\u0131yla kapsaml\u0131 bir \u015fekilde ele al\u0131yor. Kitap do\u011frudan eylemde yer alan tan\u0131klarla \u00e7o\u011funlu\u011fu birincil kaynaklardan olu\u015fan devasa belgelerin \u0131\u015f\u0131\u011f\u0131nda haz\u0131rland\u0131. Kitapta eylemi ortaya \u00e7\u0131karan fakt\u00f6rler, olgunla\u015fma ve karar s\u00fcre\u00e7leri, \u00f6rg\u00fctlenme dinamikleri, eylemlere kat\u0131lan i\u015f\u00e7ilerin yakla\u015f\u0131mlar\u0131, ya\u015fad\u0131klar\u0131 sorunlar, eylemin yaratt\u0131\u011f\u0131 etki ve sonu\u00e7lar ayr\u0131nt\u0131l\u0131 bir bi\u00e7imde inceleniyor. 15-16 Haziran \u00fczerine yap\u0131lm\u0131\u015f bu kapsaml\u0131 \u00e7al\u0131\u015fma, \u00f6n\u00fcm\u00fcze koydu\u011fu b\u00fct\u00fcnsel foto\u011frafla \u00f6nemli bir kaynak olma \u00f6zelli\u011fi ta\u015f\u0131yor. Kitap, 15-16 Haziran \u00fczerine yeni tart\u0131\u015fmalar, yeni bak\u0131\u015f a\u00e7\u0131lar\u0131, yeni ara\u015ft\u0131rmalar i\u00e7in de \u00f6nemli bir zemin sunuyor. \u0130\u015f\u00e7ilerin Haziran\u0131 tarihsel bir \u00f6rnek \u00fczerinden, bug\u00fcn sendikal harekette ve toplumsal siyasette cevab\u0131 aranan \u00e7e\u015fitli sorular i\u00e7in de temel bir referans niteli\u011finde&#8230;   <\/p>\n","protected":false},"excerpt":{"rendered":"<p>Bu \u00e7al\u0131\u015fma, T\u00fcrkiye\u2019nin toplumsal ve siyasal tarihinde \u00f6zel bir yer tutan, 15-16 Haziran direni\u015fini, \u00f6ncesi ve sonras\u0131yla kapsaml\u0131 bir \u015fekilde ele al\u0131yor. Kitap do\u011frudan eylemde yer<span class=\"excerpt-hellip\"> [\u2026]<\/span><\/p>\n","protected":false},"featured_media":0,"template":"","meta":{"_monsterinsights_skip_tracking":false,"_monsterinsights_sitenote_active":false,"_monsterinsights_sitenote_note":"","_monsterinsights_sitenote_category":0},"product_brand":[],"product_cat":[12337,14543],"product_tag":[],"class_list":{"0":"post-724557","1":"product","2":"type-product","3":"status-publish","5":"product_cat-politika-siyaset","6":"product_cat-turkiye-siyaseti-ve-politikasi","7":"pa_cilt-ciltsiz","8":"pa_tur-kitap","9":"pa_yayinevi-ayrinti-yayinlari","10":"pa_yazar-zafer-aydin","12":"first","13":"instock","14":"sale","15":"shipping-taxable","16":"purchasable","17":"product-type-simple"},"_links":{"self":[{"href":"https:\/\/roveyayinevi.com.tr\/index.php\/wp-json\/wp\/v2\/product\/724557","targetHints":{"allow":["GET"]}}],"collection":[{"href":"https:\/\/roveyayinevi.com.tr\/index.php\/wp-json\/wp\/v2\/product"}],"about":[{"href":"https:\/\/roveyayinevi.com.tr\/index.php\/wp-json\/wp\/v2\/types\/product"}],"wp:attachment":[{"href":"https:\/\/roveyayinevi.com.tr\/index.php\/wp-json\/wp\/v2\/media?parent=724557"}],"wp:term":[{"taxonomy":"product_brand","embeddable":true,"href":"https:\/\/roveyayinevi.com.tr\/index.php\/wp-json\/wp\/v2\/product_brand?post=724557"},{"taxonomy":"product_cat","embeddable":true,"href":"https:\/\/roveyayinevi.com.tr\/index.php\/wp-json\/wp\/v2\/product_cat?post=724557"},{"taxonomy":"product_tag","embeddable":true,"href":"https:\/\/roveyayinevi.com.tr\/index.php\/wp-json\/wp\/v2\/product_tag?post=724557"}],"curies":[{"name":"wp","href":"https:\/\/api.w.org\/{rel}","templated":true}]}}