{"id":724555,"date":"2025-08-27T19:36:14","date_gmt":"2025-08-27T16:36:14","guid":{"rendered":"https:\/\/roveyayinevi.com.tr\/index.php\/urun\/peki-ama-kim-bu-marie-curie\/"},"modified":"2026-04-16T02:32:24","modified_gmt":"2026-04-15T23:32:24","slug":"peki-ama-kim-bu-marie-curie","status":"publish","type":"product","link":"https:\/\/roveyayinevi.com.tr\/index.php\/urun\/peki-ama-kim-bu-marie-curie\/","title":{"rendered":"Peki Ama Kim Bu Marie Curie?"},"content":{"rendered":"<p>Gu\u0308\u00e7lu\u0308klerle kar\u015f\u0131la\u015f\u0131nca asla y\u0131lmad\u0131 ve kendi yetene\u011fine gu\u0308vendi. Haks\u0131zl\u0131klara kar\u015f\u0131 mu\u0308cadele etti. Bulu\u015flar\u0131 du\u0308nyay\u0131 de\u011fi\u015ftirdi. Elde edilmesi imk\u00e2ns\u0131z gibi g\u00f6ru\u0308nen \u00f6du\u0308ller kazand\u0131.   Peki ama kim bu Marie Curie? <\/p>\n","protected":false},"excerpt":{"rendered":"<p>Gu\u0308\u00e7lu\u0308klerle kar\u015f\u0131la\u015f\u0131nca asla y\u0131lmad\u0131 ve kendi yetene\u011fine gu\u0308vendi. Haks\u0131zl\u0131klara kar\u015f\u0131 mu\u0308cadele etti. Bulu\u015flar\u0131 du\u0308nyay\u0131 de\u011fi\u015ftirdi. Elde edilmesi imk\u00e2ns\u0131z gibi g\u00f6ru\u0308nen \u00f6du\u0308ller kazand\u0131. Peki ama kim bu<span class=\"excerpt-hellip\"> [\u2026]<\/span><\/p>\n","protected":false},"featured_media":0,"template":"","meta":{"_monsterinsights_skip_tracking":false,"_monsterinsights_sitenote_active":false,"_monsterinsights_sitenote_note":"","_monsterinsights_sitenote_category":0},"product_brand":[],"product_cat":[12274,15842],"product_tag":[],"class_list":{"0":"post-724555","1":"product","2":"type-product","3":"status-publish","5":"product_cat-cocuk-ve-genclik-kitaplari","6":"product_cat-egitici-kitaplar","7":"pa_cilt-ciltsiz","8":"pa_tur-kitap","9":"pa_yayinevi-dinozor-cocuk","10":"pa_yazar-giulia-calandra-buonaura","12":"first","13":"instock","14":"sale","15":"shipping-taxable","16":"purchasable","17":"product-type-simple"},"_links":{"self":[{"href":"https:\/\/roveyayinevi.com.tr\/index.php\/wp-json\/wp\/v2\/product\/724555","targetHints":{"allow":["GET"]}}],"collection":[{"href":"https:\/\/roveyayinevi.com.tr\/index.php\/wp-json\/wp\/v2\/product"}],"about":[{"href":"https:\/\/roveyayinevi.com.tr\/index.php\/wp-json\/wp\/v2\/types\/product"}],"wp:attachment":[{"href":"https:\/\/roveyayinevi.com.tr\/index.php\/wp-json\/wp\/v2\/media?parent=724555"}],"wp:term":[{"taxonomy":"product_brand","embeddable":true,"href":"https:\/\/roveyayinevi.com.tr\/index.php\/wp-json\/wp\/v2\/product_brand?post=724555"},{"taxonomy":"product_cat","embeddable":true,"href":"https:\/\/roveyayinevi.com.tr\/index.php\/wp-json\/wp\/v2\/product_cat?post=724555"},{"taxonomy":"product_tag","embeddable":true,"href":"https:\/\/roveyayinevi.com.tr\/index.php\/wp-json\/wp\/v2\/product_tag?post=724555"}],"curies":[{"name":"wp","href":"https:\/\/api.w.org\/{rel}","templated":true}]}}