{"id":724549,"date":"2025-08-27T19:36:10","date_gmt":"2025-08-27T16:36:10","guid":{"rendered":"https:\/\/roveyayinevi.com.tr\/index.php\/urun\/sogut-turk-edebiyati-dergisi-sayi-03-mayis-haziran-2020\/"},"modified":"2026-04-16T02:32:24","modified_gmt":"2026-04-15T23:32:24","slug":"sogut-turk-edebiyati-dergisi-sayi-03-mayis-haziran-2020","status":"publish","type":"product","link":"https:\/\/roveyayinevi.com.tr\/index.php\/urun\/sogut-turk-edebiyati-dergisi-sayi-03-mayis-haziran-2020\/","title":{"rendered":"S\u00f6\u011f\u00fct &#8211; T\u00fcrk Edebiyat\u0131 Dergisi Say\u0131 03 \/ May\u0131s &#8211; Haziran 2020"},"content":{"rendered":"<p>Dosya\u201cAts\u0131z, Cumhuriyet D\u00f6nemi Roman\u0131n\u0131n En \u00d6nemli \u0130simlerinden Biridir\u201d R\u00f6portaj: Prof. Dr. Ahmet Bican Ercilasun \/ G\u00f6kt\u00fcrk \u00d6mer \u00c7ak\u0131r Ay\u015fe Erdo\u011fanAts\u0131z\u2019\u0131n Edit\u00f6r\u00fc Olmak \/ G\u00f6kt\u00fcrk \u00d6mer \u00c7ak\u0131rBozkurtlar Kimin \u0130\u00e7in Yaz\u0131lm\u0131\u015ft\u0131? Tenkidin Tenkidi Ve Fahi\u015f Bir Ele\u015ftiri Hatas\u0131 \u00dczerine \/ O\u011fuzhan Murat \u00d6zt\u00fcrkBozkurtlar\u2019\u0131n Zihin Haritas\u0131 \/ Hayati TekSonuna Kadar \u0130dealist Bir T\u00fcrk\u00e7\u00fcn\u00fcn, Nihal Ats\u0131z\u2019\u0131n Romanlar\u0131 \/ Erol \u00dcyepazarc\u0131Her Devirde Bir Yaln\u0131z Yahut Ruh Adam \/ Cengizhan Orak\u00e7\u0131Her \u00c7a\u011f\u0131n Masal\u0131 Ats\u0131z\u2019\u0131n Benze\u015ftirme Tekni\u011fiyle Yazd\u0131\u011f\u0131 \u00d6yk\u00fcs\u00fc \/ Metin Sava\u015fG\u00fcnt\u00fcl\u00fc \u0130le Bir Ak\u015fam  \/ K\u00fcbra Pehlivan Deneme\u00c7\u00f6lde Homongoloslar Ya Da E\u015fe\u011fe Ters Binmek \u00dczerine \/ S\u00fcleyman \u00c7obano\u011fluKay\u0131p Mevsim D\u00fc\u015fleri  \/ Tekin \u015eenerG\u00f6nl\u00fcmden \/ Mehmet Ali KalkanSen Kiminle Dans Etti\u011fini Biliyor Musun Alighieri Efendi! \/ Murat KaymazSesleni\u015f \/ Rabia Karanfil\u00c7\u00f6k\u00fc\u015f \/ S\u00fcheyla A\u011fanOkumak \u00dcst\u00fcne \/ Ya\u015far \u00c7a\u011fbay\u0131r\u201cKitlesel Okur\u201d Ve \u201cBireysel Okur\u201d \/ Bilgin G\u00fcng\u00f6rBu \u015eiir Kimin? \/ Ali DuymazUfkun S\u0131n\u0131rlar\u0131 \/ Elif Sab\u0131rTeravih Salavat\u0131 \/ Berat DemirciKaranl\u0131kta \u0130\u00e7eriden Konu\u015fmalar I- Adalet \/ Zeynep Arpac\u0131 F\u0131lm Ele\u015ft\u0131r\u0131s\u0131Ya K\u00f6pekler De \u00d6\u00e7 Almak \u0130sterse \/ Mehmet Ayc\u0131Nostalj\u0131Ramazan Geceleri \/ Server BediIncelemeTanp\u0131nar\u2019\u0131n  Fikri Neydi? \/ Beg\u00fcm Hande \u00c7ayYaln\u0131z\u0131z \/ Zafer Sara\u00e7Mukadder Gemici\u2019nin Hat\u0131rl\u0131 Yara\u2019s\u0131 \/ Funda \u00d6zsoy E.Yedi Tepeli Babil\u2019in \u00d6l\u00fcm Kap\u0131s\u0131 \/ Emine Ta\u015f\u00d6l\u00fcm H\u00fckm\u00fc Ba\u011flam\u0131nda \u0130deolojik Ve \u0130\u00e7tima\u0131\u0302 Meseleler \/ R\u00fcveyda TemelG\u00f6\u00e7 Yollar\u0131  \/ Misli Baydo\u011fanEllerim Neden Siyah\u2019a Dair Birka\u00e7 S\u00f6z \/ Ersin BayramH\u0131k\u00e2yeG\u00fcle G\u00fcle Har Geliyor \/ Sinan TerziDara\u011fac\u0131  \/ Misli Baydo\u011fanK\u00fcndek\u00e2r\u0131\u0302  \/ Bahtiyar AslanKarantina Ya Da M\u00f6sy\u00f6 Rou\u0131llac \/ Maide \u00d6ztosunTufanda Kalan Koyun S\u00fcr\u00fcs\u00fc \/ Yusuf BolatBir G\u00fclsen Yeter  \/ Hasan ErimezHan\u00e7erler Ve Urganlar \/ Caner \u00c7aylak\u00dc\u00e7ka\u011f\u0131t  \/ Asuman G\u00fczelceG\u00f6z Ucu  \/ Numan Altu\u011f \u00d6ks\u00fczNerg\u00fcl Yenge  \/ Elif Arpac\u0131\u015e\u0131\u0131rDedim B\u00f6yle S\u0131z\u0131lar \/ Mehmet S. Fidanc\u0131Gece Kitab\u0131  \/ Bleda YamanAhit  \/ Halil \u0130lteri\u015f KutluDost Ate\u015fi  \/ M. Sadi KarademirMimiksiz Hayvanlar \u015eathiyyesi \/ Birdal Akar\u0130p Ucu  \/ Fatih Ak\u00e7aEylem  \/ Mehmet Ayc\u0131Yoku\u015f Yemi  \/ Mehmet \u015eamil\u015eimdi D\u00fcnya  \/ Cengizhan Orak\u00e7\u0131Y\u00fcz\u00fcm\u00fcz Hep Okyanus \/ Mustafa U\u00e7urumY\u0131kanmadan \u0130\u00e7ilemeyen Sular\u0131n Zaman\u0131na Do\u011fan K\u0131z\u0131ma Mektup \/ Fikri CumhurS\u0131n\u0131k Yara\u2019ya \u00d6rg\u00fc  \/ \u0130brahim Da\u015fSolgun  \/ Eray Sar\u0131\u00e7amZamane T\u00fcrk\u00fcs\u00fc  \/ Fatma AksuSiyah Kuyruk  \/ Hasan Yurto\u011flu<\/p>\n","protected":false},"excerpt":{"rendered":"<p>Dosya\u201cAts\u0131z, Cumhuriyet D\u00f6nemi Roman\u0131n\u0131n En \u00d6nemli \u0130simlerinden Biridir\u201d R\u00f6portaj: Prof. Dr. Ahmet Bican Ercilasun \/ G\u00f6kt\u00fcrk \u00d6mer \u00c7ak\u0131r Ay\u015fe Erdo\u011fanAts\u0131z\u2019\u0131n Edit\u00f6r\u00fc Olmak \/ G\u00f6kt\u00fcrk \u00d6mer \u00c7ak\u0131rBozkurtlar<span class=\"excerpt-hellip\"> [\u2026]<\/span><\/p>\n","protected":false},"featured_media":0,"template":"","meta":{"_monsterinsights_skip_tracking":false,"_monsterinsights_sitenote_active":false,"_monsterinsights_sitenote_note":"","_monsterinsights_sitenote_category":0},"product_brand":[],"product_cat":[13527],"product_tag":[],"class_list":{"0":"post-724549","1":"product","2":"type-product","3":"status-publish","5":"product_cat-sureli-yayinlar","6":"pa_cilt-ciltsiz","7":"pa_tur-dergi","8":"pa_yayinevi-otuken-nesriyat","9":"pa_yazar-kolektif","11":"first","12":"instock","13":"sale","14":"shipping-taxable","15":"purchasable","16":"product-type-simple"},"_links":{"self":[{"href":"https:\/\/roveyayinevi.com.tr\/index.php\/wp-json\/wp\/v2\/product\/724549","targetHints":{"allow":["GET"]}}],"collection":[{"href":"https:\/\/roveyayinevi.com.tr\/index.php\/wp-json\/wp\/v2\/product"}],"about":[{"href":"https:\/\/roveyayinevi.com.tr\/index.php\/wp-json\/wp\/v2\/types\/product"}],"wp:attachment":[{"href":"https:\/\/roveyayinevi.com.tr\/index.php\/wp-json\/wp\/v2\/media?parent=724549"}],"wp:term":[{"taxonomy":"product_brand","embeddable":true,"href":"https:\/\/roveyayinevi.com.tr\/index.php\/wp-json\/wp\/v2\/product_brand?post=724549"},{"taxonomy":"product_cat","embeddable":true,"href":"https:\/\/roveyayinevi.com.tr\/index.php\/wp-json\/wp\/v2\/product_cat?post=724549"},{"taxonomy":"product_tag","embeddable":true,"href":"https:\/\/roveyayinevi.com.tr\/index.php\/wp-json\/wp\/v2\/product_tag?post=724549"}],"curies":[{"name":"wp","href":"https:\/\/api.w.org\/{rel}","templated":true}]}}

Söğüt &#8211; Türk Edebiyatı Dergisi Sayı 03 / Mayıs &#8211; Haziran 2020

<p>Dosya“Atsız, Cumhuriyet Dönemi Romanının En Önemli İsimlerinden Biridir” Röportaj: Prof. Dr. Ahmet Bican Ercilasun / Göktürk Ömer Çakır Ayşe ErdoğanAtsız’ın Editörü Olmak / Göktürk Ömer ÇakırBozkurtlar Kimin İçin Yazılmıştı? Tenkidin Tenkidi Ve Fahiş Bir Eleştiri Hatası Üzerine / Oğuzhan Murat ÖztürkBozkurtlar’ın Zihin Haritası / Hayati TekSonuna Kadar İdealist Bir Türkçünün, Nihal Atsız’ın Romanları / Erol ÜyepazarcıHer Devirde Bir Yalnız Yahut Ruh Adam / Cengizhan OrakçıHer Çağın Masalı Atsız’ın Benzeştirme Tekniğiyle Yazdığı Öyküsü / Metin SavaşGüntülü İle Bir Akşam  / Kübra Pehlivan DenemeÇölde Homongoloslar Ya Da Eşeğe Ters Binmek Üzerine / Süleyman ÇobanoğluKayıp Mevsim Düşleri  / Tekin ŞenerGönlümden / Mehmet Ali KalkanSen Kiminle Dans Ettiğini Biliyor Musun Alighieri Efendi! / Murat KaymazSesleniş / Rabia KaranfilÇöküş / Süheyla AğanOkumak Üstüne / Yaşar Çağbayır“Kitlesel Okur” Ve “Bireysel Okur” / Bilgin GüngörBu Şiir Kimin? / Ali DuymazUfkun Sınırları / Elif SabırTeravih Salavatı / Berat DemirciKaranlıkta İçeriden Konuşmalar I- Adalet / Zeynep Arpacı Fılm EleştırısıYa Köpekler De Öç Almak İsterse / Mehmet AycıNostaljıRamazan Geceleri / Server BediIncelemeTanpınar’ın  Fikri Neydi? / Begüm Hande ÇayYalnızız / Zafer SaraçMukadder Gemici’nin Hatırlı Yara’sı / Funda Özsoy E.Yedi Tepeli Babil’in Ölüm Kapısı / Emine TaşÖlüm Hükmü Bağlamında İdeolojik Ve İçtimaı̂ Meseleler / Rüveyda TemelGöç Yolları  / Misli BaydoğanEllerim Neden Siyah’a Dair Birkaç Söz / Ersin BayramHıkâyeGüle Güle Har Geliyor / Sinan TerziDarağacı  / Misli BaydoğanKündekârı̂  / Bahtiyar AslanKarantina Ya Da Mösyö Rouıllac / Maide ÖztosunTufanda Kalan Koyun Sürüsü / Yusuf BolatBir Gülsen Yeter  / Hasan ErimezHançerler Ve Urganlar / Caner ÇaylakÜçkağıt  / Asuman GüzelceGöz Ucu  / Numan Altuğ ÖksüzNergül Yenge  / Elif ArpacıŞıırDedim Böyle Sızılar / Mehmet S. FidancıGece Kitabı  / Bleda YamanAhit  / Halil İlteriş KutluDost Ateşi  / M. Sadi KarademirMimiksiz Hayvanlar Şathiyyesi / Birdal Akarİp Ucu  / Fatih AkçaEylem  / Mehmet AycıYokuş Yemi  / Mehmet ŞamilŞimdi Dünya  / Cengizhan OrakçıYüzümüz Hep Okyanus / Mustafa UçurumYıkanmadan İçilemeyen Suların Zamanına Doğan Kızıma Mektup / Fikri CumhurSınık Yara’ya Örgü  / İbrahim DaşSolgun  / Eray SarıçamZamane Türküsü  / Fatma AksuSiyah Kuyruk  / Hasan Yurtoğlu</p>

<p>Dosya“Atsız, Cumhuriyet Dönemi Romanının En Önemli İsimlerinden Biridir” Röportaj: Prof. Dr. Ahmet Bican Ercilasun / Göktürk Ömer Çakır Ayşe ErdoğanAtsız’ın Editörü Olmak / Göktürk Ömer ÇakırBozkurtlar<span class="excerpt-hellip"> […]</span></p>
