{"id":724538,"date":"2025-08-27T19:36:02","date_gmt":"2025-08-27T16:36:02","guid":{"rendered":"https:\/\/roveyayinevi.com.tr\/index.php\/urun\/turk-tarihinin-caglari\/"},"modified":"2026-04-16T02:32:24","modified_gmt":"2026-04-15T23:32:24","slug":"turk-tarihinin-caglari","status":"publish","type":"product","link":"https:\/\/roveyayinevi.com.tr\/index.php\/urun\/turk-tarihinin-caglari\/","title":{"rendered":"T\u00fcrk Tarihinin \u00c7a\u011flar\u0131"},"content":{"rendered":"<p>\u201cTarih yazmak i\u00e7in bilmek laz\u0131m zannedersiniz. Do\u011fru zannedersiniz. Fakat bilgi, tarih\u00e7i olmaya yetmez. \u0130nternet ya\u015fayan b\u00fct\u00fcn tarih\u00e7ilerden daha bilgilidir. Bir bilgisayar diski, hatta bir fla\u015f disk bile \u00f6yledir. Tarih\u00e7i olmak i\u00e7in k\u00fclt\u00fcr gerekir, sezgi gerekir. Bunlars\u0131z tarih\u00e7i olunmaz. Belki tarih teknisyeni olunur. Rahmetli Y\u0131lmaz \u00d6ztuna bir defas\u0131nda bunun ad\u0131n\u0131 da koymu\u015ftu: \u201cBenim ekol\u00fcm int\u00fcitif ekold\u00fcr,\u201d dedi\u011fini hat\u0131rl\u0131yorum. Sezgiye dayanan. Sezgiye dayanan dediyse, havariler gibi gaipten sezgi al\u0131p yazan de\u011fil tabii. Tarih\u00e7i temelde belgeye dayan\u0131r ve baz\u0131lar\u0131 sadece belgeye dayan\u0131r. \u00d6ztuna \u00f6yleydi. Arkeolojiye, linguisti\u011fe ve sosyolojiye ihtiyatla yakla\u015f\u0131rd\u0131. Peki sezgi? Sezgi belgelerin sentezinde, yorumunda \u00f6ne \u00e7\u0131kar. (\u2026) Konuralp Ercilasun&#8217;da o ya\u015fay\u0131\u015f\u0131, o sezgiyi g\u00f6rd\u00fcm. Bu bir tarih kitab\u0131 ama asl\u0131nda bir tarih felsefesi ve metodolojisi kitab\u0131. (\u2026) Bir d\u00f6nem bilinip yaz\u0131labilir. Fakat binlerce y\u0131l\u0131 bilmek\u2026 Yetmez. Duymak, hissetmek\u2026 Sonra da bunlar\u0131n tamam\u0131n\u0131 bir arada g\u00f6rebilmek! \u00c7a\u011flar\u0131 ancak \u00f6yle yazabilirsiniz. Ne demek istedi\u011fimi tam anlamak i\u00e7in okumaya devam etmelisiniz.\u201d \u0130skender \u00d6ks\u00fcz Tarihin belli zaman aral\u0131klar\u0131na tasnif edilmesi, Bat\u0131 tarih\u00e7ili\u011finin gitgide uzmanla\u015fmaya varacak e\u011filimlerinin \u00fcr\u00fcn\u00fc olarak ortaya \u00e7\u0131km\u0131\u015ft\u0131r. Ayr\u0131ca bu konuda, modern tarih e\u011fitiminin meseleleri kavrama ve kolayla\u015ft\u0131rmaya d\u00f6n\u00fck e\u011fitim odakl\u0131 \u00e7abalar\u0131n\u0131n katk\u0131s\u0131 da g\u00f6z ard\u0131 edilemez. T\u00fcrk tarih\u00e7ili\u011fi de bir bilim olarak \u015fekillenmeye ba\u015flad\u0131\u011f\u0131 andan itibaren bu meseleye el atm\u0131\u015f, T\u00fcrk tarihini belli d\u00f6nemler i\u00e7erisinde ele almak, tarih yaz\u0131c\u0131l\u0131\u011f\u0131m\u0131z\u0131n en erken konu ba\u015fl\u0131klar\u0131ndan biri olarak \u015fekillenmeye ba\u015flam\u0131\u015ft\u0131r. Bununla birlikte bu konuda bug\u00fcn bile bir mutabakata var\u0131ld\u0131\u011f\u0131 s\u00f6ylenemez. Konuralp Ercilasun, Ats\u0131z\u2019dan Zeki Velidi\u2019ye, \u0130brahim Kafeso\u011flu\u2019ndan \u00e7a\u011fda\u015f tarih\u00e7ili\u011fimize uzanan s\u00fcre\u00e7te bir yordam olu\u015fturucu bu \u00f6nemli ba\u015fl\u0131k \u00fczerine yapt\u0131\u011f\u0131 \u00e7al\u0131\u015fmalar\u0131 anlaml\u0131 bir b\u00fct\u00fcn h\u00e2linde bir araya getirdi. B\u00f6ylece yaln\u0131z konunun uzmanlar\u0131n\u0131 de\u011fil, entelekt\u00fcel ilgisi bu alana y\u00f6nelmi\u015f okuru da duru ve ak\u0131c\u0131 bir dille T\u00fcrk tarihinin tayin edici noktalar\u0131, siyasi, co\u011frafi, demografik merkezleri ve b\u00fct\u00fcnc\u00fcl bir tarih anlay\u0131\u015f\u0131n\u0131n rehberli\u011finde ayd\u0131nlatan T\u00fcrk Tarihinin \u00c7a\u011flar\u0131 ortaya \u00e7\u0131kt\u0131. Tarihimizi kavrama konusunda objektif \u00f6l\u00e7\u00fcler i\u00e7erisinde be\u015f ana ba\u015fl\u0131\u011f\u0131n tespit edildi\u011fi \u00e7al\u0131\u015fma, \u015f\u00fcphesiz bu alanda bir el kitab\u0131 ihtiyac\u0131n\u0131 da kar\u015f\u0131layacakt\u0131r.<\/p>\n","protected":false},"excerpt":{"rendered":"<p>\u201cTarih yazmak i\u00e7in bilmek laz\u0131m zannedersiniz. Do\u011fru zannedersiniz. Fakat bilgi, tarih\u00e7i olmaya yetmez. \u0130nternet ya\u015fayan b\u00fct\u00fcn tarih\u00e7ilerden daha bilgilidir. Bir bilgisayar diski, hatta bir fla\u015f disk<span class=\"excerpt-hellip\"> [\u2026]<\/span><\/p>\n","protected":false},"featured_media":0,"template":"","meta":{"_monsterinsights_skip_tracking":false,"_monsterinsights_sitenote_active":false,"_monsterinsights_sitenote_note":"","_monsterinsights_sitenote_category":0},"product_brand":[],"product_cat":[12304,13650],"product_tag":[],"class_list":{"0":"post-724538","1":"product","2":"type-product","3":"status-publish","5":"product_cat-tarih","6":"product_cat-turk-tarihi-arastirmalari","7":"pa_cilt-ciltsiz","8":"pa_tur-kitap","9":"pa_yayinevi-otuken-nesriyat","10":"pa_yazar-konuralp-ercilasun","12":"first","13":"instock","14":"sale","15":"shipping-taxable","16":"purchasable","17":"product-type-simple"},"_links":{"self":[{"href":"https:\/\/roveyayinevi.com.tr\/index.php\/wp-json\/wp\/v2\/product\/724538","targetHints":{"allow":["GET"]}}],"collection":[{"href":"https:\/\/roveyayinevi.com.tr\/index.php\/wp-json\/wp\/v2\/product"}],"about":[{"href":"https:\/\/roveyayinevi.com.tr\/index.php\/wp-json\/wp\/v2\/types\/product"}],"wp:attachment":[{"href":"https:\/\/roveyayinevi.com.tr\/index.php\/wp-json\/wp\/v2\/media?parent=724538"}],"wp:term":[{"taxonomy":"product_brand","embeddable":true,"href":"https:\/\/roveyayinevi.com.tr\/index.php\/wp-json\/wp\/v2\/product_brand?post=724538"},{"taxonomy":"product_cat","embeddable":true,"href":"https:\/\/roveyayinevi.com.tr\/index.php\/wp-json\/wp\/v2\/product_cat?post=724538"},{"taxonomy":"product_tag","embeddable":true,"href":"https:\/\/roveyayinevi.com.tr\/index.php\/wp-json\/wp\/v2\/product_tag?post=724538"}],"curies":[{"name":"wp","href":"https:\/\/api.w.org\/{rel}","templated":true}]}}