{"id":724515,"date":"2025-08-27T19:35:43","date_gmt":"2025-08-27T16:35:43","guid":{"rendered":"https:\/\/roveyayinevi.com.tr\/index.php\/urun\/kadin-oykuleri\/"},"modified":"2025-11-21T06:04:34","modified_gmt":"2025-11-21T03:04:34","slug":"kadin-oykuleri","status":"publish","type":"product","link":"https:\/\/roveyayinevi.com.tr\/index.php\/urun\/kadin-oykuleri\/","title":{"rendered":"Kad\u0131n \u00d6yk\u00fcleri"},"content":{"rendered":"<p>\u00c7ehov\u2019un kad\u0131n eksenli bu \u00f6yk\u00fcleri kad\u0131nlar\u0131 olanca karma\u015f\u0131kl\u0131\u011f\u0131yla anlat\u0131yor. Kad\u0131nlar\u0131n kendilerini bulabile-cekleri ve onlara hitap eden \u00f6yk\u00fcler bunlar. Kad\u0131nlar\u0131n \u201cerkek d\u00fcnyas\u0131na\u201d kat\u0131ld\u0131klar\u0131nda onlar gibi davranmakla ciddi hata yapt\u0131klar\u0131n\u0131, b\u00f6ylece \u201ckendi ger\u00e7ekliklerini\u201d g\u00f6remediklerini ve dolay\u0131s\u0131yla kad\u0131nl\u0131k durumunun yad-s\u0131nmas\u0131n\u0131n bedelini \u00f6demeye devam ettiklerini vurgulayan \u00f6yk\u00fcler\u2026 Oysa kad\u0131nlar erkeklerden farkl\u0131d\u0131r; ya\u015fama anlam katan \u015feylerse mizah, a\u015fk ve \u00e7al\u0131\u015fmad\u0131r \u00c7ehov\u2019a g\u00f6re.   \u00c7ehov\u2019un karakterleri tarih i\u00e7erisindeki belli bir zamanda, belli bir yerde ya\u015fayan insanlar olsa da sorunlar\u0131n kayna\u011f\u0131 ve soru hep ayn\u0131: Kad\u0131n bir yads\u0131ma, ikiy\u00fczl\u00fcl\u00fck, bast\u0131r\u0131-lan gizilg\u00fc\u00e7ler, duyars\u0131zl\u0131k, sefalet ortam\u0131nda varoluyorsa \u015fayet, ayakta kalabilmesi m\u00fcmk\u00fcn m\u00fc? \u00c7ehov\u2019un sordu\u011fu sorudur bu. <\/p>\n","protected":false},"excerpt":{"rendered":"<p>\u00c7ehov\u2019un kad\u0131n eksenli bu \u00f6yk\u00fcleri kad\u0131nlar\u0131 olanca karma\u015f\u0131kl\u0131\u011f\u0131yla anlat\u0131yor. Kad\u0131nlar\u0131n kendilerini bulabile-cekleri ve onlara hitap eden \u00f6yk\u00fcler bunlar. Kad\u0131nlar\u0131n \u201cerkek d\u00fcnyas\u0131na\u201d kat\u0131ld\u0131klar\u0131nda onlar gibi davranmakla ciddi<span class=\"excerpt-hellip\"> [\u2026]<\/span><\/p>\n","protected":false},"featured_media":0,"template":"","meta":{"_monsterinsights_skip_tracking":false,"_monsterinsights_sitenote_active":false,"_monsterinsights_sitenote_note":"","_monsterinsights_sitenote_category":0},"product_brand":[],"product_cat":[12291,12711],"product_tag":[],"class_list":{"0":"post-724515","1":"product","2":"type-product","3":"status-publish","5":"product_cat-edebiyat","6":"product_cat-roman-oyku","7":"pa_cilt-ciltsiz","8":"pa_tur-kitap","9":"pa_yayinevi-dipnot-yayinlari","10":"pa_yazar-anton-cehov","12":"first","13":"instock","14":"sale","15":"shipping-taxable","16":"purchasable","17":"product-type-simple"},"_links":{"self":[{"href":"https:\/\/roveyayinevi.com.tr\/index.php\/wp-json\/wp\/v2\/product\/724515","targetHints":{"allow":["GET"]}}],"collection":[{"href":"https:\/\/roveyayinevi.com.tr\/index.php\/wp-json\/wp\/v2\/product"}],"about":[{"href":"https:\/\/roveyayinevi.com.tr\/index.php\/wp-json\/wp\/v2\/types\/product"}],"wp:attachment":[{"href":"https:\/\/roveyayinevi.com.tr\/index.php\/wp-json\/wp\/v2\/media?parent=724515"}],"wp:term":[{"taxonomy":"product_brand","embeddable":true,"href":"https:\/\/roveyayinevi.com.tr\/index.php\/wp-json\/wp\/v2\/product_brand?post=724515"},{"taxonomy":"product_cat","embeddable":true,"href":"https:\/\/roveyayinevi.com.tr\/index.php\/wp-json\/wp\/v2\/product_cat?post=724515"},{"taxonomy":"product_tag","embeddable":true,"href":"https:\/\/roveyayinevi.com.tr\/index.php\/wp-json\/wp\/v2\/product_tag?post=724515"}],"curies":[{"name":"wp","href":"https:\/\/api.w.org\/{rel}","templated":true}]}}