{"id":724494,"date":"2025-08-27T19:35:24","date_gmt":"2025-08-27T16:35:24","guid":{"rendered":"https:\/\/roveyayinevi.com.tr\/index.php\/urun\/kuresel-siyaset\/"},"modified":"2026-04-16T02:32:22","modified_gmt":"2026-04-15T23:32:22","slug":"kuresel-siyaset","status":"publish","type":"product","link":"https:\/\/roveyayinevi.com.tr\/index.php\/urun\/kuresel-siyaset\/","title":{"rendered":"K\u00fcresel Siyaset"},"content":{"rendered":"<p>K\u00fcresel Siyaset, \u00e7a\u011fda\u015f uluslararas\u0131 ili\u015fkiler teorisi ve prati\u011fine sistematik ve b\u00fct\u00fcnl\u00fckl\u00fc yakla\u015fan bir giri\u015f kitab\u0131d\u0131r. M\u00fckemmel bir berrakl\u0131kla yaz\u0131lm\u0131\u015f ve fevkalade geni\u015f bir perspektiften yararlanan kitab\u0131n her bir b\u00f6l\u00fcm\u00fc \u00f6\u011frenmeyi destekleyecek ve \u00e7al\u0131\u015fmaya yard\u0131mc\u0131 olacak bir\u00e7ok yenilik\u00e7i \u00f6zellik i\u00e7ermektedir. K\u00fcresel siyasetteki fiil\u00ee durumlara odaklanan uygulamadaki k\u00fcresel politika kutular\u0131, d\u00fcnya meselelerindeki ba\u015fl\u0131ca olaylar\u0131 ayd\u0131nlatmak i\u00e7in man\u015fetlerin ard\u0131na bakmaktad\u0131r.K\u00fcresel Akt\u00f6r kutular\u0131, Google\u2019dan G-20\u2019ye kadar, d\u00fcnya sahnesindeki kilit oyuncular\u0131n do\u011fas\u0131 ve \u00f6nemine yo\u011funla\u015fmaktad\u0131r.Farkl\u0131 teorik yakla\u015f\u0131mlar ve merkez\u00ee tart\u0131\u015fma konular\u0131 hakk\u0131ndaki \u00f6zetler, ele\u015ftirel d\u00fc\u015f\u00fcnmeyi te\u015fvik etmektedir.Etkili teorisyenlerin biyografi ve foto\u011fraflar\u0131, meseleleri, fikirler kadar \u015fekillendiren ki\u015fileri de tan\u0131tmaktad\u0131r. Andrew Heywood, d\u00fcnya genelinde y\u00fcz binlerce \u00f6\u011frenci taraf\u0131ndan kullan\u0131lan Siyaset,  Siyas\u00ee \u0130deolojiler ve Siyasetin ve Uluslararas\u0131 \u0130li\u015fkilerin Temel Kavramlar\u0131 gibi \u00e7ok-satan kitaplar\u0131n da yazar\u0131d\u0131r.<\/p>\n","protected":false},"excerpt":{"rendered":"<p>K\u00fcresel Siyaset, \u00e7a\u011fda\u015f uluslararas\u0131 ili\u015fkiler teorisi ve prati\u011fine sistematik ve b\u00fct\u00fcnl\u00fckl\u00fc yakla\u015fan bir giri\u015f kitab\u0131d\u0131r. M\u00fckemmel bir berrakl\u0131kla yaz\u0131lm\u0131\u015f ve fevkalade geni\u015f bir perspektiften yararlanan kitab\u0131n<span class=\"excerpt-hellip\"> [\u2026]<\/span><\/p>\n","protected":false},"featured_media":0,"template":"","meta":{"_monsterinsights_skip_tracking":false,"_monsterinsights_sitenote_active":false,"_monsterinsights_sitenote_note":"","_monsterinsights_sitenote_category":0},"product_brand":[],"product_cat":[12337,17225],"product_tag":[],"class_list":{"0":"post-724494","1":"product","2":"type-product","3":"status-publish","5":"product_cat-politika-siyaset","6":"product_cat-uluslararasi-iliskiler","7":"pa_cilt-ciltsiz","8":"pa_tur-kitap","9":"pa_yayinevi-felix-kitap","10":"pa_yazar-andrew-heywood","12":"first","13":"instock","14":"sale","15":"shipping-taxable","16":"purchasable","17":"product-type-simple"},"_links":{"self":[{"href":"https:\/\/roveyayinevi.com.tr\/index.php\/wp-json\/wp\/v2\/product\/724494","targetHints":{"allow":["GET"]}}],"collection":[{"href":"https:\/\/roveyayinevi.com.tr\/index.php\/wp-json\/wp\/v2\/product"}],"about":[{"href":"https:\/\/roveyayinevi.com.tr\/index.php\/wp-json\/wp\/v2\/types\/product"}],"wp:attachment":[{"href":"https:\/\/roveyayinevi.com.tr\/index.php\/wp-json\/wp\/v2\/media?parent=724494"}],"wp:term":[{"taxonomy":"product_brand","embeddable":true,"href":"https:\/\/roveyayinevi.com.tr\/index.php\/wp-json\/wp\/v2\/product_brand?post=724494"},{"taxonomy":"product_cat","embeddable":true,"href":"https:\/\/roveyayinevi.com.tr\/index.php\/wp-json\/wp\/v2\/product_cat?post=724494"},{"taxonomy":"product_tag","embeddable":true,"href":"https:\/\/roveyayinevi.com.tr\/index.php\/wp-json\/wp\/v2\/product_tag?post=724494"}],"curies":[{"name":"wp","href":"https:\/\/api.w.org\/{rel}","templated":true}]}}