{"id":724493,"date":"2025-08-27T19:35:23","date_gmt":"2025-08-27T16:35:23","guid":{"rendered":"https:\/\/roveyayinevi.com.tr\/index.php\/urun\/beynin-gizemleri-cozulurken\/"},"modified":"2026-04-16T02:32:22","modified_gmt":"2026-04-15T23:32:22","slug":"beynin-gizemleri-cozulurken","status":"publish","type":"product","link":"https:\/\/roveyayinevi.com.tr\/index.php\/urun\/beynin-gizemleri-cozulurken\/","title":{"rendered":"Beynin Gizemleri \u00c7\u00f6z\u00fcl\u00fcrken"},"content":{"rendered":"<p>N\u00f6robilimdeki Son Geli\u015fmeler, Beyin Sa\u011fl\u0131\u011f\u0131 \u0130\u00e7in \u00d6neriler ve Uyar\u0131lar   \u0130nsan beyni halen en az bilinen organ. B\u0131rak\u0131n karma\u015f\u0131k i\u015flemleri, g\u00f6rmenin bile nas\u0131l ger\u00e7ekle\u015fti\u011fini halen tam olarak bilmiyoruz. Ama \u015funlar\u0131 da bilmiyoruz: \u00b7         Dijital cihazlar beynimize ne yap\u0131yor? \u00b7         Beyin h\u00fccrelerimizi neler \u00f6ld\u00fcr\u00fcyor? D\u00f6n\u00fc\u015f\u00fc var m\u0131? \u00b7         Uyku ve \u00f6\u011frenme aras\u0131nda nas\u0131l bir ili\u015fki var? \u00b7         En \u00e7ok \u00e7ocuklarda g\u00f6r\u00fclen dikkat eksikli\u011finde beyinde neler oluyor? \u00b7         Neden r\u00fcya g\u00f6r\u00fcr\u00fcz? R\u00fcyalar\u0131m\u0131z\u0131 kontrol edebilir miyiz? \u00b7         Hayal kurman\u0131n beynimize etkileri nelerdir? \u00b7         Neden yalan haberlere daha kolay inan\u0131r\u0131z? \u00b7         K\u00f6t\u00fc an\u0131lar\u0131 silebilmek m\u00fcmk\u00fcn m\u00fc? \u00b7         Beynimizi nas\u0131l gen\u00e7 tutaca\u011f\u0131z? \u00b7         Neden ya\u015fl\u0131lar gen\u00e7lerden daha mutlu? \u00b7         Beynimiz nas\u0131l gelece\u011fi \u00f6ng\u00f6rebiliyor? \u00b7         Bilen insan \u00e7ekinirken, neden bilmeyen insan cesurdur? \u00b7         Uykusuzluk karar mekanizmalar\u0131m\u0131z\u0131 nas\u0131l etkiliyor? \u00b7         Yapay zeka d\u00fc\u015f\u00fcncelerimizi nas\u0131l okuyabilecek? \u00b7         Alzheimer hastal\u0131\u011f\u0131 genetik mi? Nas\u0131l korunaca\u011f\u0131z? \u00b7         Yeni bir dil \u00f6\u011frenmek neden eri\u015fkinler i\u00e7in zordur?   Sorular da beynimizin gizemleri oran\u0131nda fazla. Bu kitapta N\u00f6rolog Dr. Sevda Sar\u0131kaya, beynin bilinmeyenleri ve bu alandaki \u00e7al\u0131\u015fmalardan elde edilen yeni bilgileri herkesin anlayabilece\u011fi bir dilde anlat\u0131yor. Ayr\u0131ca bir n\u00f6rolog olarak ayk\u0131r\u0131 beyinlerle bir dizi r\u00f6portaj ger\u00e7ekle\u015ftiriyor.   Uzman\u0131yla birlikte beynin k\u0131vr\u0131mlar\u0131 aras\u0131nda bir dizi yolculu\u011fa haz\u0131r m\u0131s\u0131n\u0131z? <\/p>\n","protected":false},"excerpt":{"rendered":"<p>N\u00f6robilimdeki Son Geli\u015fmeler, Beyin Sa\u011fl\u0131\u011f\u0131 \u0130\u00e7in \u00d6neriler ve Uyar\u0131lar \u0130nsan beyni halen en az bilinen organ. B\u0131rak\u0131n karma\u015f\u0131k i\u015flemleri, g\u00f6rmenin bile nas\u0131l ger\u00e7ekle\u015fti\u011fini halen tam olarak<span class=\"excerpt-hellip\"> [\u2026]<\/span><\/p>\n","protected":false},"featured_media":0,"template":"","meta":{"_monsterinsights_skip_tracking":false,"_monsterinsights_sitenote_active":false,"_monsterinsights_sitenote_note":"","_monsterinsights_sitenote_category":0},"product_brand":[],"product_cat":[13366,13365],"product_tag":[],"class_list":{"0":"post-724493","1":"product","2":"type-product","3":"status-publish","5":"product_cat-diger-saglik","6":"product_cat-saglik","7":"pa_cilt-ciltsiz","8":"pa_tur-kitap","9":"pa_yayinevi-hayykitap","10":"pa_yazar-sevda-sarikaya","12":"first","13":"instock","14":"sale","15":"shipping-taxable","16":"purchasable","17":"product-type-simple"},"_links":{"self":[{"href":"https:\/\/roveyayinevi.com.tr\/index.php\/wp-json\/wp\/v2\/product\/724493","targetHints":{"allow":["GET"]}}],"collection":[{"href":"https:\/\/roveyayinevi.com.tr\/index.php\/wp-json\/wp\/v2\/product"}],"about":[{"href":"https:\/\/roveyayinevi.com.tr\/index.php\/wp-json\/wp\/v2\/types\/product"}],"wp:attachment":[{"href":"https:\/\/roveyayinevi.com.tr\/index.php\/wp-json\/wp\/v2\/media?parent=724493"}],"wp:term":[{"taxonomy":"product_brand","embeddable":true,"href":"https:\/\/roveyayinevi.com.tr\/index.php\/wp-json\/wp\/v2\/product_brand?post=724493"},{"taxonomy":"product_cat","embeddable":true,"href":"https:\/\/roveyayinevi.com.tr\/index.php\/wp-json\/wp\/v2\/product_cat?post=724493"},{"taxonomy":"product_tag","embeddable":true,"href":"https:\/\/roveyayinevi.com.tr\/index.php\/wp-json\/wp\/v2\/product_tag?post=724493"}],"curies":[{"name":"wp","href":"https:\/\/api.w.org\/{rel}","templated":true}]}}